{"id":815879,"date":"2026-06-28T00:00:00","date_gmt":"2026-06-28T00:00:00","guid":{"rendered":"https:\/\/www.moensmeubelen.be\/product\/53192tau-fr_be\/"},"modified":"2026-06-28T22:56:10","modified_gmt":"2026-06-28T20:56:10","slug":"53192TAU-fr_BE","status":"publish","type":"product","link":"https:\/\/www.moensmeubelen.be\/fr\/produit\/53192TAU-fr_BE\/","title":{"rendered":"Floris figurine H13cm &#8211; Taupe"},"content":{"rendered":"<p>Ajoutez une touche d\\&#8217;art moderne \u00e0 votre int\u00e9rieur avec la sculpture Floris de <strong>COCO<\/strong>maison. Cet objet abstrait mesure 13 cm de haut et est de couleur taupe. Il est fabriqu\u00e9 en polyresin de haute qualit\u00e9 et pr\u00e9sente une apparence unique de pierre qui lui donne une allure naturelle et raffin\u00e9e. La sculpture Floris est con\u00e7ue comme un n\u0153ud, ce qui en fait un objet d\u00e9coratif \u00e9l\u00e9gant. Placez-la sur quelques livres d\u00e9coratifs ou dans une \u00e9tag\u00e8re ouverte et laissez votre int\u00e9rieur briller avec cette \u0153uvre d\\&#8217;art particuli\u00e8re. Que vous souhaitiez cr\u00e9er une ambiance moderne ou ajouter une touche subtile, la sculpture Floris de <strong>COCO<\/strong>maison est le choix parfait.<\/p>\n","protected":false},"excerpt":{"rendered":"<p>Floris figurine H13cm &#8211; Taupe<\/p>\n","protected":false},"featured_media":1007814,"comment_status":"open","ping_status":"open","template":"","meta":{"_relevanssi_hide_post":"","_relevanssi_hide_content":"","_relevanssi_pin_for_all":"","_relevanssi_pin_keywords":"","_relevanssi_unpin_keywords":"","_relevanssi_related_keywords":"","_relevanssi_related_include_ids":"","_relevanssi_related_exclude_ids":"","_relevanssi_related_no_append":"","_relevanssi_related_not_related":"","_relevanssi_related_posts":"","_relevanssi_noindex_reason":""},"product_brand":[],"product_cat":[24135],"product_tag":[],"class_list":["post-815879","product","type-product","status-publish","has-post-thumbnail","product_cat-Beeld_fr_BE","first","onbackorder","taxable","shipping-taxable","purchasable","product-type-simple"],"_links":{"self":[{"href":"https:\/\/www.moensmeubelen.be\/fr\/wp-json\/wp\/v2\/product\/815879","targetHints":{"allow":["GET"]}}],"collection":[{"href":"https:\/\/www.moensmeubelen.be\/fr\/wp-json\/wp\/v2\/product"}],"about":[{"href":"https:\/\/www.moensmeubelen.be\/fr\/wp-json\/wp\/v2\/types\/product"}],"replies":[{"embeddable":true,"href":"https:\/\/www.moensmeubelen.be\/fr\/wp-json\/wp\/v2\/comments?post=815879"}],"wp:featuredmedia":[{"embeddable":true,"href":"https:\/\/www.moensmeubelen.be\/fr\/wp-json\/wp\/v2\/media\/1007814"}],"wp:attachment":[{"href":"https:\/\/www.moensmeubelen.be\/fr\/wp-json\/wp\/v2\/media?parent=815879"}],"wp:term":[{"taxonomy":"product_brand","embeddable":true,"href":"https:\/\/www.moensmeubelen.be\/fr\/wp-json\/wp\/v2\/product_brand?post=815879"},{"taxonomy":"product_cat","embeddable":true,"href":"https:\/\/www.moensmeubelen.be\/fr\/wp-json\/wp\/v2\/product_cat?post=815879"},{"taxonomy":"product_tag","embeddable":true,"href":"https:\/\/www.moensmeubelen.be\/fr\/wp-json\/wp\/v2\/product_tag?post=815879"}],"curies":[{"name":"wp","href":"https:\/\/api.w.org\/{rel}","templated":true}]}}

<p>Ajoutez une touche d\&#8217;art moderne à votre intérieur avec la sculpture Floris de <strong>COCO</strong>maison. Cet objet abstrait mesure 13 cm de haut et est de couleur taupe. Il est fabriqué en polyresin de haute qualité et présente une apparence unique de pierre qui lui donne une allure naturelle et raffinée. La sculpture Floris est conçue comme un nœud, ce qui en fait un objet décoratif élégant. Placez-la sur quelques livres décoratifs ou dans une étagère ouverte et laissez votre intérieur briller avec cette œuvre d\&#8217;art particulière. Que vous souhaitiez créer une ambiance moderne ou ajouter une touche subtile, la sculpture Floris de <strong>COCO</strong>maison est le choix parfait.</p>
