{"id":817465,"date":"2026-06-28T00:00:00","date_gmt":"2026-06-28T00:00:00","guid":{"rendered":"https:\/\/www.moensmeubelen.be\/product\/53147mcl-fr_be\/"},"modified":"2026-06-28T22:52:15","modified_gmt":"2026-06-28T20:52:15","slug":"53147MCL-fr_BE","status":"publish","type":"product","link":"https:\/\/www.moensmeubelen.be\/fr\/produit\/53147MCL-fr_BE\/","title":{"rendered":"Harriet vase H48cm &#8211; Multicouleur"},"content":{"rendered":"<p>Laissez-vous envo\u00fbter par le vase Harriet de <strong>COCO<\/strong>maison. Ce magnifique vase mesure 48 cm de hauteur et est fabriqu\u00e9 \u00e0 100 % en c\u00e9ramique. Il se distingue par sa forme organique et sa combinaison subtile de couleurs rose clair et beige. Les d\u00e9tails faits \u00e0 la main, y compris les charmants champignons en 3D, font de ce vase une pi\u00e8ce unique et remarquable. M\u00eame sans bouquet (artificiel), le vase Harriet est un point de mire dans chaque espace. Ajoutez une touche d\\&#8217;\u00e9l\u00e9gance et d\\&#8217;originalit\u00e9 \u00e0 votre maison avec ce vase sp\u00e9cial de <strong>COCO<\/strong>maison !<\/p>\n","protected":false},"excerpt":{"rendered":"<p>Harriet vase H48cm &#8211; Multicouleur<\/p>\n","protected":false},"featured_media":1007616,"comment_status":"open","ping_status":"open","template":"","meta":{"_relevanssi_hide_post":"","_relevanssi_hide_content":"","_relevanssi_pin_for_all":"","_relevanssi_pin_keywords":"","_relevanssi_unpin_keywords":"","_relevanssi_related_keywords":"","_relevanssi_related_include_ids":"","_relevanssi_related_exclude_ids":"","_relevanssi_related_no_append":"","_relevanssi_related_not_related":"","_relevanssi_related_posts":"","_relevanssi_noindex_reason":""},"product_brand":[],"product_cat":[1990],"product_tag":[],"class_list":["post-817465","product","type-product","status-publish","has-post-thumbnail","product_cat-vazen_fr_BE","first","onbackorder","taxable","shipping-taxable","purchasable","product-type-simple"],"_links":{"self":[{"href":"https:\/\/www.moensmeubelen.be\/fr\/wp-json\/wp\/v2\/product\/817465","targetHints":{"allow":["GET"]}}],"collection":[{"href":"https:\/\/www.moensmeubelen.be\/fr\/wp-json\/wp\/v2\/product"}],"about":[{"href":"https:\/\/www.moensmeubelen.be\/fr\/wp-json\/wp\/v2\/types\/product"}],"replies":[{"embeddable":true,"href":"https:\/\/www.moensmeubelen.be\/fr\/wp-json\/wp\/v2\/comments?post=817465"}],"wp:featuredmedia":[{"embeddable":true,"href":"https:\/\/www.moensmeubelen.be\/fr\/wp-json\/wp\/v2\/media\/1007616"}],"wp:attachment":[{"href":"https:\/\/www.moensmeubelen.be\/fr\/wp-json\/wp\/v2\/media?parent=817465"}],"wp:term":[{"taxonomy":"product_brand","embeddable":true,"href":"https:\/\/www.moensmeubelen.be\/fr\/wp-json\/wp\/v2\/product_brand?post=817465"},{"taxonomy":"product_cat","embeddable":true,"href":"https:\/\/www.moensmeubelen.be\/fr\/wp-json\/wp\/v2\/product_cat?post=817465"},{"taxonomy":"product_tag","embeddable":true,"href":"https:\/\/www.moensmeubelen.be\/fr\/wp-json\/wp\/v2\/product_tag?post=817465"}],"curies":[{"name":"wp","href":"https:\/\/api.w.org\/{rel}","templated":true}]}}

<p>Laissez-vous envoûter par le vase Harriet de <strong>COCO</strong>maison. Ce magnifique vase mesure 48 cm de hauteur et est fabriqué à 100 % en céramique. Il se distingue par sa forme organique et sa combinaison subtile de couleurs rose clair et beige. Les détails faits à la main, y compris les charmants champignons en 3D, font de ce vase une pièce unique et remarquable. Même sans bouquet (artificiel), le vase Harriet est un point de mire dans chaque espace. Ajoutez une touche d\&#8217;élégance et d\&#8217;originalité à votre maison avec ce vase spécial de <strong>COCO</strong>maison !</p>
