{"id":817473,"date":"2026-06-28T00:00:00","date_gmt":"2026-06-28T00:00:00","guid":{"rendered":"https:\/\/www.moensmeubelen.be\/product\/53160ora-fr_be\/"},"modified":"2026-06-28T22:53:26","modified_gmt":"2026-06-28T20:53:26","slug":"53160ORA-fr_BE","status":"publish","type":"product","link":"https:\/\/www.moensmeubelen.be\/fr\/produit\/53160ORA-fr_BE\/","title":{"rendered":"Adele bougeoir H20cm &#8211; Orange"},"content":{"rendered":"<p>Ajoutez une touche d\\&#8217;\u00e9l\u00e9gance moderne \u00e0 votre int\u00e9rieur avec le magnifique chandelier Adele de <strong>COCO<\/strong>maison. Ce chandelier orange saisissant est fabriqu\u00e9 en c\u00e9ramique et pr\u00e9sente un design unique avec des arcs qui attirent imm\u00e9diatement l\\&#8217;attention. La finition brillante cr\u00e9e une apparence luxueuse qui s\\&#8217;int\u00e8gre parfaitement aux styles de d\u00e9coration classiques et contemporains. Que vous souhaitiez cr\u00e9er une ambiance chaleureuse lors d\\&#8217;un d\u00eener ou ajouter une touche \u00e9l\u00e9gante \u00e0 votre salon, le chandelier Adele de <strong>COCO<\/strong>maison est le choix id\u00e9al.<\/p>\n","protected":false},"excerpt":{"rendered":"<p>Adele bougeoir H20cm &#8211; Orange<\/p>\n","protected":false},"featured_media":1007708,"comment_status":"open","ping_status":"open","template":"","meta":{"_relevanssi_hide_post":"","_relevanssi_hide_content":"","_relevanssi_pin_for_all":"","_relevanssi_pin_keywords":"","_relevanssi_unpin_keywords":"","_relevanssi_related_keywords":"","_relevanssi_related_include_ids":"","_relevanssi_related_exclude_ids":"","_relevanssi_related_no_append":"","_relevanssi_related_not_related":"","_relevanssi_related_posts":"","_relevanssi_noindex_reason":""},"product_brand":[],"product_cat":[24129],"product_tag":[],"class_list":["post-817473","product","type-product","status-publish","has-post-thumbnail","product_cat-Kandelaar_fr_BE","first","onbackorder","taxable","shipping-taxable","purchasable","product-type-simple"],"_links":{"self":[{"href":"https:\/\/www.moensmeubelen.be\/fr\/wp-json\/wp\/v2\/product\/817473","targetHints":{"allow":["GET"]}}],"collection":[{"href":"https:\/\/www.moensmeubelen.be\/fr\/wp-json\/wp\/v2\/product"}],"about":[{"href":"https:\/\/www.moensmeubelen.be\/fr\/wp-json\/wp\/v2\/types\/product"}],"replies":[{"embeddable":true,"href":"https:\/\/www.moensmeubelen.be\/fr\/wp-json\/wp\/v2\/comments?post=817473"}],"wp:featuredmedia":[{"embeddable":true,"href":"https:\/\/www.moensmeubelen.be\/fr\/wp-json\/wp\/v2\/media\/1007708"}],"wp:attachment":[{"href":"https:\/\/www.moensmeubelen.be\/fr\/wp-json\/wp\/v2\/media?parent=817473"}],"wp:term":[{"taxonomy":"product_brand","embeddable":true,"href":"https:\/\/www.moensmeubelen.be\/fr\/wp-json\/wp\/v2\/product_brand?post=817473"},{"taxonomy":"product_cat","embeddable":true,"href":"https:\/\/www.moensmeubelen.be\/fr\/wp-json\/wp\/v2\/product_cat?post=817473"},{"taxonomy":"product_tag","embeddable":true,"href":"https:\/\/www.moensmeubelen.be\/fr\/wp-json\/wp\/v2\/product_tag?post=817473"}],"curies":[{"name":"wp","href":"https:\/\/api.w.org\/{rel}","templated":true}]}}

<p>Ajoutez une touche d\&#8217;élégance moderne à votre intérieur avec le magnifique chandelier Adele de <strong>COCO</strong>maison. Ce chandelier orange saisissant est fabriqué en céramique et présente un design unique avec des arcs qui attirent immédiatement l\&#8217;attention. La finition brillante crée une apparence luxueuse qui s\&#8217;intègre parfaitement aux styles de décoration classiques et contemporains. Que vous souhaitiez créer une ambiance chaleureuse lors d\&#8217;un dîner ou ajouter une touche élégante à votre salon, le chandelier Adele de <strong>COCO</strong>maison est le choix idéal.</p>
