{"id":817493,"date":"2026-06-28T00:00:00","date_gmt":"2026-06-28T00:00:00","guid":{"rendered":"https:\/\/www.moensmeubelen.be\/product\/53163zil-fr_be\/"},"modified":"2026-06-28T22:53:49","modified_gmt":"2026-06-28T20:53:49","slug":"53163ZIL-fr_BE","status":"publish","type":"product","link":"https:\/\/www.moensmeubelen.be\/fr\/produit\/53163ZIL-fr_BE\/","title":{"rendered":"Lisette plat 21x47cm &#8211; Argent"},"content":{"rendered":"<p>Ajoutez une touche de raffinement \u00e0 votre int\u00e9rieur avec le plateau \u00e9l\u00e9gant Lisette de <strong>COCO<\/strong>maison. Ce magnifique plateau, fabriqu\u00e9 en c\u00e9ramique, a une couleur argent\u00e9e\/chrom\u00e9e saisissante qui lui donne une apparence luxueuse et moderne. Le plateau Lisette n\\&#8217;est pas seulement fonctionnel, mais aussi un objet d\u00e9coratif \u00e9l\u00e9gant qui s\\&#8217;int\u00e8gre parfaitement sur une table basse, une table \u00e0 manger ou une commode. Utilisez-le pour pr\u00e9senter vos d\u00e9corations, bougies ou accessoires pr\u00e9f\u00e9r\u00e9s de mani\u00e8re chic. Ce plateau mesure 21 x 47 cm.<\/p>\n","protected":false},"excerpt":{"rendered":"<p>Lisette plat 21x47cm &#8211; Argent<\/p>\n","protected":false},"featured_media":938650,"comment_status":"open","ping_status":"open","template":"","meta":{"_relevanssi_hide_post":"","_relevanssi_hide_content":"","_relevanssi_pin_for_all":"","_relevanssi_pin_keywords":"","_relevanssi_unpin_keywords":"","_relevanssi_related_keywords":"","_relevanssi_related_include_ids":"","_relevanssi_related_exclude_ids":"","_relevanssi_related_no_append":"","_relevanssi_related_not_related":"","_relevanssi_related_posts":"","_relevanssi_noindex_reason":""},"product_brand":[],"product_cat":[24131],"product_tag":[],"class_list":["post-817493","product","type-product","status-publish","has-post-thumbnail","product_cat-Schaal_fr_BE","first","onbackorder","taxable","shipping-taxable","purchasable","product-type-simple"],"_links":{"self":[{"href":"https:\/\/www.moensmeubelen.be\/fr\/wp-json\/wp\/v2\/product\/817493","targetHints":{"allow":["GET"]}}],"collection":[{"href":"https:\/\/www.moensmeubelen.be\/fr\/wp-json\/wp\/v2\/product"}],"about":[{"href":"https:\/\/www.moensmeubelen.be\/fr\/wp-json\/wp\/v2\/types\/product"}],"replies":[{"embeddable":true,"href":"https:\/\/www.moensmeubelen.be\/fr\/wp-json\/wp\/v2\/comments?post=817493"}],"wp:featuredmedia":[{"embeddable":true,"href":"https:\/\/www.moensmeubelen.be\/fr\/wp-json\/wp\/v2\/media\/938650"}],"wp:attachment":[{"href":"https:\/\/www.moensmeubelen.be\/fr\/wp-json\/wp\/v2\/media?parent=817493"}],"wp:term":[{"taxonomy":"product_brand","embeddable":true,"href":"https:\/\/www.moensmeubelen.be\/fr\/wp-json\/wp\/v2\/product_brand?post=817493"},{"taxonomy":"product_cat","embeddable":true,"href":"https:\/\/www.moensmeubelen.be\/fr\/wp-json\/wp\/v2\/product_cat?post=817493"},{"taxonomy":"product_tag","embeddable":true,"href":"https:\/\/www.moensmeubelen.be\/fr\/wp-json\/wp\/v2\/product_tag?post=817493"}],"curies":[{"name":"wp","href":"https:\/\/api.w.org\/{rel}","templated":true}]}}

<p>Ajoutez une touche de raffinement à votre intérieur avec le plateau élégant Lisette de <strong>COCO</strong>maison. Ce magnifique plateau, fabriqué en céramique, a une couleur argentée/chromée saisissante qui lui donne une apparence luxueuse et moderne. Le plateau Lisette n\&#8217;est pas seulement fonctionnel, mais aussi un objet décoratif élégant qui s\&#8217;intègre parfaitement sur une table basse, une table à manger ou une commode. Utilisez-le pour présenter vos décorations, bougies ou accessoires préférés de manière chic. Ce plateau mesure 21 x 47 cm.</p>
