{"id":846339,"date":"2026-06-28T00:00:00","date_gmt":"2026-06-28T00:00:00","guid":{"rendered":"https:\/\/www.moensmeubelen.be\/product\/55103bei-fr_be\/"},"modified":"2026-06-28T23:41:21","modified_gmt":"2026-06-28T21:41:21","slug":"55103BEI-fr_BE","status":"publish","type":"product","link":"https:\/\/www.moensmeubelen.be\/fr\/produit\/55103BEI-fr_BE\/","title":{"rendered":"Sage, chaise \u00e0 accoudoirs &#8211; pivotante &#8211; creme &#8211; tissu Oregon &#8211; beige"},"content":{"rendered":"<p>Avec son design calme, la chaise \u00e0 accoudoirs SAGE de couleur beige apporte du style \u00e0 votre salle \u00e0 manger. La chaise est recouverte du tissu Oregon, un doux tissu microfibre au look robuste. Son dossier arrondi, ses accoudoirs int\u00e9gr\u00e9s et sa large assise invitent \u00e0 la d\u00e9tente. Son pi\u00e9tement pivotant de couleur cr\u00e8me rend \u00e9galement la chaise pratique\u00a0: vous pouvez bouger facilement \u00e0 table. Un choix moderne et confortable qui trouve sa place dans de nombreux int\u00e9rieurs. La chaise \u00e0 accoudoirs SAGE existe en diff\u00e9rents coloris et mod\u00e8les, pour pouvoir personnaliser votre int\u00e9rieur.<\/p>\n","protected":false},"excerpt":{"rendered":"<p>Sage, chaise \u00e0 accoudoirs &#8211; pivotante &#8211; creme &#8211; tissu Oregon &#8211; beige<\/p>\n","protected":false},"featured_media":1010060,"comment_status":"open","ping_status":"open","template":"","meta":{"_relevanssi_hide_post":"","_relevanssi_hide_content":"","_relevanssi_pin_for_all":"","_relevanssi_pin_keywords":"","_relevanssi_unpin_keywords":"","_relevanssi_related_keywords":"","_relevanssi_related_include_ids":"","_relevanssi_related_exclude_ids":"","_relevanssi_related_no_append":"","_relevanssi_related_not_related":"","_relevanssi_related_posts":"","_relevanssi_noindex_reason":""},"product_brand":[],"product_cat":[24145],"product_tag":[],"class_list":["post-846339","product","type-product","status-publish","has-post-thumbnail","product_cat-Armstoelen_fr_BE","first","onbackorder","taxable","shipping-taxable","purchasable","product-type-simple"],"_links":{"self":[{"href":"https:\/\/www.moensmeubelen.be\/fr\/wp-json\/wp\/v2\/product\/846339","targetHints":{"allow":["GET"]}}],"collection":[{"href":"https:\/\/www.moensmeubelen.be\/fr\/wp-json\/wp\/v2\/product"}],"about":[{"href":"https:\/\/www.moensmeubelen.be\/fr\/wp-json\/wp\/v2\/types\/product"}],"replies":[{"embeddable":true,"href":"https:\/\/www.moensmeubelen.be\/fr\/wp-json\/wp\/v2\/comments?post=846339"}],"wp:featuredmedia":[{"embeddable":true,"href":"https:\/\/www.moensmeubelen.be\/fr\/wp-json\/wp\/v2\/media\/1010060"}],"wp:attachment":[{"href":"https:\/\/www.moensmeubelen.be\/fr\/wp-json\/wp\/v2\/media?parent=846339"}],"wp:term":[{"taxonomy":"product_brand","embeddable":true,"href":"https:\/\/www.moensmeubelen.be\/fr\/wp-json\/wp\/v2\/product_brand?post=846339"},{"taxonomy":"product_cat","embeddable":true,"href":"https:\/\/www.moensmeubelen.be\/fr\/wp-json\/wp\/v2\/product_cat?post=846339"},{"taxonomy":"product_tag","embeddable":true,"href":"https:\/\/www.moensmeubelen.be\/fr\/wp-json\/wp\/v2\/product_tag?post=846339"}],"curies":[{"name":"wp","href":"https:\/\/api.w.org\/{rel}","templated":true}]}}

Sage, chaise à accoudoirs &#8211; pivotante &#8211; creme &#8211; tissu Oregon &#8211; beige

<p>Avec son design calme, la chaise à accoudoirs SAGE de couleur beige apporte du style à votre salle à manger. La chaise est recouverte du tissu Oregon, un doux tissu microfibre au look robuste. Son dossier arrondi, ses accoudoirs intégrés et sa large assise invitent à la détente. Son piétement pivotant de couleur crème rend également la chaise pratique : vous pouvez bouger facilement à table. Un choix moderne et confortable qui trouve sa place dans de nombreux intérieurs. La chaise à accoudoirs SAGE existe en différents coloris et modèles, pour pouvoir personnaliser votre intérieur.</p>

<p>Sage, chaise à accoudoirs &#8211; pivotante &#8211; creme &#8211; tissu Oregon &#8211; beige</p>
