{"id":846685,"date":"2026-06-28T00:00:00","date_gmt":"2026-06-28T00:00:00","guid":{"rendered":"https:\/\/www.moensmeubelen.be\/product\/53322mcl-fr_be\/"},"modified":"2026-06-28T23:04:17","modified_gmt":"2026-06-28T21:04:17","slug":"53322MCL-fr_BE","status":"publish","type":"product","link":"https:\/\/www.moensmeubelen.be\/fr\/produit\/53322MCL-fr_BE\/","title":{"rendered":"Jasper vase H22,5cm &#8211; Multicouleur"},"content":{"rendered":"<p>Ce vase en verre Jasper est le deuxi\u00e8me d\\&#8217;une s\u00e9rie de trois vases COCOmaison de diff\u00e9rentes hauteurs, tous l\u00e9g\u00e8rement diff\u00e9rents en termes de couleur et de motif. Il mesure 21 x 21 x 23 cm (L x l x h) et pr\u00e9sente un motif marbr\u00e9 dans des tons orange-brun. Le verre l\u00e9g\u00e8rement transparent et la forme gracieuse conf\u00e8rent au vase une allure \u00e9l\u00e9gante qui s\\&#8217;int\u00e8gre aussi bien dans un int\u00e9rieur classique que moderne. M\u00eame sans bouquet, c\\&#8217;est un accessoire intemporel qui s\\&#8217;inscrit parfaitement dans la tendance naturelle en mati\u00e8re de d\u00e9coration.<\/p>\n","protected":false},"excerpt":{"rendered":"<p>Jasper vase H22,5cm &#8211; Multicouleur<\/p>\n","protected":false},"featured_media":1008226,"comment_status":"open","ping_status":"open","template":"","meta":{"_relevanssi_hide_post":"","_relevanssi_hide_content":"","_relevanssi_pin_for_all":"","_relevanssi_pin_keywords":"","_relevanssi_unpin_keywords":"","_relevanssi_related_keywords":"","_relevanssi_related_include_ids":"","_relevanssi_related_exclude_ids":"","_relevanssi_related_no_append":"","_relevanssi_related_not_related":"","_relevanssi_related_posts":"","_relevanssi_noindex_reason":""},"product_brand":[],"product_cat":[1990],"product_tag":[],"class_list":["post-846685","product","type-product","status-publish","has-post-thumbnail","product_cat-vazen_fr_BE","first","onbackorder","taxable","shipping-taxable","purchasable","product-type-simple"],"_links":{"self":[{"href":"https:\/\/www.moensmeubelen.be\/fr\/wp-json\/wp\/v2\/product\/846685","targetHints":{"allow":["GET"]}}],"collection":[{"href":"https:\/\/www.moensmeubelen.be\/fr\/wp-json\/wp\/v2\/product"}],"about":[{"href":"https:\/\/www.moensmeubelen.be\/fr\/wp-json\/wp\/v2\/types\/product"}],"replies":[{"embeddable":true,"href":"https:\/\/www.moensmeubelen.be\/fr\/wp-json\/wp\/v2\/comments?post=846685"}],"wp:featuredmedia":[{"embeddable":true,"href":"https:\/\/www.moensmeubelen.be\/fr\/wp-json\/wp\/v2\/media\/1008226"}],"wp:attachment":[{"href":"https:\/\/www.moensmeubelen.be\/fr\/wp-json\/wp\/v2\/media?parent=846685"}],"wp:term":[{"taxonomy":"product_brand","embeddable":true,"href":"https:\/\/www.moensmeubelen.be\/fr\/wp-json\/wp\/v2\/product_brand?post=846685"},{"taxonomy":"product_cat","embeddable":true,"href":"https:\/\/www.moensmeubelen.be\/fr\/wp-json\/wp\/v2\/product_cat?post=846685"},{"taxonomy":"product_tag","embeddable":true,"href":"https:\/\/www.moensmeubelen.be\/fr\/wp-json\/wp\/v2\/product_tag?post=846685"}],"curies":[{"name":"wp","href":"https:\/\/api.w.org\/{rel}","templated":true}]}}

<p>Ce vase en verre Jasper est le deuxième d\&#8217;une série de trois vases COCOmaison de différentes hauteurs, tous légèrement différents en termes de couleur et de motif. Il mesure 21 x 21 x 23 cm (L x l x h) et présente un motif marbré dans des tons orange-brun. Le verre légèrement transparent et la forme gracieuse confèrent au vase une allure élégante qui s\&#8217;intègre aussi bien dans un intérieur classique que moderne. Même sans bouquet, c\&#8217;est un accessoire intemporel qui s\&#8217;inscrit parfaitement dans la tendance naturelle en matière de décoration.</p>
