{"id":846693,"date":"2026-06-28T00:00:00","date_gmt":"2026-06-28T00:00:00","guid":{"rendered":"https:\/\/www.moensmeubelen.be\/product\/53323mcl-fr_be\/"},"modified":"2026-06-28T23:04:24","modified_gmt":"2026-06-28T21:04:24","slug":"53323MCL-fr_BE","status":"publish","type":"product","link":"https:\/\/www.moensmeubelen.be\/fr\/produit\/53323MCL-fr_BE\/","title":{"rendered":"Marthe vase H39cm &#8211; Multicouleur"},"content":{"rendered":"<p>Chez COCOmaison, nous l\\&#8217;appelons un vase, mais en r\u00e9alit\u00e9, Marthe est bien plus que cela. La forme \u00e9pur\u00e9e du vase en verre blanc, haut de 39 cm, est litt\u00e9ralement couronn\u00e9e d\\&#8217;un magnifique bouchon couleur aubergine. Vous pouvez bien s\u00fbr simplement placer ce bouchon sur le vase, afin que le Marthe ressemble \u00e0 une \u00e9l\u00e9gante carafe. Si vous retirez le bouchon en verre, vous pouvez mettre quelques fleurs ou branches \u00e9l\u00e9gantes dans le vase, par exemple de la m\u00eame couleur que la boule. Mais quel que soit le nom que vous lui donnez ou l\\&#8217;usage que vous en faites, le Marthe est un magnifique accessoire de d\u00e9coration dont vous ne vous lasserez pas de sit\u00f4t. Si vous souhaitez mettre le vase davantage en valeur, achetez-le avec son petit fr\u00e8re : les couleurs sont exactement invers\u00e9es et le vase est l\u00e9g\u00e8rement plus haut et plus \u00e9lanc\u00e9. Vous pr\u00e9f\u00e9rez une autre couleur ? Le vase Mies est disponible dans le m\u00eame mod\u00e8le dans une combinaison de couleurs orange et vert.<\/p>\n","protected":false},"excerpt":{"rendered":"<p>Marthe vase H39cm &#8211; Multicouleur<\/p>\n","protected":false},"featured_media":1008232,"comment_status":"open","ping_status":"open","template":"","meta":{"_relevanssi_hide_post":"","_relevanssi_hide_content":"","_relevanssi_pin_for_all":"","_relevanssi_pin_keywords":"","_relevanssi_unpin_keywords":"","_relevanssi_related_keywords":"","_relevanssi_related_include_ids":"","_relevanssi_related_exclude_ids":"","_relevanssi_related_no_append":"","_relevanssi_related_not_related":"","_relevanssi_related_posts":"","_relevanssi_noindex_reason":""},"product_brand":[],"product_cat":[1990],"product_tag":[],"class_list":["post-846693","product","type-product","status-publish","has-post-thumbnail","product_cat-vazen_fr_BE","first","onbackorder","taxable","shipping-taxable","purchasable","product-type-simple"],"_links":{"self":[{"href":"https:\/\/www.moensmeubelen.be\/fr\/wp-json\/wp\/v2\/product\/846693","targetHints":{"allow":["GET"]}}],"collection":[{"href":"https:\/\/www.moensmeubelen.be\/fr\/wp-json\/wp\/v2\/product"}],"about":[{"href":"https:\/\/www.moensmeubelen.be\/fr\/wp-json\/wp\/v2\/types\/product"}],"replies":[{"embeddable":true,"href":"https:\/\/www.moensmeubelen.be\/fr\/wp-json\/wp\/v2\/comments?post=846693"}],"wp:featuredmedia":[{"embeddable":true,"href":"https:\/\/www.moensmeubelen.be\/fr\/wp-json\/wp\/v2\/media\/1008232"}],"wp:attachment":[{"href":"https:\/\/www.moensmeubelen.be\/fr\/wp-json\/wp\/v2\/media?parent=846693"}],"wp:term":[{"taxonomy":"product_brand","embeddable":true,"href":"https:\/\/www.moensmeubelen.be\/fr\/wp-json\/wp\/v2\/product_brand?post=846693"},{"taxonomy":"product_cat","embeddable":true,"href":"https:\/\/www.moensmeubelen.be\/fr\/wp-json\/wp\/v2\/product_cat?post=846693"},{"taxonomy":"product_tag","embeddable":true,"href":"https:\/\/www.moensmeubelen.be\/fr\/wp-json\/wp\/v2\/product_tag?post=846693"}],"curies":[{"name":"wp","href":"https:\/\/api.w.org\/{rel}","templated":true}]}}

<p>Chez COCOmaison, nous l\&#8217;appelons un vase, mais en réalité, Marthe est bien plus que cela. La forme épurée du vase en verre blanc, haut de 39 cm, est littéralement couronnée d\&#8217;un magnifique bouchon couleur aubergine. Vous pouvez bien sûr simplement placer ce bouchon sur le vase, afin que le Marthe ressemble à une élégante carafe. Si vous retirez le bouchon en verre, vous pouvez mettre quelques fleurs ou branches élégantes dans le vase, par exemple de la même couleur que la boule. Mais quel que soit le nom que vous lui donnez ou l\&#8217;usage que vous en faites, le Marthe est un magnifique accessoire de décoration dont vous ne vous lasserez pas de sitôt. Si vous souhaitez mettre le vase davantage en valeur, achetez-le avec son petit frère : les couleurs sont exactement inversées et le vase est légèrement plus haut et plus élancé. Vous préférez une autre couleur ? Le vase Mies est disponible dans le même modèle dans une combinaison de couleurs orange et vert.</p>
