{"id":847009,"date":"2026-06-28T00:00:00","date_gmt":"2026-06-28T00:00:00","guid":{"rendered":"https:\/\/www.moensmeubelen.be\/product\/53169mcl-fr_be\/"},"modified":"2026-06-28T22:54:21","modified_gmt":"2026-06-28T20:54:21","slug":"53169MCL-fr_BE","status":"publish","type":"product","link":"https:\/\/www.moensmeubelen.be\/fr\/produit\/53169MCL-fr_BE\/","title":{"rendered":"Willem pot H83cm &#8211; Multicouleur"},"content":{"rendered":"<p>Ce pot en c\u00e9ramique de COCOmaison m\u00e9rite une place d\u2019honneur dans votre salon, non ? Avec sa hauteur de 83 cm et son diam\u00e8tre de 40 cm, sa structure particuli\u00e8re et son d\u00e9grad\u00e9 de couleurs captivant, le pot Willem attire de toute fa\u00e7on l\u2019attention et n\u2019a m\u00eame pas besoin de remplissage pour r\u00e9v\u00e9ler tout son potentiel. Le pot est peint \u00e0 la main, ce qui rend chaque exemplaire absolument unique. Cela vaut aussi pour le vase Willem assorti et le plat Willem. Vous avez un faible pour les accessoires singuliers ? Alors voici le coup de c\u0153ur qu\u2019il vous faut !<\/p>\n","protected":false},"excerpt":{"rendered":"<p>Willem pot H83cm &#8211; Multicouleur<\/p>\n","protected":false},"featured_media":1007744,"comment_status":"open","ping_status":"open","template":"","meta":{"_relevanssi_hide_post":"","_relevanssi_hide_content":"","_relevanssi_pin_for_all":"","_relevanssi_pin_keywords":"","_relevanssi_unpin_keywords":"","_relevanssi_related_keywords":"","_relevanssi_related_include_ids":"","_relevanssi_related_exclude_ids":"","_relevanssi_related_no_append":"","_relevanssi_related_not_related":"","_relevanssi_related_posts":"","_relevanssi_noindex_reason":""},"product_brand":[],"product_cat":[24133],"product_tag":[],"class_list":["post-847009","product","type-product","status-publish","has-post-thumbnail","product_cat-Bloempot_fr_BE","first","onbackorder","taxable","shipping-taxable","purchasable","product-type-simple"],"_links":{"self":[{"href":"https:\/\/www.moensmeubelen.be\/fr\/wp-json\/wp\/v2\/product\/847009","targetHints":{"allow":["GET"]}}],"collection":[{"href":"https:\/\/www.moensmeubelen.be\/fr\/wp-json\/wp\/v2\/product"}],"about":[{"href":"https:\/\/www.moensmeubelen.be\/fr\/wp-json\/wp\/v2\/types\/product"}],"replies":[{"embeddable":true,"href":"https:\/\/www.moensmeubelen.be\/fr\/wp-json\/wp\/v2\/comments?post=847009"}],"wp:featuredmedia":[{"embeddable":true,"href":"https:\/\/www.moensmeubelen.be\/fr\/wp-json\/wp\/v2\/media\/1007744"}],"wp:attachment":[{"href":"https:\/\/www.moensmeubelen.be\/fr\/wp-json\/wp\/v2\/media?parent=847009"}],"wp:term":[{"taxonomy":"product_brand","embeddable":true,"href":"https:\/\/www.moensmeubelen.be\/fr\/wp-json\/wp\/v2\/product_brand?post=847009"},{"taxonomy":"product_cat","embeddable":true,"href":"https:\/\/www.moensmeubelen.be\/fr\/wp-json\/wp\/v2\/product_cat?post=847009"},{"taxonomy":"product_tag","embeddable":true,"href":"https:\/\/www.moensmeubelen.be\/fr\/wp-json\/wp\/v2\/product_tag?post=847009"}],"curies":[{"name":"wp","href":"https:\/\/api.w.org\/{rel}","templated":true}]}}

<p>Ce pot en céramique de COCOmaison mérite une place d’honneur dans votre salon, non ? Avec sa hauteur de 83 cm et son diamètre de 40 cm, sa structure particulière et son dégradé de couleurs captivant, le pot Willem attire de toute façon l’attention et n’a même pas besoin de remplissage pour révéler tout son potentiel. Le pot est peint à la main, ce qui rend chaque exemplaire absolument unique. Cela vaut aussi pour le vase Willem assorti et le plat Willem. Vous avez un faible pour les accessoires singuliers ? Alors voici le coup de cœur qu’il vous faut !</p>
