{"id":853720,"date":"2026-06-28T00:00:00","date_gmt":"2026-06-28T00:00:00","guid":{"rendered":"https:\/\/www.moensmeubelen.be\/product\/52453wal-fr_be\/"},"modified":"2026-06-28T22:42:44","modified_gmt":"2026-06-28T20:42:44","slug":"52453WAL-fr_BE","status":"publish","type":"product","link":"https:\/\/www.moensmeubelen.be\/fr\/produit\/52453WAL-fr_BE\/","title":{"rendered":"Brianza, buffet 210 cm &#8211; 4-portes"},"content":{"rendered":"<p>Le buffet BRIANZA attire tous les regards gr\u00e2ce \u00e0 son \u00e9l\u00e9gance et sa polyvalence. Le meuble poss\u00e8de une finition en noyer plaqu\u00e9 laqu\u00e9 arborant une superbe nervure qui forme une ligne fluide parcourant toute sa largeur. Les quatre portes sans poign\u00e9es sont \u00e9quip\u00e9es d\\&#8217;un syst\u00e8me soft-close. La s\u00e9rie BRIANZA se caract\u00e9rise par les coins arrondis du corps du meuble et de son plateau, qui se fondent harmonieusement dans les pieds en placage noyer. Petite touche sp\u00e9ciale\u00a0: les faces avant arborent un bord subtilement incurv\u00e9 qui forme un \u00e9l\u00e9gant cadre arrondi. D\u00e9couvrez aussi les autres meubles de la collection BRIANZA et cr\u00e9ez un ensemble harmonieux dans votre int\u00e9rieur.<\/p>\n","protected":false},"excerpt":{"rendered":"<p>Brianza, buffet 210 cm &#8211; 4-portes<\/p>\n","protected":false},"featured_media":1007112,"comment_status":"open","ping_status":"open","template":"","meta":{"_relevanssi_hide_post":"","_relevanssi_hide_content":"","_relevanssi_pin_for_all":"","_relevanssi_pin_keywords":"","_relevanssi_unpin_keywords":"","_relevanssi_related_keywords":"","_relevanssi_related_include_ids":"","_relevanssi_related_exclude_ids":"","_relevanssi_related_no_append":"","_relevanssi_related_not_related":"","_relevanssi_related_posts":"","_relevanssi_noindex_reason":""},"product_brand":[],"product_cat":[1377],"product_tag":[],"class_list":["post-853720","product","type-product","status-publish","has-post-thumbnail","product_cat-dressoirs_fr_BE","first","onbackorder","sale","taxable","shipping-taxable","purchasable","product-type-simple"],"_links":{"self":[{"href":"https:\/\/www.moensmeubelen.be\/fr\/wp-json\/wp\/v2\/product\/853720","targetHints":{"allow":["GET"]}}],"collection":[{"href":"https:\/\/www.moensmeubelen.be\/fr\/wp-json\/wp\/v2\/product"}],"about":[{"href":"https:\/\/www.moensmeubelen.be\/fr\/wp-json\/wp\/v2\/types\/product"}],"replies":[{"embeddable":true,"href":"https:\/\/www.moensmeubelen.be\/fr\/wp-json\/wp\/v2\/comments?post=853720"}],"wp:featuredmedia":[{"embeddable":true,"href":"https:\/\/www.moensmeubelen.be\/fr\/wp-json\/wp\/v2\/media\/1007112"}],"wp:attachment":[{"href":"https:\/\/www.moensmeubelen.be\/fr\/wp-json\/wp\/v2\/media?parent=853720"}],"wp:term":[{"taxonomy":"product_brand","embeddable":true,"href":"https:\/\/www.moensmeubelen.be\/fr\/wp-json\/wp\/v2\/product_brand?post=853720"},{"taxonomy":"product_cat","embeddable":true,"href":"https:\/\/www.moensmeubelen.be\/fr\/wp-json\/wp\/v2\/product_cat?post=853720"},{"taxonomy":"product_tag","embeddable":true,"href":"https:\/\/www.moensmeubelen.be\/fr\/wp-json\/wp\/v2\/product_tag?post=853720"}],"curies":[{"name":"wp","href":"https:\/\/api.w.org\/{rel}","templated":true}]}}

<p>Le buffet BRIANZA attire tous les regards grâce à son élégance et sa polyvalence. Le meuble possède une finition en noyer plaqué laqué arborant une superbe nervure qui forme une ligne fluide parcourant toute sa largeur. Les quatre portes sans poignées sont équipées d\&#8217;un système soft-close. La série BRIANZA se caractérise par les coins arrondis du corps du meuble et de son plateau, qui se fondent harmonieusement dans les pieds en placage noyer. Petite touche spéciale : les faces avant arborent un bord subtilement incurvé qui forme un élégant cadre arrondi. Découvrez aussi les autres meubles de la collection BRIANZA et créez un ensemble harmonieux dans votre intérieur.</p>
