{"id":853744,"date":"2026-06-28T00:00:00","date_gmt":"2026-06-28T00:00:00","guid":{"rendered":"https:\/\/www.moensmeubelen.be\/product\/52457wal-fr_be\/"},"modified":"2026-06-28T22:43:17","modified_gmt":"2026-06-28T20:43:17","slug":"52457WAL-fr_BE","status":"publish","type":"product","link":"https:\/\/www.moensmeubelen.be\/fr\/produit\/52457WAL-fr_BE\/","title":{"rendered":"Brianza, lowboard 170 cm &#8211; 3-portes"},"content":{"rendered":"<p>Le lowboard BRIANZA est une solution styl\u00e9e si vous recherchez un meuble TV ou hi-fi moderne et compact. Le meuble poss\u00e8de trois portes sans poign\u00e9es avec un syst\u00e8me soft-close et est fabriqu\u00e9 en noyer plaqu\u00e9 laqu\u00e9. Ses nervures visibles forment un ensemble fluide sur toute la largeur du meuble, ce qui lui conf\u00e8re un aspect luxueux. Les coins arrondis du corps du meuble et du plateau sup\u00e9rieur se rejoignent harmonieusement sur les pieds arrondis en noyer plaqu\u00e9. Ses faces avant sont sp\u00e9ciales gr\u00e2ce \u00e0 un bord subtilement incurv\u00e9 qui forme un \u00e9l\u00e9gant cadre arrondi. Placez BRIANZA au sol ou optez pour un montage mural et cr\u00e9ez un effet a\u00e9rien dans votre int\u00e9rieur.<\/p>\n","protected":false},"excerpt":{"rendered":"<p>Brianza, lowboard 170 cm &#8211; 3-portes<\/p>\n","protected":false},"featured_media":1007176,"comment_status":"open","ping_status":"open","template":"","meta":{"_relevanssi_hide_post":"","_relevanssi_hide_content":"","_relevanssi_pin_for_all":"","_relevanssi_pin_keywords":"","_relevanssi_unpin_keywords":"","_relevanssi_related_keywords":"","_relevanssi_related_include_ids":"","_relevanssi_related_exclude_ids":"","_relevanssi_related_no_append":"","_relevanssi_related_not_related":"","_relevanssi_related_posts":"","_relevanssi_noindex_reason":""},"product_brand":[],"product_cat":[1321],"product_tag":[],"class_list":["post-853744","product","type-product","status-publish","has-post-thumbnail","product_cat-tv_meubels_fr_BE","first","onbackorder","sale","taxable","shipping-taxable","purchasable","product-type-simple"],"_links":{"self":[{"href":"https:\/\/www.moensmeubelen.be\/fr\/wp-json\/wp\/v2\/product\/853744","targetHints":{"allow":["GET"]}}],"collection":[{"href":"https:\/\/www.moensmeubelen.be\/fr\/wp-json\/wp\/v2\/product"}],"about":[{"href":"https:\/\/www.moensmeubelen.be\/fr\/wp-json\/wp\/v2\/types\/product"}],"replies":[{"embeddable":true,"href":"https:\/\/www.moensmeubelen.be\/fr\/wp-json\/wp\/v2\/comments?post=853744"}],"wp:featuredmedia":[{"embeddable":true,"href":"https:\/\/www.moensmeubelen.be\/fr\/wp-json\/wp\/v2\/media\/1007176"}],"wp:attachment":[{"href":"https:\/\/www.moensmeubelen.be\/fr\/wp-json\/wp\/v2\/media?parent=853744"}],"wp:term":[{"taxonomy":"product_brand","embeddable":true,"href":"https:\/\/www.moensmeubelen.be\/fr\/wp-json\/wp\/v2\/product_brand?post=853744"},{"taxonomy":"product_cat","embeddable":true,"href":"https:\/\/www.moensmeubelen.be\/fr\/wp-json\/wp\/v2\/product_cat?post=853744"},{"taxonomy":"product_tag","embeddable":true,"href":"https:\/\/www.moensmeubelen.be\/fr\/wp-json\/wp\/v2\/product_tag?post=853744"}],"curies":[{"name":"wp","href":"https:\/\/api.w.org\/{rel}","templated":true}]}}

<p>Le lowboard BRIANZA est une solution stylée si vous recherchez un meuble TV ou hi-fi moderne et compact. Le meuble possède trois portes sans poignées avec un système soft-close et est fabriqué en noyer plaqué laqué. Ses nervures visibles forment un ensemble fluide sur toute la largeur du meuble, ce qui lui confère un aspect luxueux. Les coins arrondis du corps du meuble et du plateau supérieur se rejoignent harmonieusement sur les pieds arrondis en noyer plaqué. Ses faces avant sont spéciales grâce à un bord subtilement incurvé qui forme un élégant cadre arrondi. Placez BRIANZA au sol ou optez pour un montage mural et créez un effet aérien dans votre intérieur.</p>
