{"id":853760,"date":"2026-06-28T00:00:00","date_gmt":"2026-06-28T00:00:00","guid":{"rendered":"https:\/\/www.moensmeubelen.be\/product\/52459wal-fr_be\/"},"modified":"2026-06-28T22:43:33","modified_gmt":"2026-06-28T20:43:33","slug":"52459WAL-fr_BE","status":"publish","type":"product","link":"https:\/\/www.moensmeubelen.be\/fr\/produit\/52459WAL-fr_BE\/","title":{"rendered":"Brianza, table basse 130 x 65 cm"},"content":{"rendered":"<p>Faites entrer l\\&#8217;\u00e9l\u00e9gance de la collection BRIANZA dans votre coin salon avec la table basse BRIANZA. Le plateau est fabriqu\u00e9 dans un luxueux placage en noyer qui souligne le c\u00f4t\u00e9 chaleureux et styl\u00e9 caract\u00e9ristique de la s\u00e9rie. Le bord moderne apporte \u00e0 la table un look a\u00e9r\u00e9 alors que sa structure filaire en m\u00e9tal apporte une touche contemporaine et une base stable. Cette combinaison de bois chaleureux et de m\u00e9tal moderne en font un table basse aussi fonctionnelle que styl\u00e9e. Combinez-la avec la table d\\&#8217;appoint assortie pour un ensemble harmonieux. En y ajoutant le miroir BRIANZA, vous compl\u00e9tez le look du bois de noyer dans votre int\u00e9rieur.<\/p>\n","protected":false},"excerpt":{"rendered":"<p>Brianza, table basse 130 x 65 cm<\/p>\n","protected":false},"featured_media":1007188,"comment_status":"open","ping_status":"open","template":"","meta":{"_relevanssi_hide_post":"","_relevanssi_hide_content":"","_relevanssi_pin_for_all":"","_relevanssi_pin_keywords":"","_relevanssi_unpin_keywords":"","_relevanssi_related_keywords":"","_relevanssi_related_include_ids":"","_relevanssi_related_exclude_ids":"","_relevanssi_related_no_append":"","_relevanssi_related_not_related":"","_relevanssi_related_posts":"","_relevanssi_noindex_reason":""},"product_brand":[],"product_cat":[1385],"product_tag":[],"class_list":["post-853760","product","type-product","status-publish","has-post-thumbnail","product_cat-salontafels_fr_be","first","onbackorder","sale","taxable","shipping-taxable","purchasable","product-type-simple"],"_links":{"self":[{"href":"https:\/\/www.moensmeubelen.be\/fr\/wp-json\/wp\/v2\/product\/853760","targetHints":{"allow":["GET"]}}],"collection":[{"href":"https:\/\/www.moensmeubelen.be\/fr\/wp-json\/wp\/v2\/product"}],"about":[{"href":"https:\/\/www.moensmeubelen.be\/fr\/wp-json\/wp\/v2\/types\/product"}],"replies":[{"embeddable":true,"href":"https:\/\/www.moensmeubelen.be\/fr\/wp-json\/wp\/v2\/comments?post=853760"}],"wp:featuredmedia":[{"embeddable":true,"href":"https:\/\/www.moensmeubelen.be\/fr\/wp-json\/wp\/v2\/media\/1007188"}],"wp:attachment":[{"href":"https:\/\/www.moensmeubelen.be\/fr\/wp-json\/wp\/v2\/media?parent=853760"}],"wp:term":[{"taxonomy":"product_brand","embeddable":true,"href":"https:\/\/www.moensmeubelen.be\/fr\/wp-json\/wp\/v2\/product_brand?post=853760"},{"taxonomy":"product_cat","embeddable":true,"href":"https:\/\/www.moensmeubelen.be\/fr\/wp-json\/wp\/v2\/product_cat?post=853760"},{"taxonomy":"product_tag","embeddable":true,"href":"https:\/\/www.moensmeubelen.be\/fr\/wp-json\/wp\/v2\/product_tag?post=853760"}],"curies":[{"name":"wp","href":"https:\/\/api.w.org\/{rel}","templated":true}]}}

<p>Faites entrer l\&#8217;élégance de la collection BRIANZA dans votre coin salon avec la table basse BRIANZA. Le plateau est fabriqué dans un luxueux placage en noyer qui souligne le côté chaleureux et stylé caractéristique de la série. Le bord moderne apporte à la table un look aéré alors que sa structure filaire en métal apporte une touche contemporaine et une base stable. Cette combinaison de bois chaleureux et de métal moderne en font un table basse aussi fonctionnelle que stylée. Combinez-la avec la table d\&#8217;appoint assortie pour un ensemble harmonieux. En y ajoutant le miroir BRIANZA, vous complétez le look du bois de noyer dans votre intérieur.</p>
