{"id":853897,"date":"2026-06-28T00:00:00","date_gmt":"2026-06-28T00:00:00","guid":{"rendered":"https:\/\/www.moensmeubelen.be\/product\/53348oke-fr_be\/"},"modified":"2026-06-28T23:06:55","modified_gmt":"2026-06-28T21:06:55","slug":"53348OKE-fr_BE","status":"publish","type":"product","link":"https:\/\/www.moensmeubelen.be\/fr\/produit\/53348OKE-fr_BE\/","title":{"rendered":"Roan pouf H43-49cm &#8211; Jaune ocre"},"content":{"rendered":"<p>Avec le syst\u00e8me d\\&#8217;assise Roan de COCOmaison, vous pouvez composer vous-m\u00eame un coin salon en combinant diff\u00e9rents \u00e9l\u00e9ments. Les poufs, le canap\u00e9 et le fauteuil s\\&#8217;harmonisent parfaitement gr\u00e2ce \u00e0 leur forme et offrent un confort d\\&#8217;assise agr\u00e9able partout dans la maison. Tous les articles sont recouverts d\\&#8217;un tissu tendance et disponibles en deux couleurs : ocre et cr\u00e8me. Voici le pouf de couleur ocre, d\\&#8217;une largeur de 71 cm. Gr\u00e2ce \u00e0 sa forme, il s\\&#8217;harmonise parfaitement avec la chaise, le banc et le pouf rond, ce qui lui permet de servir de tabouret ind\u00e9pendant, mais aussi de repose-pieds. Petit plus : ce pouf est livr\u00e9 avec deux jeux de pieds, ce qui vous permet de choisir la hauteur (43 ou 49 cm).<\/p>\n","protected":false},"excerpt":{"rendered":"<p>Roan pouf H43-49cm &#8211; Jaune ocre<\/p>\n","protected":false},"featured_media":1008338,"comment_status":"open","ping_status":"open","template":"","meta":{"_relevanssi_hide_post":"","_relevanssi_hide_content":"","_relevanssi_pin_for_all":"","_relevanssi_pin_keywords":"","_relevanssi_unpin_keywords":"","_relevanssi_related_keywords":"","_relevanssi_related_include_ids":"","_relevanssi_related_exclude_ids":"","_relevanssi_related_no_append":"","_relevanssi_related_not_related":"","_relevanssi_related_posts":"","_relevanssi_noindex_reason":""},"product_brand":[],"product_cat":[1329],"product_tag":[],"class_list":["post-853897","product","type-product","status-publish","has-post-thumbnail","product_cat-poefs_fr_BE","first","onbackorder","taxable","shipping-taxable","purchasable","product-type-simple"],"_links":{"self":[{"href":"https:\/\/www.moensmeubelen.be\/fr\/wp-json\/wp\/v2\/product\/853897","targetHints":{"allow":["GET"]}}],"collection":[{"href":"https:\/\/www.moensmeubelen.be\/fr\/wp-json\/wp\/v2\/product"}],"about":[{"href":"https:\/\/www.moensmeubelen.be\/fr\/wp-json\/wp\/v2\/types\/product"}],"replies":[{"embeddable":true,"href":"https:\/\/www.moensmeubelen.be\/fr\/wp-json\/wp\/v2\/comments?post=853897"}],"wp:featuredmedia":[{"embeddable":true,"href":"https:\/\/www.moensmeubelen.be\/fr\/wp-json\/wp\/v2\/media\/1008338"}],"wp:attachment":[{"href":"https:\/\/www.moensmeubelen.be\/fr\/wp-json\/wp\/v2\/media?parent=853897"}],"wp:term":[{"taxonomy":"product_brand","embeddable":true,"href":"https:\/\/www.moensmeubelen.be\/fr\/wp-json\/wp\/v2\/product_brand?post=853897"},{"taxonomy":"product_cat","embeddable":true,"href":"https:\/\/www.moensmeubelen.be\/fr\/wp-json\/wp\/v2\/product_cat?post=853897"},{"taxonomy":"product_tag","embeddable":true,"href":"https:\/\/www.moensmeubelen.be\/fr\/wp-json\/wp\/v2\/product_tag?post=853897"}],"curies":[{"name":"wp","href":"https:\/\/api.w.org\/{rel}","templated":true}]}}

<p>Avec le système d\&#8217;assise Roan de COCOmaison, vous pouvez composer vous-même un coin salon en combinant différents éléments. Les poufs, le canapé et le fauteuil s\&#8217;harmonisent parfaitement grâce à leur forme et offrent un confort d\&#8217;assise agréable partout dans la maison. Tous les articles sont recouverts d\&#8217;un tissu tendance et disponibles en deux couleurs : ocre et crème. Voici le pouf de couleur ocre, d\&#8217;une largeur de 71 cm. Grâce à sa forme, il s\&#8217;harmonise parfaitement avec la chaise, le banc et le pouf rond, ce qui lui permet de servir de tabouret indépendant, mais aussi de repose-pieds. Petit plus : ce pouf est livré avec deux jeux de pieds, ce qui vous permet de choisir la hauteur (43 ou 49 cm).</p>
