{"id":858200,"date":"2026-06-28T00:00:00","date_gmt":"2026-06-28T00:00:00","guid":{"rendered":"https:\/\/www.moensmeubelen.be\/product\/53349sma-fr_be\/"},"modified":"2026-06-28T23:07:17","modified_gmt":"2026-06-28T21:07:17","slug":"53349SMA-fr_BE","status":"publish","type":"product","link":"https:\/\/www.moensmeubelen.be\/fr\/produit\/53349SMA-fr_BE\/","title":{"rendered":"Ambra toile &#8211; 70x100cm"},"content":{"rendered":"<p>D\u00e9couvrez Ambra, une \u00e9l\u00e9gante aquarelle de Pret a Presse, imprim\u00e9e sur une toile polyester de haute qualit\u00e9. Qu\\&#8217;est-ce qui rend Ambra si sp\u00e9ciale ? La toile est interchangeable et s\\&#8217;int\u00e8gre parfaitement dans un \u00e9l\u00e9gant cadre m\u00e9tallique, con\u00e7u pour ajouter de la flexibilit\u00e9 et de la cr\u00e9ativit\u00e9 \u00e0 votre int\u00e9rieur. Gr\u00e2ce \u00e0 ce syst\u00e8me intelligent, vous pouvez facilement passer d\\&#8217;un motif \u00e0 l\\&#8217;autre au sein d\\&#8217;une m\u00eame collection. Vous pouvez ainsi donner un nouveau look \u00e0 votre int\u00e9rieur en un clin d\\&#8217;\u0153il, en fonction de la saison, de votre humeur ou d\\&#8217;un nouveau concept d\\&#8217;int\u00e9rieur. Que vous optiez pour une aquarelle douce comme Ambra ou un motif plus puissant de la s\u00e9rie, le cadre reste le m\u00eame, seule l\\&#8217;ambiance change. Ambra est disponible en trois formats (70 x 100 cm, 90 x 140 cm et 125 x 185 cm) et n\\&#8217;est pas seulement une \u0153uvre d\\&#8217;art, mais aussi une alternative durable et \u00e9l\u00e9gante \u00e0 la d\u00e9coration murale traditionnelle.<\/p>\n","protected":false},"excerpt":{"rendered":"<p>Ambra toile &#8211; 70x100cm<\/p>\n","protected":false},"featured_media":1008352,"comment_status":"open","ping_status":"open","template":"","meta":{"_relevanssi_hide_post":"","_relevanssi_hide_content":"","_relevanssi_pin_for_all":"","_relevanssi_pin_keywords":"","_relevanssi_unpin_keywords":"","_relevanssi_related_keywords":"","_relevanssi_related_include_ids":"","_relevanssi_related_exclude_ids":"","_relevanssi_related_no_append":"","_relevanssi_related_not_related":"","_relevanssi_related_posts":"","_relevanssi_noindex_reason":""},"product_brand":[],"product_cat":[24121],"product_tag":[],"class_list":["post-858200","product","type-product","status-publish","has-post-thumbnail","product_cat-Wandobjecten_fr_BE","first","onbackorder","taxable","shipping-taxable","purchasable","product-type-simple"],"_links":{"self":[{"href":"https:\/\/www.moensmeubelen.be\/fr\/wp-json\/wp\/v2\/product\/858200","targetHints":{"allow":["GET"]}}],"collection":[{"href":"https:\/\/www.moensmeubelen.be\/fr\/wp-json\/wp\/v2\/product"}],"about":[{"href":"https:\/\/www.moensmeubelen.be\/fr\/wp-json\/wp\/v2\/types\/product"}],"replies":[{"embeddable":true,"href":"https:\/\/www.moensmeubelen.be\/fr\/wp-json\/wp\/v2\/comments?post=858200"}],"wp:featuredmedia":[{"embeddable":true,"href":"https:\/\/www.moensmeubelen.be\/fr\/wp-json\/wp\/v2\/media\/1008352"}],"wp:attachment":[{"href":"https:\/\/www.moensmeubelen.be\/fr\/wp-json\/wp\/v2\/media?parent=858200"}],"wp:term":[{"taxonomy":"product_brand","embeddable":true,"href":"https:\/\/www.moensmeubelen.be\/fr\/wp-json\/wp\/v2\/product_brand?post=858200"},{"taxonomy":"product_cat","embeddable":true,"href":"https:\/\/www.moensmeubelen.be\/fr\/wp-json\/wp\/v2\/product_cat?post=858200"},{"taxonomy":"product_tag","embeddable":true,"href":"https:\/\/www.moensmeubelen.be\/fr\/wp-json\/wp\/v2\/product_tag?post=858200"}],"curies":[{"name":"wp","href":"https:\/\/api.w.org\/{rel}","templated":true}]}}

<p>Découvrez Ambra, une élégante aquarelle de Pret a Presse, imprimée sur une toile polyester de haute qualité. Qu\&#8217;est-ce qui rend Ambra si spéciale ? La toile est interchangeable et s\&#8217;intègre parfaitement dans un élégant cadre métallique, conçu pour ajouter de la flexibilité et de la créativité à votre intérieur. Grâce à ce système intelligent, vous pouvez facilement passer d\&#8217;un motif à l\&#8217;autre au sein d\&#8217;une même collection. Vous pouvez ainsi donner un nouveau look à votre intérieur en un clin d\&#8217;œil, en fonction de la saison, de votre humeur ou d\&#8217;un nouveau concept d\&#8217;intérieur. Que vous optiez pour une aquarelle douce comme Ambra ou un motif plus puissant de la série, le cadre reste le même, seule l\&#8217;ambiance change. Ambra est disponible en trois formats (70 x 100 cm, 90 x 140 cm et 125 x 185 cm) et n\&#8217;est pas seulement une œuvre d\&#8217;art, mais aussi une alternative durable et élégante à la décoration murale traditionnelle.</p>
