{"id":858208,"date":"2026-06-28T00:00:00","date_gmt":"2026-06-28T00:00:00","guid":{"rendered":"https:\/\/www.moensmeubelen.be\/product\/53350lar-fr_be\/"},"modified":"2026-06-28T23:07:25","modified_gmt":"2026-06-28T21:07:25","slug":"53350LAR-fr_BE","status":"publish","type":"product","link":"https:\/\/www.moensmeubelen.be\/fr\/produit\/53350LAR-fr_BE\/","title":{"rendered":"Allegra toile &#8211; 125x185cm"},"content":{"rendered":"<p>D\u00e9couvrez Allegra, une \u0153uvre d\\&#8217;art ludique et \u00e9l\u00e9gante de Pret a Presse, r\u00e9alis\u00e9e selon une technique raffin\u00e9e d\\&#8217;aquarelle. Les couches douces et transparentes et les couleurs vives conf\u00e8rent \u00e0 la sc\u00e8ne \u2013 une personne coiff\u00e9e d\\&#8217;un grand chapeau en train de manger des spaghettis \u2013 un aspect unique, presque onirique. Chaque d\u00e9tail a \u00e9t\u00e9 peint avec soin, conf\u00e9rant \u00e0 Allegra \u00e0 la fois humour et \u00e9l\u00e9gance. Le motif est imprim\u00e9 sur une toile en polyester de haute qualit\u00e9, facilement interchangeable dans un cadre m\u00e9tallique moderne. Ce syst\u00e8me intelligent offre des possibilit\u00e9s infinies : alternez Allegra avec d\\&#8217;autres aquarelles de la collection Pret a Presse et donnez \u00e0 votre int\u00e9rieur une nouvelle ambiance \u00e0 chaque fois, sans travaux d\\&#8217;installation suppl\u00e9mentaires. Disponible en trois formats &#8211; 70&#215;100 cm, 90&#215;140 cm et 125&#215;185 cm &#8211; Allegra est un choix parfait pour ceux qui aiment l\\&#8217;art avec du caract\u00e8re et de la flexibilit\u00e9. La combinaison de l\\&#8217;aquarelle et du design interchangeable fait de cette peinture une solution contemporaine pour une d\u00e9coration murale dynamique.<\/p>\n","protected":false},"excerpt":{"rendered":"<p>Allegra toile &#8211; 125x185cm<\/p>\n","protected":false},"featured_media":1008358,"comment_status":"open","ping_status":"open","template":"","meta":{"_relevanssi_hide_post":"","_relevanssi_hide_content":"","_relevanssi_pin_for_all":"","_relevanssi_pin_keywords":"","_relevanssi_unpin_keywords":"","_relevanssi_related_keywords":"","_relevanssi_related_include_ids":"","_relevanssi_related_exclude_ids":"","_relevanssi_related_no_append":"","_relevanssi_related_not_related":"","_relevanssi_related_posts":"","_relevanssi_noindex_reason":""},"product_brand":[],"product_cat":[24121],"product_tag":[],"class_list":["post-858208","product","type-product","status-publish","has-post-thumbnail","product_cat-Wandobjecten_fr_BE","first","onbackorder","taxable","shipping-taxable","purchasable","product-type-simple"],"_links":{"self":[{"href":"https:\/\/www.moensmeubelen.be\/fr\/wp-json\/wp\/v2\/product\/858208","targetHints":{"allow":["GET"]}}],"collection":[{"href":"https:\/\/www.moensmeubelen.be\/fr\/wp-json\/wp\/v2\/product"}],"about":[{"href":"https:\/\/www.moensmeubelen.be\/fr\/wp-json\/wp\/v2\/types\/product"}],"replies":[{"embeddable":true,"href":"https:\/\/www.moensmeubelen.be\/fr\/wp-json\/wp\/v2\/comments?post=858208"}],"wp:featuredmedia":[{"embeddable":true,"href":"https:\/\/www.moensmeubelen.be\/fr\/wp-json\/wp\/v2\/media\/1008358"}],"wp:attachment":[{"href":"https:\/\/www.moensmeubelen.be\/fr\/wp-json\/wp\/v2\/media?parent=858208"}],"wp:term":[{"taxonomy":"product_brand","embeddable":true,"href":"https:\/\/www.moensmeubelen.be\/fr\/wp-json\/wp\/v2\/product_brand?post=858208"},{"taxonomy":"product_cat","embeddable":true,"href":"https:\/\/www.moensmeubelen.be\/fr\/wp-json\/wp\/v2\/product_cat?post=858208"},{"taxonomy":"product_tag","embeddable":true,"href":"https:\/\/www.moensmeubelen.be\/fr\/wp-json\/wp\/v2\/product_tag?post=858208"}],"curies":[{"name":"wp","href":"https:\/\/api.w.org\/{rel}","templated":true}]}}

<p>Découvrez Allegra, une œuvre d\&#8217;art ludique et élégante de Pret a Presse, réalisée selon une technique raffinée d\&#8217;aquarelle. Les couches douces et transparentes et les couleurs vives confèrent à la scène – une personne coiffée d\&#8217;un grand chapeau en train de manger des spaghettis – un aspect unique, presque onirique. Chaque détail a été peint avec soin, conférant à Allegra à la fois humour et élégance. Le motif est imprimé sur une toile en polyester de haute qualité, facilement interchangeable dans un cadre métallique moderne. Ce système intelligent offre des possibilités infinies : alternez Allegra avec d\&#8217;autres aquarelles de la collection Pret a Presse et donnez à votre intérieur une nouvelle ambiance à chaque fois, sans travaux d\&#8217;installation supplémentaires. Disponible en trois formats &#8211; 70&#215;100 cm, 90&#215;140 cm et 125&#215;185 cm &#8211; Allegra est un choix parfait pour ceux qui aiment l\&#8217;art avec du caractère et de la flexibilité. La combinaison de l\&#8217;aquarelle et du design interchangeable fait de cette peinture une solution contemporaine pour une décoration murale dynamique.</p>
