{"id":858262,"date":"2026-06-28T00:00:00","date_gmt":"2026-06-28T00:00:00","guid":{"rendered":"https:\/\/www.moensmeubelen.be\/product\/53352lar-fr_be\/"},"modified":"2026-06-28T23:08:14","modified_gmt":"2026-06-28T21:08:14","slug":"53352LAR-fr_BE","status":"publish","type":"product","link":"https:\/\/www.moensmeubelen.be\/fr\/produit\/53352LAR-fr_BE\/","title":{"rendered":"Zorra toile &#8211; 125x185cm"},"content":{"rendered":"<p>D\u00e9couvrez Zorra, un portrait num\u00e9rique puissant de Puck van Helvoirt, o\u00f9 se m\u00ealent couleurs, formes et personnalit\u00e9. L\\&#8217;\u0153uvre repr\u00e9sente un personnage stylis\u00e9 avec une tresse remarquable, des joues rouge vif et de grandes boucles d\\&#8217;oreilles vertes \u2013 une interpr\u00e9tation moderne du caract\u00e8re et du style. Les couleurs riches et les d\u00e9tails graphiques font de Zorra un v\u00e9ritable accroche-regard. Le motif est imprim\u00e9 sur une toile en polyester de haute qualit\u00e9, sp\u00e9cialement con\u00e7ue pour un cadre m\u00e9tallique interchangeable. Ce syst\u00e8me intelligent permet de changer facilement plusieurs \u0153uvres d\\&#8217;art de la collection. Vous pouvez ainsi adapter votre d\u00e9coration murale \u00e0 votre int\u00e9rieur, \u00e0 votre humeur ou \u00e0 la saison, sans montage suppl\u00e9mentaire. Zorra a \u00e9t\u00e9 con\u00e7ue num\u00e9riquement, ce qui lui conf\u00e8re des lignes \u00e9pur\u00e9es, des couleurs vives et un look contemporain. Combin\u00e9e \u00e0 la toile interchangeable, cette \u0153uvre d\\&#8217;art est non seulement visuellement forte, mais aussi fonctionnellement flexible. Disponible en trois formats (70 x 100 cm, 90 x 140 cm et 125 x 185 cm), Zorra est id\u00e9ale pour ceux qui aiment l\\&#8217;art moderne avec une touche personnelle.<\/p>\n","protected":false},"excerpt":{"rendered":"<p>Zorra toile &#8211; 125x185cm<\/p>\n","protected":false},"featured_media":1008434,"comment_status":"open","ping_status":"open","template":"","meta":{"_relevanssi_hide_post":"","_relevanssi_hide_content":"","_relevanssi_pin_for_all":"","_relevanssi_pin_keywords":"","_relevanssi_unpin_keywords":"","_relevanssi_related_keywords":"","_relevanssi_related_include_ids":"","_relevanssi_related_exclude_ids":"","_relevanssi_related_no_append":"","_relevanssi_related_not_related":"","_relevanssi_related_posts":"","_relevanssi_noindex_reason":""},"product_brand":[],"product_cat":[24121],"product_tag":[],"class_list":["post-858262","product","type-product","status-publish","has-post-thumbnail","product_cat-Wandobjecten_fr_BE","first","onbackorder","taxable","shipping-taxable","purchasable","product-type-simple"],"_links":{"self":[{"href":"https:\/\/www.moensmeubelen.be\/fr\/wp-json\/wp\/v2\/product\/858262","targetHints":{"allow":["GET"]}}],"collection":[{"href":"https:\/\/www.moensmeubelen.be\/fr\/wp-json\/wp\/v2\/product"}],"about":[{"href":"https:\/\/www.moensmeubelen.be\/fr\/wp-json\/wp\/v2\/types\/product"}],"replies":[{"embeddable":true,"href":"https:\/\/www.moensmeubelen.be\/fr\/wp-json\/wp\/v2\/comments?post=858262"}],"wp:featuredmedia":[{"embeddable":true,"href":"https:\/\/www.moensmeubelen.be\/fr\/wp-json\/wp\/v2\/media\/1008434"}],"wp:attachment":[{"href":"https:\/\/www.moensmeubelen.be\/fr\/wp-json\/wp\/v2\/media?parent=858262"}],"wp:term":[{"taxonomy":"product_brand","embeddable":true,"href":"https:\/\/www.moensmeubelen.be\/fr\/wp-json\/wp\/v2\/product_brand?post=858262"},{"taxonomy":"product_cat","embeddable":true,"href":"https:\/\/www.moensmeubelen.be\/fr\/wp-json\/wp\/v2\/product_cat?post=858262"},{"taxonomy":"product_tag","embeddable":true,"href":"https:\/\/www.moensmeubelen.be\/fr\/wp-json\/wp\/v2\/product_tag?post=858262"}],"curies":[{"name":"wp","href":"https:\/\/api.w.org\/{rel}","templated":true}]}}

<p>Découvrez Zorra, un portrait numérique puissant de Puck van Helvoirt, où se mêlent couleurs, formes et personnalité. L\&#8217;œuvre représente un personnage stylisé avec une tresse remarquable, des joues rouge vif et de grandes boucles d\&#8217;oreilles vertes – une interprétation moderne du caractère et du style. Les couleurs riches et les détails graphiques font de Zorra un véritable accroche-regard. Le motif est imprimé sur une toile en polyester de haute qualité, spécialement conçue pour un cadre métallique interchangeable. Ce système intelligent permet de changer facilement plusieurs œuvres d\&#8217;art de la collection. Vous pouvez ainsi adapter votre décoration murale à votre intérieur, à votre humeur ou à la saison, sans montage supplémentaire. Zorra a été conçue numériquement, ce qui lui confère des lignes épurées, des couleurs vives et un look contemporain. Combinée à la toile interchangeable, cette œuvre d\&#8217;art est non seulement visuellement forte, mais aussi fonctionnellement flexible. Disponible en trois formats (70 x 100 cm, 90 x 140 cm et 125 x 185 cm), Zorra est idéale pour ceux qui aiment l\&#8217;art moderne avec une touche personnelle.</p>
