{"id":858302,"date":"2026-06-28T00:00:00","date_gmt":"2026-06-28T00:00:00","guid":{"rendered":"https:\/\/www.moensmeubelen.be\/product\/53353sma-fr_be\/"},"modified":"2026-06-28T23:08:54","modified_gmt":"2026-06-28T21:08:54","slug":"53353SMA-fr_BE","status":"publish","type":"product","link":"https:\/\/www.moensmeubelen.be\/fr\/produit\/53353SMA-fr_BE\/","title":{"rendered":"Zenya toile &#8211; 70x100cm"},"content":{"rendered":"<p>D\u00e9couvrez Zenya, un portrait num\u00e9rique raffin\u00e9 de Puck van Helvoirt, o\u00f9 se m\u00ealent s\u00e9r\u00e9nit\u00e9 et \u00e9l\u00e9gance. L\\&#8217;\u0153uvre repr\u00e9sente une personne v\u00eatue d\\&#8217;un pull ray\u00e9 beige sur fond bleu clair : une image minimaliste et puissante qui invite \u00e0 la r\u00e9flexion. Les couleurs douces et la simplicit\u00e9 graphique conf\u00e8rent \u00e0 Zenya un aspect moderne et serein. Le motif est imprim\u00e9 sur une toile en polyester de haute qualit\u00e9, facilement interchangeable dans un \u00e9l\u00e9gant cadre m\u00e9tallique. Gr\u00e2ce \u00e0 ce syst\u00e8me intelligent, vous pouvez alterner plusieurs \u0153uvres d\\&#8217;art de la collection de Puck van Helvoirt, en fonction de votre int\u00e9rieur, de votre humeur ou de la saison, sans montage suppl\u00e9mentaire. Zenya est con\u00e7u num\u00e9riquement, ce qui lui conf\u00e8re des lignes \u00e9pur\u00e9es, des contrastes de couleurs subtils et une esth\u00e9tique contemporaine. Combin\u00e9e \u00e0 la toile interchangeable, cette \u0153uvre d\\&#8217;art offre non seulement une tranquillit\u00e9 visuelle, mais aussi une flexibilit\u00e9 fonctionnelle. Disponible en trois formats (70 x 100 cm, 90 x 140 cm et 125 x 185 cm), Zenya est un choix parfait pour ceux qui aiment l\\&#8217;art qui apaise, enrichit et \u00e9volue.<\/p>\n","protected":false},"excerpt":{"rendered":"<p>Zenya toile &#8211; 70x100cm<\/p>\n","protected":false},"featured_media":1008464,"comment_status":"open","ping_status":"open","template":"","meta":{"_relevanssi_hide_post":"","_relevanssi_hide_content":"","_relevanssi_pin_for_all":"","_relevanssi_pin_keywords":"","_relevanssi_unpin_keywords":"","_relevanssi_related_keywords":"","_relevanssi_related_include_ids":"","_relevanssi_related_exclude_ids":"","_relevanssi_related_no_append":"","_relevanssi_related_not_related":"","_relevanssi_related_posts":"","_relevanssi_noindex_reason":""},"product_brand":[],"product_cat":[24121],"product_tag":[],"class_list":["post-858302","product","type-product","status-publish","has-post-thumbnail","product_cat-Wandobjecten_fr_BE","first","onbackorder","taxable","shipping-taxable","purchasable","product-type-simple"],"_links":{"self":[{"href":"https:\/\/www.moensmeubelen.be\/fr\/wp-json\/wp\/v2\/product\/858302","targetHints":{"allow":["GET"]}}],"collection":[{"href":"https:\/\/www.moensmeubelen.be\/fr\/wp-json\/wp\/v2\/product"}],"about":[{"href":"https:\/\/www.moensmeubelen.be\/fr\/wp-json\/wp\/v2\/types\/product"}],"replies":[{"embeddable":true,"href":"https:\/\/www.moensmeubelen.be\/fr\/wp-json\/wp\/v2\/comments?post=858302"}],"wp:featuredmedia":[{"embeddable":true,"href":"https:\/\/www.moensmeubelen.be\/fr\/wp-json\/wp\/v2\/media\/1008464"}],"wp:attachment":[{"href":"https:\/\/www.moensmeubelen.be\/fr\/wp-json\/wp\/v2\/media?parent=858302"}],"wp:term":[{"taxonomy":"product_brand","embeddable":true,"href":"https:\/\/www.moensmeubelen.be\/fr\/wp-json\/wp\/v2\/product_brand?post=858302"},{"taxonomy":"product_cat","embeddable":true,"href":"https:\/\/www.moensmeubelen.be\/fr\/wp-json\/wp\/v2\/product_cat?post=858302"},{"taxonomy":"product_tag","embeddable":true,"href":"https:\/\/www.moensmeubelen.be\/fr\/wp-json\/wp\/v2\/product_tag?post=858302"}],"curies":[{"name":"wp","href":"https:\/\/api.w.org\/{rel}","templated":true}]}}

<p>Découvrez Zenya, un portrait numérique raffiné de Puck van Helvoirt, où se mêlent sérénité et élégance. L\&#8217;œuvre représente une personne vêtue d\&#8217;un pull rayé beige sur fond bleu clair : une image minimaliste et puissante qui invite à la réflexion. Les couleurs douces et la simplicité graphique confèrent à Zenya un aspect moderne et serein. Le motif est imprimé sur une toile en polyester de haute qualité, facilement interchangeable dans un élégant cadre métallique. Grâce à ce système intelligent, vous pouvez alterner plusieurs œuvres d\&#8217;art de la collection de Puck van Helvoirt, en fonction de votre intérieur, de votre humeur ou de la saison, sans montage supplémentaire. Zenya est conçu numériquement, ce qui lui confère des lignes épurées, des contrastes de couleurs subtils et une esthétique contemporaine. Combinée à la toile interchangeable, cette œuvre d\&#8217;art offre non seulement une tranquillité visuelle, mais aussi une flexibilité fonctionnelle. Disponible en trois formats (70 x 100 cm, 90 x 140 cm et 125 x 185 cm), Zenya est un choix parfait pour ceux qui aiment l\&#8217;art qui apaise, enrichit et évolue.</p>
