{"id":858412,"date":"2026-06-28T00:00:00","date_gmt":"2026-06-28T00:00:00","guid":{"rendered":"https:\/\/www.moensmeubelen.be\/product\/53341cre-fr_be\/"},"modified":"2026-06-28T23:06:09","modified_gmt":"2026-06-28T21:06:09","slug":"53341CRE-fr_BE","status":"publish","type":"product","link":"https:\/\/www.moensmeubelen.be\/fr\/produit\/53341CRE-fr_BE\/","title":{"rendered":"Nea colonne H50cm &#8211; Couleur creme"},"content":{"rendered":"<p>Pour chaque objet de votre int\u00e9rieur qui m\u00e9rite d\\&#8217;\u00eatre mis en valeur, il y a le pilier Nea de COCOmaison. Colonne pour plantes, pi\u00e9destal, socle ou support : quel que soit le nom que vous lui donnez, il est toujours utile ! Le Nea est fabriqu\u00e9 en MDF et en papier et pr\u00e9sente un aspect travertin de couleur cr\u00e8me. Avec un poids de plus de 13 kg, il est \u00e0 la fois solide et facile \u00e0 d\u00e9placer. La colonne mesure 80 cm de haut et a une surface de 30 x 30 cm, ce qui vous permet d\\&#8217;y placer facilement un grand pot, un vase ou une statue. Si une colonne ne suffit pas, combinez-la avec une deuxi\u00e8me Nea de 100 cm de haut.<\/p>\n","protected":false},"excerpt":{"rendered":"<p>Nea colonne H50cm &#8211; Couleur creme<\/p>\n","protected":false},"featured_media":1008306,"comment_status":"open","ping_status":"open","template":"","meta":{"_relevanssi_hide_post":"","_relevanssi_hide_content":"","_relevanssi_pin_for_all":"","_relevanssi_pin_keywords":"","_relevanssi_unpin_keywords":"","_relevanssi_related_keywords":"","_relevanssi_related_include_ids":"","_relevanssi_related_exclude_ids":"","_relevanssi_related_no_append":"","_relevanssi_related_not_related":"","_relevanssi_related_posts":"","_relevanssi_noindex_reason":""},"product_brand":[],"product_cat":[24065],"product_tag":[],"class_list":["post-858412","product","type-product","status-publish","has-post-thumbnail","product_cat-Kleinmeubelen_fr_BE","first","onbackorder","taxable","shipping-taxable","purchasable","product-type-simple"],"_links":{"self":[{"href":"https:\/\/www.moensmeubelen.be\/fr\/wp-json\/wp\/v2\/product\/858412","targetHints":{"allow":["GET"]}}],"collection":[{"href":"https:\/\/www.moensmeubelen.be\/fr\/wp-json\/wp\/v2\/product"}],"about":[{"href":"https:\/\/www.moensmeubelen.be\/fr\/wp-json\/wp\/v2\/types\/product"}],"replies":[{"embeddable":true,"href":"https:\/\/www.moensmeubelen.be\/fr\/wp-json\/wp\/v2\/comments?post=858412"}],"wp:featuredmedia":[{"embeddable":true,"href":"https:\/\/www.moensmeubelen.be\/fr\/wp-json\/wp\/v2\/media\/1008306"}],"wp:attachment":[{"href":"https:\/\/www.moensmeubelen.be\/fr\/wp-json\/wp\/v2\/media?parent=858412"}],"wp:term":[{"taxonomy":"product_brand","embeddable":true,"href":"https:\/\/www.moensmeubelen.be\/fr\/wp-json\/wp\/v2\/product_brand?post=858412"},{"taxonomy":"product_cat","embeddable":true,"href":"https:\/\/www.moensmeubelen.be\/fr\/wp-json\/wp\/v2\/product_cat?post=858412"},{"taxonomy":"product_tag","embeddable":true,"href":"https:\/\/www.moensmeubelen.be\/fr\/wp-json\/wp\/v2\/product_tag?post=858412"}],"curies":[{"name":"wp","href":"https:\/\/api.w.org\/{rel}","templated":true}]}}

<p>Pour chaque objet de votre intérieur qui mérite d\&#8217;être mis en valeur, il y a le pilier Nea de COCOmaison. Colonne pour plantes, piédestal, socle ou support : quel que soit le nom que vous lui donnez, il est toujours utile ! Le Nea est fabriqué en MDF et en papier et présente un aspect travertin de couleur crème. Avec un poids de plus de 13 kg, il est à la fois solide et facile à déplacer. La colonne mesure 80 cm de haut et a une surface de 30 x 30 cm, ce qui vous permet d\&#8217;y placer facilement un grand pot, un vase ou une statue. Si une colonne ne suffit pas, combinez-la avec une deuxième Nea de 100 cm de haut.</p>
