{"id":860941,"date":"2026-06-28T00:00:00","date_gmt":"2026-06-28T00:00:00","guid":{"rendered":"https:\/\/www.moensmeubelen.be\/product\/56219001-fr_be\/"},"modified":"2026-06-28T23:53:03","modified_gmt":"2026-06-28T21:53:03","slug":"56219001-fr_BE","status":"publish","type":"product","link":"https:\/\/www.moensmeubelen.be\/fr\/produit\/56219001-fr_BE\/","title":{"rendered":"Manciano, \u00e9l\u00e9ment \/ pouf 60 x 107 cm"},"content":{"rendered":"<p>Compl\u00e9tez votre canap\u00e9 MANCIANO avec ce pouf rectangulaire assorti. Plac\u00e9 entre des \u00e9l\u00e9ments avec dossier, il cr\u00e9e une configuration unique. Enti\u00e8rement tapiss\u00e9, il peut \u00e9galement \u00eatre plac\u00e9 librement dans la pi\u00e8ce. Comme pour les autres \u00e9l\u00e9ments, vous choisissez le tissu, le confort d\u2019assise et les pieds.<\/p>\n","protected":false},"excerpt":{"rendered":"<p>Manciano, \u00e9l\u00e9ment \/ pouf 60 x 107 cm<\/p>\n","protected":false},"featured_media":1010692,"comment_status":"open","ping_status":"open","template":"","meta":{"_relevanssi_hide_post":"","_relevanssi_hide_content":"","_relevanssi_pin_for_all":"","_relevanssi_pin_keywords":"","_relevanssi_unpin_keywords":"","_relevanssi_related_keywords":"","_relevanssi_related_include_ids":"","_relevanssi_related_exclude_ids":"","_relevanssi_related_no_append":"","_relevanssi_related_not_related":"","_relevanssi_related_posts":"","_relevanssi_noindex_reason":""},"product_brand":[],"product_cat":[1329],"product_tag":[],"class_list":["post-860941","product","type-product","status-publish","has-post-thumbnail","product_cat-poefs_fr_BE","first","onbackorder","taxable","shipping-taxable","purchasable","product-type-simple"],"_links":{"self":[{"href":"https:\/\/www.moensmeubelen.be\/fr\/wp-json\/wp\/v2\/product\/860941","targetHints":{"allow":["GET"]}}],"collection":[{"href":"https:\/\/www.moensmeubelen.be\/fr\/wp-json\/wp\/v2\/product"}],"about":[{"href":"https:\/\/www.moensmeubelen.be\/fr\/wp-json\/wp\/v2\/types\/product"}],"replies":[{"embeddable":true,"href":"https:\/\/www.moensmeubelen.be\/fr\/wp-json\/wp\/v2\/comments?post=860941"}],"wp:featuredmedia":[{"embeddable":true,"href":"https:\/\/www.moensmeubelen.be\/fr\/wp-json\/wp\/v2\/media\/1010692"}],"wp:attachment":[{"href":"https:\/\/www.moensmeubelen.be\/fr\/wp-json\/wp\/v2\/media?parent=860941"}],"wp:term":[{"taxonomy":"product_brand","embeddable":true,"href":"https:\/\/www.moensmeubelen.be\/fr\/wp-json\/wp\/v2\/product_brand?post=860941"},{"taxonomy":"product_cat","embeddable":true,"href":"https:\/\/www.moensmeubelen.be\/fr\/wp-json\/wp\/v2\/product_cat?post=860941"},{"taxonomy":"product_tag","embeddable":true,"href":"https:\/\/www.moensmeubelen.be\/fr\/wp-json\/wp\/v2\/product_tag?post=860941"}],"curies":[{"name":"wp","href":"https:\/\/api.w.org\/{rel}","templated":true}]}}

Manciano, élément / pouf 60 x 107 cm

<p>Complétez votre canapé MANCIANO avec ce pouf rectangulaire assorti. Placé entre des éléments avec dossier, il crée une configuration unique. Entièrement tapissé, il peut également être placé librement dans la pièce. Comme pour les autres éléments, vous choisissez le tissu, le confort d’assise et les pieds.</p>

<p>Manciano, élément / pouf 60 x 107 cm</p>
