{"id":861041,"date":"2026-04-16T00:00:00","date_gmt":"2026-04-16T00:00:00","guid":{"rendered":"https:\/\/www.moensmeubelen.be\/product\/55175lgr-fr_be\/"},"modified":"2026-04-16T11:04:17","modified_gmt":"2026-04-16T09:04:17","slug":"55175LGR-fr_BE","status":"publish","type":"product","link":"https:\/\/www.moensmeubelen.be\/fr\/produit\/55175LGR-fr_BE\/","title":{"rendered":"Ian, Chaise de salle \u00e0 manger &#8211; rotative \u00e0 180 degr\u00e9s &#8211; rough off black &#8211; knock down &#8211; pala &#8211; Gris clair"},"content":{"rendered":"","protected":false},"excerpt":{"rendered":"<p>Ian, Chaise de salle \u00e0 manger &#8211; rotative \u00e0 180 degr\u00e9s &#8211; rough off black &#8211; knock down &#8211; pala &#8211; Gris clair<\/p>\n","protected":false},"featured_media":937167,"comment_status":"open","ping_status":"open","template":"","meta":{"_relevanssi_hide_post":"","_relevanssi_hide_content":"","_relevanssi_pin_for_all":"","_relevanssi_pin_keywords":"","_relevanssi_unpin_keywords":"","_relevanssi_related_keywords":"","_relevanssi_related_include_ids":"","_relevanssi_related_exclude_ids":"","_relevanssi_related_no_append":"","_relevanssi_related_not_related":"","_relevanssi_related_posts":"","_relevanssi_noindex_reason":""},"product_brand":[],"product_cat":[1370],"product_tag":[],"class_list":["post-861041","product","type-product","status-publish","has-post-thumbnail","product_cat-eetkamerstoelen_fr_BE","first","onbackorder","taxable","shipping-taxable","purchasable","product-type-simple"],"_links":{"self":[{"href":"https:\/\/www.moensmeubelen.be\/fr\/wp-json\/wp\/v2\/product\/861041","targetHints":{"allow":["GET"]}}],"collection":[{"href":"https:\/\/www.moensmeubelen.be\/fr\/wp-json\/wp\/v2\/product"}],"about":[{"href":"https:\/\/www.moensmeubelen.be\/fr\/wp-json\/wp\/v2\/types\/product"}],"replies":[{"embeddable":true,"href":"https:\/\/www.moensmeubelen.be\/fr\/wp-json\/wp\/v2\/comments?post=861041"}],"wp:featuredmedia":[{"embeddable":true,"href":"https:\/\/www.moensmeubelen.be\/fr\/wp-json\/wp\/v2\/media\/937167"}],"wp:attachment":[{"href":"https:\/\/www.moensmeubelen.be\/fr\/wp-json\/wp\/v2\/media?parent=861041"}],"wp:term":[{"taxonomy":"product_brand","embeddable":true,"href":"https:\/\/www.moensmeubelen.be\/fr\/wp-json\/wp\/v2\/product_brand?post=861041"},{"taxonomy":"product_cat","embeddable":true,"href":"https:\/\/www.moensmeubelen.be\/fr\/wp-json\/wp\/v2\/product_cat?post=861041"},{"taxonomy":"product_tag","embeddable":true,"href":"https:\/\/www.moensmeubelen.be\/fr\/wp-json\/wp\/v2\/product_tag?post=861041"}],"curies":[{"name":"wp","href":"https:\/\/api.w.org\/{rel}","templated":true}]}}

Ian, Chaise de salle à manger &#8211; rotative à 180 degrés &#8211; rough off black &#8211; knock down &#8211; pala &#8211; Gris clair

<p>Ian, Chaise de salle à manger &#8211; rotative à 180 degrés &#8211; rough off black &#8211; knock down &#8211; pala &#8211; Gris clair</p>
