{"id":869335,"date":"2026-06-28T00:00:00","date_gmt":"2026-06-28T00:00:00","guid":{"rendered":"https:\/\/www.moensmeubelen.be\/product\/52404cre-fr_be\/"},"modified":"2026-06-28T22:38:55","modified_gmt":"2026-06-28T20:38:55","slug":"52404CRE-fr_BE","status":"publish","type":"product","link":"https:\/\/www.moensmeubelen.be\/fr\/produit\/52404CRE-fr_BE\/","title":{"rendered":"Trentino, Buffet 240 cm. &#8211; 2 portes + 3 tiroirs + 2 pinces &#8211; Creme"},"content":{"rendered":"<p>Le buffet TRENTINO de 240 cm se distingue par son allure design. Sa finition en MDF laqu\u00e9 coloris cr\u00e8me s\u2019int\u00e8gre parfaitement dans un int\u00e9rieur moderne. Le buffet est livr\u00e9 de s\u00e9rie avec un pi\u00e9tement m\u00e9tallique ton sur ton. Un pi\u00e9tement m\u00e9tallique coloris graphite sont disponibles en option. Le syst\u00e8me push-to-open permet des fa\u00e7ades sans poign\u00e9es. Avec deux portes, trois tiroirs et deux niches ouvertes avec \u00e9clairage LED int\u00e9gr\u00e9, ce buffet offre un espace de rangement fonctionnel. \u00c9galement disponible en coloris olive.<\/p>\n","protected":false},"excerpt":{"rendered":"<p>Trentino, Buffet 240 cm. &#8211; 2 portes + 3 tiroirs + 2 pinces &#8211; Creme<\/p>\n","protected":false},"featured_media":1006992,"comment_status":"open","ping_status":"open","template":"","meta":{"_relevanssi_hide_post":"","_relevanssi_hide_content":"","_relevanssi_pin_for_all":"","_relevanssi_pin_keywords":"","_relevanssi_unpin_keywords":"","_relevanssi_related_keywords":"","_relevanssi_related_include_ids":"","_relevanssi_related_exclude_ids":"","_relevanssi_related_no_append":"","_relevanssi_related_not_related":"","_relevanssi_related_posts":"","_relevanssi_noindex_reason":""},"product_brand":[],"product_cat":[1377],"product_tag":[],"class_list":["post-869335","product","type-product","status-publish","has-post-thumbnail","product_cat-dressoirs_fr_BE","first","onbackorder","taxable","shipping-taxable","purchasable","product-type-simple"],"_links":{"self":[{"href":"https:\/\/www.moensmeubelen.be\/fr\/wp-json\/wp\/v2\/product\/869335","targetHints":{"allow":["GET"]}}],"collection":[{"href":"https:\/\/www.moensmeubelen.be\/fr\/wp-json\/wp\/v2\/product"}],"about":[{"href":"https:\/\/www.moensmeubelen.be\/fr\/wp-json\/wp\/v2\/types\/product"}],"replies":[{"embeddable":true,"href":"https:\/\/www.moensmeubelen.be\/fr\/wp-json\/wp\/v2\/comments?post=869335"}],"wp:featuredmedia":[{"embeddable":true,"href":"https:\/\/www.moensmeubelen.be\/fr\/wp-json\/wp\/v2\/media\/1006992"}],"wp:attachment":[{"href":"https:\/\/www.moensmeubelen.be\/fr\/wp-json\/wp\/v2\/media?parent=869335"}],"wp:term":[{"taxonomy":"product_brand","embeddable":true,"href":"https:\/\/www.moensmeubelen.be\/fr\/wp-json\/wp\/v2\/product_brand?post=869335"},{"taxonomy":"product_cat","embeddable":true,"href":"https:\/\/www.moensmeubelen.be\/fr\/wp-json\/wp\/v2\/product_cat?post=869335"},{"taxonomy":"product_tag","embeddable":true,"href":"https:\/\/www.moensmeubelen.be\/fr\/wp-json\/wp\/v2\/product_tag?post=869335"}],"curies":[{"name":"wp","href":"https:\/\/api.w.org\/{rel}","templated":true}]}}

<p>Le buffet TRENTINO de 240 cm se distingue par son allure design. Sa finition en MDF laqué coloris crème s’intègre parfaitement dans un intérieur moderne. Le buffet est livré de série avec un piétement métallique ton sur ton. Un piétement métallique coloris graphite sont disponibles en option. Le système push-to-open permet des façades sans poignées. Avec deux portes, trois tiroirs et deux niches ouvertes avec éclairage LED intégré, ce buffet offre un espace de rangement fonctionnel. Également disponible en coloris olive.</p>
