{"id":869363,"date":"2026-06-28T00:00:00","date_gmt":"2026-06-28T00:00:00","guid":{"rendered":"https:\/\/www.moensmeubelen.be\/product\/52406oli-fr_be\/"},"modified":"2026-06-28T22:39:35","modified_gmt":"2026-06-28T20:39:35","slug":"52406OLI-fr_BE","status":"publish","type":"product","link":"https:\/\/www.moensmeubelen.be\/fr\/produit\/52406OLI-fr_BE\/","title":{"rendered":"Trentino, Armoire de rangement 95 cm. &#8211; 3 portes + 2 tiroirs + 4 pinces &#8211; Olive"},"content":{"rendered":"<p>La version olive de cette armoire de rangement TRENTINO de 95 cm apporte davantage de caract\u00e8re au meuble. La finition en MDF laqu\u00e9 lui donne une allure contemporaine. Elle est livr\u00e9e avec un pi\u00e9tement m\u00e9tallique ton sur ton. Un pi\u00e9tement coloris graphite est disponible en option. La combinaison de trois portes, deux tiroirs et quatre niches ouvertes avec \u00e9clairage LED int\u00e9gr\u00e9 rend cette armoire polyvalente. \u00c9galement disponible en coloris cr\u00e8me.<\/p>\n","protected":false},"excerpt":{"rendered":"<p>Trentino, Armoire de rangement 95 cm. &#8211; 3 portes + 2 tiroirs + 4 pinces &#8211; Olive<\/p>\n","protected":false},"featured_media":1007022,"comment_status":"open","ping_status":"open","template":"","meta":{"_relevanssi_hide_post":"","_relevanssi_hide_content":"","_relevanssi_pin_for_all":"","_relevanssi_pin_keywords":"","_relevanssi_unpin_keywords":"","_relevanssi_related_keywords":"","_relevanssi_related_include_ids":"","_relevanssi_related_exclude_ids":"","_relevanssi_related_no_append":"","_relevanssi_related_not_related":"","_relevanssi_related_posts":"","_relevanssi_noindex_reason":""},"product_brand":[],"product_cat":[5637],"product_tag":[],"class_list":["post-869363","product","type-product","status-publish","has-post-thumbnail","product_cat-bergkasten_fr_BE","first","onbackorder","taxable","shipping-taxable","purchasable","product-type-simple"],"_links":{"self":[{"href":"https:\/\/www.moensmeubelen.be\/fr\/wp-json\/wp\/v2\/product\/869363","targetHints":{"allow":["GET"]}}],"collection":[{"href":"https:\/\/www.moensmeubelen.be\/fr\/wp-json\/wp\/v2\/product"}],"about":[{"href":"https:\/\/www.moensmeubelen.be\/fr\/wp-json\/wp\/v2\/types\/product"}],"replies":[{"embeddable":true,"href":"https:\/\/www.moensmeubelen.be\/fr\/wp-json\/wp\/v2\/comments?post=869363"}],"wp:featuredmedia":[{"embeddable":true,"href":"https:\/\/www.moensmeubelen.be\/fr\/wp-json\/wp\/v2\/media\/1007022"}],"wp:attachment":[{"href":"https:\/\/www.moensmeubelen.be\/fr\/wp-json\/wp\/v2\/media?parent=869363"}],"wp:term":[{"taxonomy":"product_brand","embeddable":true,"href":"https:\/\/www.moensmeubelen.be\/fr\/wp-json\/wp\/v2\/product_brand?post=869363"},{"taxonomy":"product_cat","embeddable":true,"href":"https:\/\/www.moensmeubelen.be\/fr\/wp-json\/wp\/v2\/product_cat?post=869363"},{"taxonomy":"product_tag","embeddable":true,"href":"https:\/\/www.moensmeubelen.be\/fr\/wp-json\/wp\/v2\/product_tag?post=869363"}],"curies":[{"name":"wp","href":"https:\/\/api.w.org\/{rel}","templated":true}]}}

<p>La version olive de cette armoire de rangement TRENTINO de 95 cm apporte davantage de caractère au meuble. La finition en MDF laqué lui donne une allure contemporaine. Elle est livrée avec un piétement métallique ton sur ton. Un piétement coloris graphite est disponible en option. La combinaison de trois portes, deux tiroirs et quatre niches ouvertes avec éclairage LED intégré rend cette armoire polyvalente. Également disponible en coloris crème.</p>
