{"id":869371,"date":"2026-06-28T00:00:00","date_gmt":"2026-06-28T00:00:00","guid":{"rendered":"https:\/\/www.moensmeubelen.be\/product\/52407cre-fr_be\/"},"modified":"2026-06-28T22:39:42","modified_gmt":"2026-06-28T20:39:42","slug":"52407CRE-fr_BE","status":"publish","type":"product","link":"https:\/\/www.moensmeubelen.be\/fr\/produit\/52407CRE-fr_BE\/","title":{"rendered":"Trentino, Dressette 153 cm. &#8211; 3 portes + 2 tiroirs + 2 pinces &#8211; Creme"},"content":{"rendered":"<p>Cette dressette TRENTINO mesure 132 cm de haut et se caract\u00e9rise par un agencement clair et une allure calme. La finition en MDF laqu\u00e9 coloris cr\u00e8me s\u2019int\u00e8gre bien dans un int\u00e9rieur lumineux. Le meuble est livr\u00e9 avec un pi\u00e9tement m\u00e9tallique ton sur ton. Un pi\u00e9tement m\u00e9tallique coloris graphite est disponible en option. Les portes et tiroirs sont \u00e9quip\u00e9s d\u2019un syst\u00e8me push-to-open pour un design sans poign\u00e9es. Avec trois portes, deux tiroirs et deux niches ouvertes avec \u00e9clairage LED, la dressette offre un espace de rangement suffisant. \u00c9galement disponible en coloris olive.<\/p>\n","protected":false},"excerpt":{"rendered":"<p>Trentino, Dressette 153 cm. &#8211; 3 portes + 2 tiroirs + 2 pinces &#8211; Creme<\/p>\n","protected":false},"featured_media":1007028,"comment_status":"open","ping_status":"open","template":"","meta":{"_relevanssi_hide_post":"","_relevanssi_hide_content":"","_relevanssi_pin_for_all":"","_relevanssi_pin_keywords":"","_relevanssi_unpin_keywords":"","_relevanssi_related_keywords":"","_relevanssi_related_include_ids":"","_relevanssi_related_exclude_ids":"","_relevanssi_related_no_append":"","_relevanssi_related_not_related":"","_relevanssi_related_posts":"","_relevanssi_noindex_reason":""},"product_brand":[],"product_cat":[5637],"product_tag":[],"class_list":["post-869371","product","type-product","status-publish","has-post-thumbnail","product_cat-bergkasten_fr_BE","first","onbackorder","taxable","shipping-taxable","purchasable","product-type-simple"],"_links":{"self":[{"href":"https:\/\/www.moensmeubelen.be\/fr\/wp-json\/wp\/v2\/product\/869371","targetHints":{"allow":["GET"]}}],"collection":[{"href":"https:\/\/www.moensmeubelen.be\/fr\/wp-json\/wp\/v2\/product"}],"about":[{"href":"https:\/\/www.moensmeubelen.be\/fr\/wp-json\/wp\/v2\/types\/product"}],"replies":[{"embeddable":true,"href":"https:\/\/www.moensmeubelen.be\/fr\/wp-json\/wp\/v2\/comments?post=869371"}],"wp:featuredmedia":[{"embeddable":true,"href":"https:\/\/www.moensmeubelen.be\/fr\/wp-json\/wp\/v2\/media\/1007028"}],"wp:attachment":[{"href":"https:\/\/www.moensmeubelen.be\/fr\/wp-json\/wp\/v2\/media?parent=869371"}],"wp:term":[{"taxonomy":"product_brand","embeddable":true,"href":"https:\/\/www.moensmeubelen.be\/fr\/wp-json\/wp\/v2\/product_brand?post=869371"},{"taxonomy":"product_cat","embeddable":true,"href":"https:\/\/www.moensmeubelen.be\/fr\/wp-json\/wp\/v2\/product_cat?post=869371"},{"taxonomy":"product_tag","embeddable":true,"href":"https:\/\/www.moensmeubelen.be\/fr\/wp-json\/wp\/v2\/product_tag?post=869371"}],"curies":[{"name":"wp","href":"https:\/\/api.w.org\/{rel}","templated":true}]}}

<p>Cette dressette TRENTINO mesure 132 cm de haut et se caractérise par un agencement clair et une allure calme. La finition en MDF laqué coloris crème s’intègre bien dans un intérieur lumineux. Le meuble est livré avec un piétement métallique ton sur ton. Un piétement métallique coloris graphite est disponible en option. Les portes et tiroirs sont équipés d’un système push-to-open pour un design sans poignées. Avec trois portes, deux tiroirs et deux niches ouvertes avec éclairage LED, la dressette offre un espace de rangement suffisant. Également disponible en coloris olive.</p>
