{"id":869377,"date":"2026-06-28T00:00:00","date_gmt":"2026-06-28T00:00:00","guid":{"rendered":"https:\/\/www.moensmeubelen.be\/product\/52407oli-fr_be\/"},"modified":"2026-06-28T22:39:51","modified_gmt":"2026-06-28T20:39:51","slug":"52407OLI-fr_BE","status":"publish","type":"product","link":"https:\/\/www.moensmeubelen.be\/fr\/produit\/52407OLI-fr_BE\/","title":{"rendered":"Trentino, Dressette 153 cm. &#8211; 3 portes + 2 tiroirs + 2 pinces &#8211; Olive"},"content":{"rendered":"<p>Cette dressette TRENTINO de 132 cm de haut associe un agencement clair \u00e0 une allure moderne et \u00e9quilibr\u00e9e. La finition en MDF laqu\u00e9 coloris olive apporte une note chaleureuse qui s\u2019accorde aussi bien avec des int\u00e9rieurs clairs que naturels. De s\u00e9rie, la dressette est livr\u00e9e avec un pi\u00e9tement m\u00e9tallique ton sur ton. Un pi\u00e9tement m\u00e9tallique coloris graphite est disponible en option. Le syst\u00e8me push-to-open assure des fa\u00e7ades enti\u00e8rement sans poign\u00e9es. Avec trois portes, deux tiroirs et deux niches ouvertes avec \u00e9clairage LED int\u00e9gr\u00e9, cette dressette offre un espace de rangement pratique. Elle est \u00e9galement disponible en coloris cr\u00e8me.<\/p>\n","protected":false},"excerpt":{"rendered":"<p>Trentino, Dressette 153 cm. &#8211; 3 portes + 2 tiroirs + 2 pinces &#8211; Olive<\/p>\n","protected":false},"featured_media":1007034,"comment_status":"open","ping_status":"open","template":"","meta":{"_relevanssi_hide_post":"","_relevanssi_hide_content":"","_relevanssi_pin_for_all":"","_relevanssi_pin_keywords":"","_relevanssi_unpin_keywords":"","_relevanssi_related_keywords":"","_relevanssi_related_include_ids":"","_relevanssi_related_exclude_ids":"","_relevanssi_related_no_append":"","_relevanssi_related_not_related":"","_relevanssi_related_posts":"","_relevanssi_noindex_reason":""},"product_brand":[],"product_cat":[5637],"product_tag":[],"class_list":["post-869377","product","type-product","status-publish","has-post-thumbnail","product_cat-bergkasten_fr_BE","first","onbackorder","taxable","shipping-taxable","purchasable","product-type-simple"],"_links":{"self":[{"href":"https:\/\/www.moensmeubelen.be\/fr\/wp-json\/wp\/v2\/product\/869377","targetHints":{"allow":["GET"]}}],"collection":[{"href":"https:\/\/www.moensmeubelen.be\/fr\/wp-json\/wp\/v2\/product"}],"about":[{"href":"https:\/\/www.moensmeubelen.be\/fr\/wp-json\/wp\/v2\/types\/product"}],"replies":[{"embeddable":true,"href":"https:\/\/www.moensmeubelen.be\/fr\/wp-json\/wp\/v2\/comments?post=869377"}],"wp:featuredmedia":[{"embeddable":true,"href":"https:\/\/www.moensmeubelen.be\/fr\/wp-json\/wp\/v2\/media\/1007034"}],"wp:attachment":[{"href":"https:\/\/www.moensmeubelen.be\/fr\/wp-json\/wp\/v2\/media?parent=869377"}],"wp:term":[{"taxonomy":"product_brand","embeddable":true,"href":"https:\/\/www.moensmeubelen.be\/fr\/wp-json\/wp\/v2\/product_brand?post=869377"},{"taxonomy":"product_cat","embeddable":true,"href":"https:\/\/www.moensmeubelen.be\/fr\/wp-json\/wp\/v2\/product_cat?post=869377"},{"taxonomy":"product_tag","embeddable":true,"href":"https:\/\/www.moensmeubelen.be\/fr\/wp-json\/wp\/v2\/product_tag?post=869377"}],"curies":[{"name":"wp","href":"https:\/\/api.w.org\/{rel}","templated":true}]}}

<p>Cette dressette TRENTINO de 132 cm de haut associe un agencement clair à une allure moderne et équilibrée. La finition en MDF laqué coloris olive apporte une note chaleureuse qui s’accorde aussi bien avec des intérieurs clairs que naturels. De série, la dressette est livrée avec un piétement métallique ton sur ton. Un piétement métallique coloris graphite est disponible en option. Le système push-to-open assure des façades entièrement sans poignées. Avec trois portes, deux tiroirs et deux niches ouvertes avec éclairage LED intégré, cette dressette offre un espace de rangement pratique. Elle est également disponible en coloris crème.</p>
