{"id":874047,"date":"2026-06-28T00:00:00","date_gmt":"2026-06-28T00:00:00","guid":{"rendered":"https:\/\/www.moensmeubelen.be\/product\/56567lsa-fr_be\/"},"modified":"2026-06-29T00:28:24","modified_gmt":"2026-06-28T22:28:24","slug":"56567LSA-fr_BE","status":"publish","type":"product","link":"https:\/\/www.moensmeubelen.be\/fr\/produit\/56567LSA-fr_BE\/","title":{"rendered":"Saluti, table de bar ovale 150 x 105 cm. &#8211; 4 pieds &#8211; graphite &#8211; Light sand"},"content":{"rendered":"<p>Cette table de bar SALUTI est \u00e9quip\u00e9e d\u2019un plateau ovale de 150 x 105 cm, pos\u00e9 sur un pi\u00e9tement m\u00e9tallique \u00e0 4 pieds en coloris graphite. Avec une hauteur de 92 cm, elle est parfaitement adapt\u00e9e \u00e0 diff\u00e9rents tabourets de bar de la collection XOOON. Le plateau est fabriqu\u00e9 en MDF de haute qualit\u00e9 avec un rev\u00eatement Primo Laminato (HPL) finition effet pierre coloris light sand. Ce mat\u00e9riau est r\u00e9sistant aux rayures, supporte des temp\u00e9ratures \u00e9lev\u00e9es et est facile \u00e0 entretenir. Gr\u00e2ce \u00e0 sa forme ovale, vous cassez les lignes droites dans votre int\u00e9rieur et ajoutez facilement des si\u00e8ges suppl\u00e9mentaires.<\/p>\n","protected":false},"excerpt":{"rendered":"<p>Saluti, table de bar ovale 150 x 105 cm. &#8211; 4 pieds &#8211; graphite &#8211; Light sand<\/p>\n","protected":false},"featured_media":1012202,"comment_status":"open","ping_status":"open","template":"","meta":{"_relevanssi_hide_post":"","_relevanssi_hide_content":"","_relevanssi_pin_for_all":"","_relevanssi_pin_keywords":"","_relevanssi_unpin_keywords":"","_relevanssi_related_keywords":"","_relevanssi_related_include_ids":"","_relevanssi_related_exclude_ids":"","_relevanssi_related_no_append":"","_relevanssi_related_not_related":"","_relevanssi_related_posts":"","_relevanssi_noindex_reason":""},"product_brand":[],"product_cat":[1314],"product_tag":[],"class_list":["post-874047","product","type-product","status-publish","has-post-thumbnail","product_cat-bartafels_fr_BE","first","onbackorder","sale","taxable","shipping-taxable","purchasable","product-type-simple"],"_links":{"self":[{"href":"https:\/\/www.moensmeubelen.be\/fr\/wp-json\/wp\/v2\/product\/874047","targetHints":{"allow":["GET"]}}],"collection":[{"href":"https:\/\/www.moensmeubelen.be\/fr\/wp-json\/wp\/v2\/product"}],"about":[{"href":"https:\/\/www.moensmeubelen.be\/fr\/wp-json\/wp\/v2\/types\/product"}],"replies":[{"embeddable":true,"href":"https:\/\/www.moensmeubelen.be\/fr\/wp-json\/wp\/v2\/comments?post=874047"}],"wp:featuredmedia":[{"embeddable":true,"href":"https:\/\/www.moensmeubelen.be\/fr\/wp-json\/wp\/v2\/media\/1012202"}],"wp:attachment":[{"href":"https:\/\/www.moensmeubelen.be\/fr\/wp-json\/wp\/v2\/media?parent=874047"}],"wp:term":[{"taxonomy":"product_brand","embeddable":true,"href":"https:\/\/www.moensmeubelen.be\/fr\/wp-json\/wp\/v2\/product_brand?post=874047"},{"taxonomy":"product_cat","embeddable":true,"href":"https:\/\/www.moensmeubelen.be\/fr\/wp-json\/wp\/v2\/product_cat?post=874047"},{"taxonomy":"product_tag","embeddable":true,"href":"https:\/\/www.moensmeubelen.be\/fr\/wp-json\/wp\/v2\/product_tag?post=874047"}],"curies":[{"name":"wp","href":"https:\/\/api.w.org\/{rel}","templated":true}]}}

<p>Cette table de bar SALUTI est équipée d’un plateau ovale de 150 x 105 cm, posé sur un piétement métallique à 4 pieds en coloris graphite. Avec une hauteur de 92 cm, elle est parfaitement adaptée à différents tabourets de bar de la collection XOOON. Le plateau est fabriqué en MDF de haute qualité avec un revêtement Primo Laminato (HPL) finition effet pierre coloris light sand. Ce matériau est résistant aux rayures, supporte des températures élevées et est facile à entretenir. Grâce à sa forme ovale, vous cassez les lignes droites dans votre intérieur et ajoutez facilement des sièges supplémentaires.</p>
