{"id":881073,"date":"2026-07-23T00:00:00","date_gmt":"2026-07-23T00:00:00","guid":{"rendered":"https:\/\/www.moensmeubelen.be\/product\/55128kie-fr_be\/"},"modified":"2026-07-23T09:23:21","modified_gmt":"2026-07-23T07:23:21","slug":"55128KIE-fr_BE","status":"publish","type":"product","link":"https:\/\/www.moensmeubelen.be\/fr\/produit\/55128KIE-fr_BE\/","title":{"rendered":"Theros, Chaise de salle \u00e0 manger 4 pieds en ch\u00eane naturel avec syst\u00e8me relax &#8211; pivotante &#8211; tissu oregon\/s\u00e9ville &#8211; Caillou"},"content":{"rendered":"<p>La chaise de salle \u00e0 manger Theros associe naturellement confort et \u00e9l\u00e9gance. Son assise est rev\u00eatue d\u2019une combinaison du tissu chenille Sevilla et du tissu Oregon, offrant une texture riche et un excellent confort. La teinte Galet lui conf\u00e8re une allure sobre et raffin\u00e9e qui s\u2019accorde facilement avec diff\u00e9rents mat\u00e9riaux et coloris. Son pi\u00e8tement pivotant en ch\u00eane apporte une touche chaleureuse et \u00e9l\u00e9gante, tandis que le syst\u00e8me relax int\u00e9gr\u00e9 assure un confort suppl\u00e9mentaire lors des longs repas. Disponible dans plusieurs coloris et versions, Theros s\u2019adapte facilement \u00e0 votre style de vie et \u00e0 votre int\u00e9rieur.<\/p>\n","protected":false},"excerpt":{"rendered":"<p>Theros, Chaise de salle \u00e0 manger 4 pieds en ch\u00eane naturel avec syst\u00e8me relax &#8211; pivotante &#8211; tissu oregon\/s\u00e9ville &#8211; Caillou<\/p>\n","protected":false},"featured_media":1035544,"comment_status":"open","ping_status":"open","template":"","meta":{"_relevanssi_hide_post":"","_relevanssi_hide_content":"","_relevanssi_pin_for_all":"","_relevanssi_pin_keywords":"","_relevanssi_unpin_keywords":"","_relevanssi_related_keywords":"","_relevanssi_related_include_ids":"","_relevanssi_related_exclude_ids":"","_relevanssi_related_no_append":"","_relevanssi_related_not_related":"","_relevanssi_related_posts":"","_relevanssi_noindex_reason":""},"product_brand":[],"product_cat":[1370],"product_tag":[],"class_list":["post-881073","product","type-product","status-publish","has-post-thumbnail","product_cat-eetkamerstoelen_fr_BE","first","onbackorder","taxable","shipping-taxable","purchasable","product-type-simple"],"_links":{"self":[{"href":"https:\/\/www.moensmeubelen.be\/fr\/wp-json\/wp\/v2\/product\/881073","targetHints":{"allow":["GET"]}}],"collection":[{"href":"https:\/\/www.moensmeubelen.be\/fr\/wp-json\/wp\/v2\/product"}],"about":[{"href":"https:\/\/www.moensmeubelen.be\/fr\/wp-json\/wp\/v2\/types\/product"}],"replies":[{"embeddable":true,"href":"https:\/\/www.moensmeubelen.be\/fr\/wp-json\/wp\/v2\/comments?post=881073"}],"wp:featuredmedia":[{"embeddable":true,"href":"https:\/\/www.moensmeubelen.be\/fr\/wp-json\/wp\/v2\/media\/1035544"}],"wp:attachment":[{"href":"https:\/\/www.moensmeubelen.be\/fr\/wp-json\/wp\/v2\/media?parent=881073"}],"wp:term":[{"taxonomy":"product_brand","embeddable":true,"href":"https:\/\/www.moensmeubelen.be\/fr\/wp-json\/wp\/v2\/product_brand?post=881073"},{"taxonomy":"product_cat","embeddable":true,"href":"https:\/\/www.moensmeubelen.be\/fr\/wp-json\/wp\/v2\/product_cat?post=881073"},{"taxonomy":"product_tag","embeddable":true,"href":"https:\/\/www.moensmeubelen.be\/fr\/wp-json\/wp\/v2\/product_tag?post=881073"}],"curies":[{"name":"wp","href":"https:\/\/api.w.org\/{rel}","templated":true}]}}

Theros, Chaise de salle à manger 4 pieds en chêne naturel avec système relax &#8211; pivotante &#8211; tissu oregon/séville &#8211; Caillou

<p>La chaise de salle à manger Theros associe naturellement confort et élégance. Son assise est revêtue d’une combinaison du tissu chenille Sevilla et du tissu Oregon, offrant une texture riche et un excellent confort. La teinte Galet lui confère une allure sobre et raffinée qui s’accorde facilement avec différents matériaux et coloris. Son piètement pivotant en chêne apporte une touche chaleureuse et élégante, tandis que le système relax intégré assure un confort supplémentaire lors des longs repas. Disponible dans plusieurs coloris et versions, Theros s’adapte facilement à votre style de vie et à votre intérieur.</p>

<p>Theros, Chaise de salle à manger 4 pieds en chêne naturel avec système relax &#8211; pivotante &#8211; tissu oregon/séville &#8211; Caillou</p>
