{"id":882553,"date":"2026-06-28T00:00:00","date_gmt":"2026-06-28T00:00:00","guid":{"rendered":"https:\/\/www.moensmeubelen.be\/product\/52973gry-fr_be\/"},"modified":"2026-06-28T22:45:20","modified_gmt":"2026-06-28T20:45:20","slug":"52973GRY-fr_BE","status":"publish","type":"product","link":"https:\/\/www.moensmeubelen.be\/fr\/produit\/52973GRY-fr_BE\/","title":{"rendered":"Denver, Canap\u00e9 3 places &#8211; Tissu Livigno &#8211; Gris"},"content":{"rendered":"<p>Le canap\u00e9 3 places DENVER allie look minimaliste et confort d\u2019assise agr\u00e9able. Les coussins de dossier confortables et la suspension \u00e0 ressorts ensach\u00e9s offrent un bon soutien. Le tissu chenille Livigno gris et les pieds design de 13 cm donnent au canap\u00e9 une allure sobre et moderne, id\u00e9ale pour diff\u00e9rents styles de vie.<\/p>\n","protected":false},"excerpt":{"rendered":"<p>Denver, Canap\u00e9 3 places &#8211; Tissu Livigno &#8211; Gris &#8211; Confort d\\&#8217;assise avec ressorts ensach\u00e9s, Design minimaliste<\/p>\n","protected":false},"featured_media":1007296,"comment_status":"open","ping_status":"open","template":"","meta":{"_relevanssi_hide_post":"","_relevanssi_hide_content":"","_relevanssi_pin_for_all":"","_relevanssi_pin_keywords":"","_relevanssi_unpin_keywords":"","_relevanssi_related_keywords":"","_relevanssi_related_include_ids":"","_relevanssi_related_exclude_ids":"","_relevanssi_related_no_append":"","_relevanssi_related_not_related":"","_relevanssi_related_posts":"","_relevanssi_noindex_reason":""},"product_brand":[],"product_cat":[5647],"product_tag":[],"class_list":["post-882553","product","type-product","status-publish","has-post-thumbnail","product_cat-zetels_l2_fr_BE","first","onbackorder","taxable","shipping-taxable","purchasable","product-type-simple"],"_links":{"self":[{"href":"https:\/\/www.moensmeubelen.be\/fr\/wp-json\/wp\/v2\/product\/882553","targetHints":{"allow":["GET"]}}],"collection":[{"href":"https:\/\/www.moensmeubelen.be\/fr\/wp-json\/wp\/v2\/product"}],"about":[{"href":"https:\/\/www.moensmeubelen.be\/fr\/wp-json\/wp\/v2\/types\/product"}],"replies":[{"embeddable":true,"href":"https:\/\/www.moensmeubelen.be\/fr\/wp-json\/wp\/v2\/comments?post=882553"}],"wp:featuredmedia":[{"embeddable":true,"href":"https:\/\/www.moensmeubelen.be\/fr\/wp-json\/wp\/v2\/media\/1007296"}],"wp:attachment":[{"href":"https:\/\/www.moensmeubelen.be\/fr\/wp-json\/wp\/v2\/media?parent=882553"}],"wp:term":[{"taxonomy":"product_brand","embeddable":true,"href":"https:\/\/www.moensmeubelen.be\/fr\/wp-json\/wp\/v2\/product_brand?post=882553"},{"taxonomy":"product_cat","embeddable":true,"href":"https:\/\/www.moensmeubelen.be\/fr\/wp-json\/wp\/v2\/product_cat?post=882553"},{"taxonomy":"product_tag","embeddable":true,"href":"https:\/\/www.moensmeubelen.be\/fr\/wp-json\/wp\/v2\/product_tag?post=882553"}],"curies":[{"name":"wp","href":"https:\/\/api.w.org\/{rel}","templated":true}]}}

Denver, Canapé 3 places &#8211; Tissu Livigno &#8211; Gris

<p>Le canapé 3 places DENVER allie look minimaliste et confort d’assise agréable. Les coussins de dossier confortables et la suspension à ressorts ensachés offrent un bon soutien. Le tissu chenille Livigno gris et les pieds design de 13 cm donnent au canapé une allure sobre et moderne, idéale pour différents styles de vie.</p>

<p>Denver, Canapé 3 places &#8211; Tissu Livigno &#8211; Gris &#8211; Confort d\&#8217;assise avec ressorts ensachés, Design minimaliste</p>
