{"id":882593,"date":"2026-06-28T00:00:00","date_gmt":"2026-06-28T00:00:00","guid":{"rendered":"https:\/\/www.moensmeubelen.be\/product\/52976cre-fr_be\/"},"modified":"2026-06-28T22:45:56","modified_gmt":"2026-06-28T20:45:56","slug":"52976CRE-fr_BE","status":"publish","type":"product","link":"https:\/\/www.moensmeubelen.be\/fr\/produit\/52976CRE-fr_BE\/","title":{"rendered":"Denver, Pouf &#8211; Tissu Livigno &#8211; Creme"},"content":{"rendered":"<p>Ce pouf DENVER (80 \u00d7 60 cm) est le compl\u00e9ment id\u00e9al \u00e0 votre canap\u00e9 de la m\u00eame gamme. Utilisez-le comme repose-pieds ou comme assise d\u2019appoint. Son design sobre et neutre lui permet de s\u2019int\u00e9grer facilement, m\u00eame en solo. Le tissu chenille Livigno cr\u00e8me et les pieds design fins de 13 cm assurent une harmonie parfaite avec diff\u00e9rents styles d\u2019int\u00e9rieur.<\/p>\n","protected":false},"excerpt":{"rendered":"<p>Denver, Pouf &#8211; Tissu Livigno &#8211; Creme<\/p>\n","protected":false},"featured_media":1007316,"comment_status":"open","ping_status":"open","template":"","meta":{"_relevanssi_hide_post":"","_relevanssi_hide_content":"","_relevanssi_pin_for_all":"","_relevanssi_pin_keywords":"","_relevanssi_unpin_keywords":"","_relevanssi_related_keywords":"","_relevanssi_related_include_ids":"","_relevanssi_related_exclude_ids":"","_relevanssi_related_no_append":"","_relevanssi_related_not_related":"","_relevanssi_related_posts":"","_relevanssi_noindex_reason":""},"product_brand":[],"product_cat":[1329],"product_tag":[],"class_list":["post-882593","product","type-product","status-publish","has-post-thumbnail","product_cat-poefs_fr_BE","first","onbackorder","taxable","shipping-taxable","purchasable","product-type-simple"],"_links":{"self":[{"href":"https:\/\/www.moensmeubelen.be\/fr\/wp-json\/wp\/v2\/product\/882593","targetHints":{"allow":["GET"]}}],"collection":[{"href":"https:\/\/www.moensmeubelen.be\/fr\/wp-json\/wp\/v2\/product"}],"about":[{"href":"https:\/\/www.moensmeubelen.be\/fr\/wp-json\/wp\/v2\/types\/product"}],"replies":[{"embeddable":true,"href":"https:\/\/www.moensmeubelen.be\/fr\/wp-json\/wp\/v2\/comments?post=882593"}],"wp:featuredmedia":[{"embeddable":true,"href":"https:\/\/www.moensmeubelen.be\/fr\/wp-json\/wp\/v2\/media\/1007316"}],"wp:attachment":[{"href":"https:\/\/www.moensmeubelen.be\/fr\/wp-json\/wp\/v2\/media?parent=882593"}],"wp:term":[{"taxonomy":"product_brand","embeddable":true,"href":"https:\/\/www.moensmeubelen.be\/fr\/wp-json\/wp\/v2\/product_brand?post=882593"},{"taxonomy":"product_cat","embeddable":true,"href":"https:\/\/www.moensmeubelen.be\/fr\/wp-json\/wp\/v2\/product_cat?post=882593"},{"taxonomy":"product_tag","embeddable":true,"href":"https:\/\/www.moensmeubelen.be\/fr\/wp-json\/wp\/v2\/product_tag?post=882593"}],"curies":[{"name":"wp","href":"https:\/\/api.w.org\/{rel}","templated":true}]}}

<p>Ce pouf DENVER (80 × 60 cm) est le complément idéal à votre canapé de la même gamme. Utilisez-le comme repose-pieds ou comme assise d’appoint. Son design sobre et neutre lui permet de s’intégrer facilement, même en solo. Le tissu chenille Livigno crème et les pieds design fins de 13 cm assurent une harmonie parfaite avec différents styles d’intérieur.</p>
