{"id":883003,"date":"2026-05-19T00:00:00","date_gmt":"2026-05-19T00:00:00","guid":{"rendered":"https:\/\/www.moensmeubelen.be\/product\/54500bas-fr_be\/"},"modified":"2026-05-19T11:25:15","modified_gmt":"2026-05-19T09:25:15","slug":"54500BAS-fr_BE","status":"publish","type":"product","link":"https:\/\/www.moensmeubelen.be\/fr\/produit\/54500BAS-fr_BE\/","title":{"rendered":"Gijon, vaisselier 240 cm &#8211; 2-portes de verres + 5-portes + 2-tiroirs (+ LED) + plinthe"},"content":{"rendered":"<p>Le vaisselier de la collection Gijon r\u00e9unit calme et caract\u00e8re dans votre int\u00e9rieur. Son design \u00e9pur\u00e9 avec plinthe apporte une touche contemporaine, tandis que le placage ch\u00eane en coloris basalte profond diffuse une agr\u00e9able chaleur. Derri\u00e8re l\u2019association de portes vitr\u00e9es, de portes pleines et de tiroirs, vous rangez facilement toutes vos affaires. L\u2019\u00e9clairage LED int\u00e9gr\u00e9 met subtilement en valeur vos plus beaux objets et, gr\u00e2ce au syst\u00e8me soft-close, portes et tiroirs se ferment toujours en douceur et sans bruit.<\/p>\n","protected":false},"excerpt":{"rendered":"<p>Gijon, vaisselier 240 cm &#8211; 2-portes de verres + 5-portes + 2-tiroirs (+ LED) + plinthe<\/p>\n","protected":false},"featured_media":970555,"comment_status":"open","ping_status":"open","template":"","meta":{"_relevanssi_hide_post":"","_relevanssi_hide_content":"","_relevanssi_pin_for_all":"","_relevanssi_pin_keywords":"","_relevanssi_unpin_keywords":"","_relevanssi_related_keywords":"","_relevanssi_related_include_ids":"","_relevanssi_related_exclude_ids":"","_relevanssi_related_no_append":"","_relevanssi_related_not_related":"","_relevanssi_related_posts":"","_relevanssi_noindex_reason":""},"product_brand":[],"product_cat":[1779],"product_tag":[],"class_list":["post-883003","product","type-product","status-publish","has-post-thumbnail","product_cat-buffetkasten_fr_BE","first","onbackorder","taxable","shipping-taxable","purchasable","product-type-simple"],"_links":{"self":[{"href":"https:\/\/www.moensmeubelen.be\/fr\/wp-json\/wp\/v2\/product\/883003","targetHints":{"allow":["GET"]}}],"collection":[{"href":"https:\/\/www.moensmeubelen.be\/fr\/wp-json\/wp\/v2\/product"}],"about":[{"href":"https:\/\/www.moensmeubelen.be\/fr\/wp-json\/wp\/v2\/types\/product"}],"replies":[{"embeddable":true,"href":"https:\/\/www.moensmeubelen.be\/fr\/wp-json\/wp\/v2\/comments?post=883003"}],"wp:featuredmedia":[{"embeddable":true,"href":"https:\/\/www.moensmeubelen.be\/fr\/wp-json\/wp\/v2\/media\/970555"}],"wp:attachment":[{"href":"https:\/\/www.moensmeubelen.be\/fr\/wp-json\/wp\/v2\/media?parent=883003"}],"wp:term":[{"taxonomy":"product_brand","embeddable":true,"href":"https:\/\/www.moensmeubelen.be\/fr\/wp-json\/wp\/v2\/product_brand?post=883003"},{"taxonomy":"product_cat","embeddable":true,"href":"https:\/\/www.moensmeubelen.be\/fr\/wp-json\/wp\/v2\/product_cat?post=883003"},{"taxonomy":"product_tag","embeddable":true,"href":"https:\/\/www.moensmeubelen.be\/fr\/wp-json\/wp\/v2\/product_tag?post=883003"}],"curies":[{"name":"wp","href":"https:\/\/api.w.org\/{rel}","templated":true}]}}

<p>Le vaisselier de la collection Gijon réunit calme et caractère dans votre intérieur. Son design épuré avec plinthe apporte une touche contemporaine, tandis que le placage chêne en coloris basalte profond diffuse une agréable chaleur. Derrière l’association de portes vitrées, de portes pleines et de tiroirs, vous rangez facilement toutes vos affaires. L’éclairage LED intégré met subtilement en valeur vos plus beaux objets et, grâce au système soft-close, portes et tiroirs se ferment toujours en douceur et sans bruit.</p>
