{"id":883011,"date":"2026-05-19T00:00:00","date_gmt":"2026-05-19T00:00:00","guid":{"rendered":"https:\/\/www.moensmeubelen.be\/product\/54501bas-fr_be\/"},"modified":"2026-05-19T11:25:22","modified_gmt":"2026-05-19T09:25:22","slug":"54501BAS-fr_BE","status":"publish","type":"product","link":"https:\/\/www.moensmeubelen.be\/fr\/produit\/54501BAS-fr_BE\/","title":{"rendered":"Gijon, tv-buffet 180 cm &#8211; 2-portes + 2-tiroirs + plinthe"},"content":{"rendered":"<p>Le meuble TV de la collection Gijon offre une base \u00e0 la fois \u00e9pur\u00e9e et \u00e9l\u00e9gante dans votre int\u00e9rieur. Son design moderne aux lignes nettes et sa plinthe cr\u00e9ent une impression d\u2019ordre, tandis que le placage ch\u00eane en basalte profond apporte de la chaleur. Dot\u00e9 de deux portes et de deux tiroirs, il permet de ranger facilement vos affaires. Le syst\u00e8me soft-close rend l\u2019ensemble particuli\u00e8rement agr\u00e9able \u00e0 utiliser.<\/p>\n","protected":false},"excerpt":{"rendered":"<p>Gijon, tv-buffet 180 cm &#8211; 2-portes + 2-tiroirs + plinthe<\/p>\n","protected":false},"featured_media":970561,"comment_status":"open","ping_status":"open","template":"","meta":{"_relevanssi_hide_post":"","_relevanssi_hide_content":"","_relevanssi_pin_for_all":"","_relevanssi_pin_keywords":"","_relevanssi_unpin_keywords":"","_relevanssi_related_keywords":"","_relevanssi_related_include_ids":"","_relevanssi_related_exclude_ids":"","_relevanssi_related_no_append":"","_relevanssi_related_not_related":"","_relevanssi_related_posts":"","_relevanssi_noindex_reason":""},"product_brand":[],"product_cat":[1321],"product_tag":[],"class_list":["post-883011","product","type-product","status-publish","has-post-thumbnail","product_cat-tv_meubels_fr_BE","first","onbackorder","taxable","shipping-taxable","purchasable","product-type-simple"],"_links":{"self":[{"href":"https:\/\/www.moensmeubelen.be\/fr\/wp-json\/wp\/v2\/product\/883011","targetHints":{"allow":["GET"]}}],"collection":[{"href":"https:\/\/www.moensmeubelen.be\/fr\/wp-json\/wp\/v2\/product"}],"about":[{"href":"https:\/\/www.moensmeubelen.be\/fr\/wp-json\/wp\/v2\/types\/product"}],"replies":[{"embeddable":true,"href":"https:\/\/www.moensmeubelen.be\/fr\/wp-json\/wp\/v2\/comments?post=883011"}],"wp:featuredmedia":[{"embeddable":true,"href":"https:\/\/www.moensmeubelen.be\/fr\/wp-json\/wp\/v2\/media\/970561"}],"wp:attachment":[{"href":"https:\/\/www.moensmeubelen.be\/fr\/wp-json\/wp\/v2\/media?parent=883011"}],"wp:term":[{"taxonomy":"product_brand","embeddable":true,"href":"https:\/\/www.moensmeubelen.be\/fr\/wp-json\/wp\/v2\/product_brand?post=883011"},{"taxonomy":"product_cat","embeddable":true,"href":"https:\/\/www.moensmeubelen.be\/fr\/wp-json\/wp\/v2\/product_cat?post=883011"},{"taxonomy":"product_tag","embeddable":true,"href":"https:\/\/www.moensmeubelen.be\/fr\/wp-json\/wp\/v2\/product_tag?post=883011"}],"curies":[{"name":"wp","href":"https:\/\/api.w.org\/{rel}","templated":true}]}}

<p>Le meuble TV de la collection Gijon offre une base à la fois épurée et élégante dans votre intérieur. Son design moderne aux lignes nettes et sa plinthe créent une impression d’ordre, tandis que le placage chêne en basalte profond apporte de la chaleur. Doté de deux portes et de deux tiroirs, il permet de ranger facilement vos affaires. Le système soft-close rend l’ensemble particulièrement agréable à utiliser.</p>
