{"id":883019,"date":"2026-05-19T00:00:00","date_gmt":"2026-05-19T00:00:00","guid":{"rendered":"https:\/\/www.moensmeubelen.be\/product\/54502bas-fr_be\/"},"modified":"2026-05-19T11:25:29","modified_gmt":"2026-05-19T09:25:29","slug":"54502BAS-fr_BE","status":"publish","type":"product","link":"https:\/\/www.moensmeubelen.be\/fr\/produit\/54502BAS-fr_BE\/","title":{"rendered":"Gijon, tv-buffet 150 cm &#8211; 2-portes + 2-tiroirs + plinthe"},"content":{"rendered":"<p>Ce meuble TV de la collection Gijon est compact, mais remarquable par son style. Son design \u00e9pur\u00e9 avec plinthe cr\u00e9e une base moderne et apaisante dans votre espace salon. Le placage ch\u00eane en basalte profond instaure une atmosph\u00e8re chaleureuse et raffin\u00e9e. Derri\u00e8re les portes et dans les tiroirs, vous rangez facilement vos affaires. Les finitions soign\u00e9es et le syst\u00e8me soft-close assurent un confort d\u2019utilisation optimal.<\/p>\n","protected":false},"excerpt":{"rendered":"<p>Gijon, tv-buffet 150 cm &#8211; 2-portes + 2-tiroirs + plinthe<\/p>\n","protected":false},"featured_media":970567,"comment_status":"open","ping_status":"open","template":"","meta":{"_relevanssi_hide_post":"","_relevanssi_hide_content":"","_relevanssi_pin_for_all":"","_relevanssi_pin_keywords":"","_relevanssi_unpin_keywords":"","_relevanssi_related_keywords":"","_relevanssi_related_include_ids":"","_relevanssi_related_exclude_ids":"","_relevanssi_related_no_append":"","_relevanssi_related_not_related":"","_relevanssi_related_posts":"","_relevanssi_noindex_reason":""},"product_brand":[],"product_cat":[1321],"product_tag":[],"class_list":["post-883019","product","type-product","status-publish","has-post-thumbnail","product_cat-tv_meubels_fr_BE","first","onbackorder","taxable","shipping-taxable","purchasable","product-type-simple"],"_links":{"self":[{"href":"https:\/\/www.moensmeubelen.be\/fr\/wp-json\/wp\/v2\/product\/883019","targetHints":{"allow":["GET"]}}],"collection":[{"href":"https:\/\/www.moensmeubelen.be\/fr\/wp-json\/wp\/v2\/product"}],"about":[{"href":"https:\/\/www.moensmeubelen.be\/fr\/wp-json\/wp\/v2\/types\/product"}],"replies":[{"embeddable":true,"href":"https:\/\/www.moensmeubelen.be\/fr\/wp-json\/wp\/v2\/comments?post=883019"}],"wp:featuredmedia":[{"embeddable":true,"href":"https:\/\/www.moensmeubelen.be\/fr\/wp-json\/wp\/v2\/media\/970567"}],"wp:attachment":[{"href":"https:\/\/www.moensmeubelen.be\/fr\/wp-json\/wp\/v2\/media?parent=883019"}],"wp:term":[{"taxonomy":"product_brand","embeddable":true,"href":"https:\/\/www.moensmeubelen.be\/fr\/wp-json\/wp\/v2\/product_brand?post=883019"},{"taxonomy":"product_cat","embeddable":true,"href":"https:\/\/www.moensmeubelen.be\/fr\/wp-json\/wp\/v2\/product_cat?post=883019"},{"taxonomy":"product_tag","embeddable":true,"href":"https:\/\/www.moensmeubelen.be\/fr\/wp-json\/wp\/v2\/product_tag?post=883019"}],"curies":[{"name":"wp","href":"https:\/\/api.w.org\/{rel}","templated":true}]}}

<p>Ce meuble TV de la collection Gijon est compact, mais remarquable par son style. Son design épuré avec plinthe crée une base moderne et apaisante dans votre espace salon. Le placage chêne en basalte profond instaure une atmosphère chaleureuse et raffinée. Derrière les portes et dans les tiroirs, vous rangez facilement vos affaires. Les finitions soignées et le système soft-close assurent un confort d’utilisation optimal.</p>
