{"id":883027,"date":"2026-05-19T00:00:00","date_gmt":"2026-05-19T00:00:00","guid":{"rendered":"https:\/\/www.moensmeubelen.be\/product\/54503bas-fr_be\/"},"modified":"2026-05-19T11:25:36","modified_gmt":"2026-05-19T09:25:36","slug":"54503BAS-fr_BE","status":"publish","type":"product","link":"https:\/\/www.moensmeubelen.be\/fr\/produit\/54503BAS-fr_BE\/","title":{"rendered":"Gijon, bibliotheque 100 cm &#8211; 4-portes + 6-niches"},"content":{"rendered":"<p>La biblioth\u00e8que s\u00e9paratrice de la collection Gijon est une mani\u00e8re \u00e9l\u00e9gante de structurer votre espace sans perdre en ouverture. Son design moderne aux lignes \u00e9pur\u00e9es et sa plinthe cr\u00e9ent une base apaisante, tandis que le placage ch\u00eane en basalte profond offre une allure chaleureuse et raffin\u00e9e. L\u2019association de portes et de niches ouvertes propose de nombreuses possibilit\u00e9s pour ranger vos affaires et exposer vos plus beaux objets. Les finitions soign\u00e9es et le syst\u00e8me soft-close garantissent un usage confortable.<\/p>\n","protected":false},"excerpt":{"rendered":"<p>Gijon, bibliotheque 100 cm &#8211; 4-portes + 6-niches<\/p>\n","protected":false},"featured_media":970573,"comment_status":"open","ping_status":"open","template":"","meta":{"_relevanssi_hide_post":"","_relevanssi_hide_content":"","_relevanssi_pin_for_all":"","_relevanssi_pin_keywords":"","_relevanssi_unpin_keywords":"","_relevanssi_related_keywords":"","_relevanssi_related_include_ids":"","_relevanssi_related_exclude_ids":"","_relevanssi_related_no_append":"","_relevanssi_related_not_related":"","_relevanssi_related_posts":"","_relevanssi_noindex_reason":""},"product_brand":[],"product_cat":[1384],"product_tag":[],"class_list":["post-883027","product","type-product","status-publish","has-post-thumbnail","product_cat-boekenkasten_fr_BE","first","onbackorder","taxable","shipping-taxable","purchasable","product-type-simple"],"_links":{"self":[{"href":"https:\/\/www.moensmeubelen.be\/fr\/wp-json\/wp\/v2\/product\/883027","targetHints":{"allow":["GET"]}}],"collection":[{"href":"https:\/\/www.moensmeubelen.be\/fr\/wp-json\/wp\/v2\/product"}],"about":[{"href":"https:\/\/www.moensmeubelen.be\/fr\/wp-json\/wp\/v2\/types\/product"}],"replies":[{"embeddable":true,"href":"https:\/\/www.moensmeubelen.be\/fr\/wp-json\/wp\/v2\/comments?post=883027"}],"wp:featuredmedia":[{"embeddable":true,"href":"https:\/\/www.moensmeubelen.be\/fr\/wp-json\/wp\/v2\/media\/970573"}],"wp:attachment":[{"href":"https:\/\/www.moensmeubelen.be\/fr\/wp-json\/wp\/v2\/media?parent=883027"}],"wp:term":[{"taxonomy":"product_brand","embeddable":true,"href":"https:\/\/www.moensmeubelen.be\/fr\/wp-json\/wp\/v2\/product_brand?post=883027"},{"taxonomy":"product_cat","embeddable":true,"href":"https:\/\/www.moensmeubelen.be\/fr\/wp-json\/wp\/v2\/product_cat?post=883027"},{"taxonomy":"product_tag","embeddable":true,"href":"https:\/\/www.moensmeubelen.be\/fr\/wp-json\/wp\/v2\/product_tag?post=883027"}],"curies":[{"name":"wp","href":"https:\/\/api.w.org\/{rel}","templated":true}]}}

<p>La bibliothèque séparatrice de la collection Gijon est une manière élégante de structurer votre espace sans perdre en ouverture. Son design moderne aux lignes épurées et sa plinthe créent une base apaisante, tandis que le placage chêne en basalte profond offre une allure chaleureuse et raffinée. L’association de portes et de niches ouvertes propose de nombreuses possibilités pour ranger vos affaires et exposer vos plus beaux objets. Les finitions soignées et le système soft-close garantissent un usage confortable.</p>
