{"id":883035,"date":"2026-05-19T00:00:00","date_gmt":"2026-05-19T00:00:00","guid":{"rendered":"https:\/\/www.moensmeubelen.be\/product\/54504bas-fr_be\/"},"modified":"2026-05-19T11:25:43","modified_gmt":"2026-05-19T09:25:43","slug":"54504BAS-fr_BE","status":"publish","type":"product","link":"https:\/\/www.moensmeubelen.be\/fr\/produit\/54504BAS-fr_BE\/","title":{"rendered":"Gijon, highboard 145 cm &#8211; 1-porte de verre + 2-portes + 2-tiroirs + 1-p. rabattante + 1-niche (+LED)"},"content":{"rendered":"<p>Le highboard de la collection Gijon associe rangement et mise en valeur dans un seul meuble \u00e9l\u00e9gant. Son design moderne aux lignes \u00e9pur\u00e9es et sa plinthe cr\u00e9ent une atmosph\u00e8re apaisante, tandis que le placage ch\u00eane en basalte profond apporte de la chaleur. Derri\u00e8re les portes et dans les tiroirs, vous rangez facilement vos affaires, tandis que la porte vitr\u00e9e et la niche offrent un espace pour vos plus beaux objets. L\u2019\u00e9clairage LED int\u00e9gr\u00e9 les met subtilement en lumi\u00e8re et le syst\u00e8me soft-close assure une fermeture douce et silencieuse.<\/p>\n","protected":false},"excerpt":{"rendered":"<p>Gijon, highboard 145 cm &#8211; 1-porte de verre + 2-portes + 2-tiroirs + 1-p. rabattante + 1-niche (+LED)<\/p>\n","protected":false},"featured_media":970579,"comment_status":"open","ping_status":"open","template":"","meta":{"_relevanssi_hide_post":"","_relevanssi_hide_content":"","_relevanssi_pin_for_all":"","_relevanssi_pin_keywords":"","_relevanssi_unpin_keywords":"","_relevanssi_related_keywords":"","_relevanssi_related_include_ids":"","_relevanssi_related_exclude_ids":"","_relevanssi_related_no_append":"","_relevanssi_related_not_related":"","_relevanssi_related_posts":"","_relevanssi_noindex_reason":""},"product_brand":[],"product_cat":[5637],"product_tag":[],"class_list":["post-883035","product","type-product","status-publish","has-post-thumbnail","product_cat-bergkasten_fr_BE","first","onbackorder","taxable","shipping-taxable","purchasable","product-type-simple"],"_links":{"self":[{"href":"https:\/\/www.moensmeubelen.be\/fr\/wp-json\/wp\/v2\/product\/883035","targetHints":{"allow":["GET"]}}],"collection":[{"href":"https:\/\/www.moensmeubelen.be\/fr\/wp-json\/wp\/v2\/product"}],"about":[{"href":"https:\/\/www.moensmeubelen.be\/fr\/wp-json\/wp\/v2\/types\/product"}],"replies":[{"embeddable":true,"href":"https:\/\/www.moensmeubelen.be\/fr\/wp-json\/wp\/v2\/comments?post=883035"}],"wp:featuredmedia":[{"embeddable":true,"href":"https:\/\/www.moensmeubelen.be\/fr\/wp-json\/wp\/v2\/media\/970579"}],"wp:attachment":[{"href":"https:\/\/www.moensmeubelen.be\/fr\/wp-json\/wp\/v2\/media?parent=883035"}],"wp:term":[{"taxonomy":"product_brand","embeddable":true,"href":"https:\/\/www.moensmeubelen.be\/fr\/wp-json\/wp\/v2\/product_brand?post=883035"},{"taxonomy":"product_cat","embeddable":true,"href":"https:\/\/www.moensmeubelen.be\/fr\/wp-json\/wp\/v2\/product_cat?post=883035"},{"taxonomy":"product_tag","embeddable":true,"href":"https:\/\/www.moensmeubelen.be\/fr\/wp-json\/wp\/v2\/product_tag?post=883035"}],"curies":[{"name":"wp","href":"https:\/\/api.w.org\/{rel}","templated":true}]}}

<p>Le highboard de la collection Gijon associe rangement et mise en valeur dans un seul meuble élégant. Son design moderne aux lignes épurées et sa plinthe créent une atmosphère apaisante, tandis que le placage chêne en basalte profond apporte de la chaleur. Derrière les portes et dans les tiroirs, vous rangez facilement vos affaires, tandis que la porte vitrée et la niche offrent un espace pour vos plus beaux objets. L’éclairage LED intégré les met subtilement en lumière et le système soft-close assure une fermeture douce et silencieuse.</p>
