{"id":883043,"date":"2026-05-19T00:00:00","date_gmt":"2026-05-19T00:00:00","guid":{"rendered":"https:\/\/www.moensmeubelen.be\/product\/54505bas-fr_be\/"},"modified":"2026-05-19T11:25:50","modified_gmt":"2026-05-19T09:25:50","slug":"54505BAS-fr_BE","status":"publish","type":"product","link":"https:\/\/www.moensmeubelen.be\/fr\/produit\/54505BAS-fr_BE\/","title":{"rendered":"Gijon, meuble tv + partie haute 180 cm &#8211; 2-portes + 2-tiroirs + 3-niches + plinthe"},"content":{"rendered":"<p>Le meuble TV avec surmeuble de la collection Gijon forme un ensemble harmonieux et styl\u00e9 dans votre espace salon. Son design moderne aux lignes \u00e9pur\u00e9es et sa plinthe cr\u00e9ent une sensation d\u2019unit\u00e9, tandis que le placage ch\u00eane en basalte profond apporte une ambiance chaleureuse. L\u2019association de portes, tiroirs et niches ouvertes offre un large espace pour vos \u00e9quipements et accessoires. Les finitions soign\u00e9es et le syst\u00e8me soft-close rendent l\u2019utilisation quotidienne particuli\u00e8rement agr\u00e9able.<\/p>\n","protected":false},"excerpt":{"rendered":"<p>Gijon, meuble tv + partie haute 180 cm &#8211; 2-portes + 2-tiroirs + 3-niches + plinthe<\/p>\n","protected":false},"featured_media":970585,"comment_status":"open","ping_status":"open","template":"","meta":{"_relevanssi_hide_post":"","_relevanssi_hide_content":"","_relevanssi_pin_for_all":"","_relevanssi_pin_keywords":"","_relevanssi_unpin_keywords":"","_relevanssi_related_keywords":"","_relevanssi_related_include_ids":"","_relevanssi_related_exclude_ids":"","_relevanssi_related_no_append":"","_relevanssi_related_not_related":"","_relevanssi_related_posts":"","_relevanssi_noindex_reason":""},"product_brand":[],"product_cat":[1321],"product_tag":[],"class_list":["post-883043","product","type-product","status-publish","has-post-thumbnail","product_cat-tv_meubels_fr_BE","first","onbackorder","taxable","shipping-taxable","purchasable","product-type-simple"],"_links":{"self":[{"href":"https:\/\/www.moensmeubelen.be\/fr\/wp-json\/wp\/v2\/product\/883043","targetHints":{"allow":["GET"]}}],"collection":[{"href":"https:\/\/www.moensmeubelen.be\/fr\/wp-json\/wp\/v2\/product"}],"about":[{"href":"https:\/\/www.moensmeubelen.be\/fr\/wp-json\/wp\/v2\/types\/product"}],"replies":[{"embeddable":true,"href":"https:\/\/www.moensmeubelen.be\/fr\/wp-json\/wp\/v2\/comments?post=883043"}],"wp:featuredmedia":[{"embeddable":true,"href":"https:\/\/www.moensmeubelen.be\/fr\/wp-json\/wp\/v2\/media\/970585"}],"wp:attachment":[{"href":"https:\/\/www.moensmeubelen.be\/fr\/wp-json\/wp\/v2\/media?parent=883043"}],"wp:term":[{"taxonomy":"product_brand","embeddable":true,"href":"https:\/\/www.moensmeubelen.be\/fr\/wp-json\/wp\/v2\/product_brand?post=883043"},{"taxonomy":"product_cat","embeddable":true,"href":"https:\/\/www.moensmeubelen.be\/fr\/wp-json\/wp\/v2\/product_cat?post=883043"},{"taxonomy":"product_tag","embeddable":true,"href":"https:\/\/www.moensmeubelen.be\/fr\/wp-json\/wp\/v2\/product_tag?post=883043"}],"curies":[{"name":"wp","href":"https:\/\/api.w.org\/{rel}","templated":true}]}}

<p>Le meuble TV avec surmeuble de la collection Gijon forme un ensemble harmonieux et stylé dans votre espace salon. Son design moderne aux lignes épurées et sa plinthe créent une sensation d’unité, tandis que le placage chêne en basalte profond apporte une ambiance chaleureuse. L’association de portes, tiroirs et niches ouvertes offre un large espace pour vos équipements et accessoires. Les finitions soignées et le système soft-close rendent l’utilisation quotidienne particulièrement agréable.</p>
