{"id":883051,"date":"2026-05-19T00:00:00","date_gmt":"2026-05-19T00:00:00","guid":{"rendered":"https:\/\/www.moensmeubelen.be\/product\/54507bas-fr_be\/"},"modified":"2026-05-19T11:26:04","modified_gmt":"2026-05-19T09:26:04","slug":"54507BAS-fr_BE","status":"publish","type":"product","link":"https:\/\/www.moensmeubelen.be\/fr\/produit\/54507BAS-fr_BE\/","title":{"rendered":"Gijon, armoire 100 cm &#8211; 1-porte de verre + 2-portes + 4-niches (+ LED)"},"content":{"rendered":"<p>L\u2019armoire de rangement de la collection Gijon associe harmonieusement rangement et mise en valeur. Son design \u00e9pur\u00e9 avec plinthe apporte du calme, tandis que le placage ch\u00eane en basalte ajoute chaleur et caract\u00e8re. Derri\u00e8re les portes, vos affaires restent discr\u00e8tement rang\u00e9es, tandis que les niches ouvertes et la porte vitr\u00e9e accueillent vos plus beaux objets. L\u2019\u00e9clairage LED int\u00e9gr\u00e9 les met subtilement en lumi\u00e8re et le syst\u00e8me soft-close garantit une fermeture douce et silencieuse. Associez cette armoire au meuble TV avec surmeuble Gijon et cr\u00e9ez une v\u00e9ritable cinewall dans votre salon.<\/p>\n","protected":false},"excerpt":{"rendered":"<p>Gijon, armoire 100 cm &#8211; 1-porte de verre + 2-portes + 4-niches (+ LED)<\/p>\n","protected":false},"featured_media":970597,"comment_status":"open","ping_status":"open","template":"","meta":{"_relevanssi_hide_post":"","_relevanssi_hide_content":"","_relevanssi_pin_for_all":"","_relevanssi_pin_keywords":"","_relevanssi_unpin_keywords":"","_relevanssi_related_keywords":"","_relevanssi_related_include_ids":"","_relevanssi_related_exclude_ids":"","_relevanssi_related_no_append":"","_relevanssi_related_not_related":"","_relevanssi_related_posts":"","_relevanssi_noindex_reason":""},"product_brand":[],"product_cat":[5637],"product_tag":[],"class_list":["post-883051","product","type-product","status-publish","has-post-thumbnail","product_cat-bergkasten_fr_BE","first","onbackorder","taxable","shipping-taxable","purchasable","product-type-simple"],"_links":{"self":[{"href":"https:\/\/www.moensmeubelen.be\/fr\/wp-json\/wp\/v2\/product\/883051","targetHints":{"allow":["GET"]}}],"collection":[{"href":"https:\/\/www.moensmeubelen.be\/fr\/wp-json\/wp\/v2\/product"}],"about":[{"href":"https:\/\/www.moensmeubelen.be\/fr\/wp-json\/wp\/v2\/types\/product"}],"replies":[{"embeddable":true,"href":"https:\/\/www.moensmeubelen.be\/fr\/wp-json\/wp\/v2\/comments?post=883051"}],"wp:featuredmedia":[{"embeddable":true,"href":"https:\/\/www.moensmeubelen.be\/fr\/wp-json\/wp\/v2\/media\/970597"}],"wp:attachment":[{"href":"https:\/\/www.moensmeubelen.be\/fr\/wp-json\/wp\/v2\/media?parent=883051"}],"wp:term":[{"taxonomy":"product_brand","embeddable":true,"href":"https:\/\/www.moensmeubelen.be\/fr\/wp-json\/wp\/v2\/product_brand?post=883051"},{"taxonomy":"product_cat","embeddable":true,"href":"https:\/\/www.moensmeubelen.be\/fr\/wp-json\/wp\/v2\/product_cat?post=883051"},{"taxonomy":"product_tag","embeddable":true,"href":"https:\/\/www.moensmeubelen.be\/fr\/wp-json\/wp\/v2\/product_tag?post=883051"}],"curies":[{"name":"wp","href":"https:\/\/api.w.org\/{rel}","templated":true}]}}

<p>L’armoire de rangement de la collection Gijon associe harmonieusement rangement et mise en valeur. Son design épuré avec plinthe apporte du calme, tandis que le placage chêne en basalte ajoute chaleur et caractère. Derrière les portes, vos affaires restent discrètement rangées, tandis que les niches ouvertes et la porte vitrée accueillent vos plus beaux objets. L’éclairage LED intégré les met subtilement en lumière et le système soft-close garantit une fermeture douce et silencieuse. Associez cette armoire au meuble TV avec surmeuble Gijon et créez une véritable cinewall dans votre salon.</p>
