{"id":884860,"date":"2026-05-19T00:00:00","date_gmt":"2026-05-19T00:00:00","guid":{"rendered":"https:\/\/www.moensmeubelen.be\/product\/54506bas-fr_be\/"},"modified":"2026-05-19T11:25:57","modified_gmt":"2026-05-19T09:25:57","slug":"54506BAS-fr_BE","status":"publish","type":"product","link":"https:\/\/www.moensmeubelen.be\/fr\/produit\/54506BAS-fr_BE\/","title":{"rendered":"Gijon, armoire 75 cm &#8211; 3-portes + 5-niches"},"content":{"rendered":"<p>L\u2019armoire de rangement de la collection Gijon est id\u00e9ale si vous souhaitez optimiser votre espace sans faire de compromis sur le style. Son design moderne aux lignes \u00e9pur\u00e9es et sa plinthe cr\u00e9ent une atmosph\u00e8re apaisante, tandis que le placage ch\u00eane en basalte profond apporte de la chaleur. Derri\u00e8re les portes, vous rangez facilement vos affaires, tandis que les niches ouvertes offrent une belle place \u00e0 vos objets pr\u00e9f\u00e9r\u00e9s. Les finitions soign\u00e9es et le syst\u00e8me soft-close assurent un confort d\u2019utilisation au quotidien. Cr\u00e9ez un v\u00e9ritable point focal en l\u2019associant au meuble TV avec surmeuble Gijon.<\/p>\n","protected":false},"excerpt":{"rendered":"<p>Gijon, armoire 75 cm &#8211; 3-portes + 5-niches<\/p>\n","protected":false},"featured_media":970591,"comment_status":"open","ping_status":"open","template":"","meta":{"_relevanssi_hide_post":"","_relevanssi_hide_content":"","_relevanssi_pin_for_all":"","_relevanssi_pin_keywords":"","_relevanssi_unpin_keywords":"","_relevanssi_related_keywords":"","_relevanssi_related_include_ids":"","_relevanssi_related_exclude_ids":"","_relevanssi_related_no_append":"","_relevanssi_related_not_related":"","_relevanssi_related_posts":"","_relevanssi_noindex_reason":""},"product_brand":[],"product_cat":[5637],"product_tag":[],"class_list":["post-884860","product","type-product","status-publish","has-post-thumbnail","product_cat-bergkasten_fr_BE","first","onbackorder","taxable","shipping-taxable","purchasable","product-type-simple"],"_links":{"self":[{"href":"https:\/\/www.moensmeubelen.be\/fr\/wp-json\/wp\/v2\/product\/884860","targetHints":{"allow":["GET"]}}],"collection":[{"href":"https:\/\/www.moensmeubelen.be\/fr\/wp-json\/wp\/v2\/product"}],"about":[{"href":"https:\/\/www.moensmeubelen.be\/fr\/wp-json\/wp\/v2\/types\/product"}],"replies":[{"embeddable":true,"href":"https:\/\/www.moensmeubelen.be\/fr\/wp-json\/wp\/v2\/comments?post=884860"}],"wp:featuredmedia":[{"embeddable":true,"href":"https:\/\/www.moensmeubelen.be\/fr\/wp-json\/wp\/v2\/media\/970591"}],"wp:attachment":[{"href":"https:\/\/www.moensmeubelen.be\/fr\/wp-json\/wp\/v2\/media?parent=884860"}],"wp:term":[{"taxonomy":"product_brand","embeddable":true,"href":"https:\/\/www.moensmeubelen.be\/fr\/wp-json\/wp\/v2\/product_brand?post=884860"},{"taxonomy":"product_cat","embeddable":true,"href":"https:\/\/www.moensmeubelen.be\/fr\/wp-json\/wp\/v2\/product_cat?post=884860"},{"taxonomy":"product_tag","embeddable":true,"href":"https:\/\/www.moensmeubelen.be\/fr\/wp-json\/wp\/v2\/product_tag?post=884860"}],"curies":[{"name":"wp","href":"https:\/\/api.w.org\/{rel}","templated":true}]}}

<p>L’armoire de rangement de la collection Gijon est idéale si vous souhaitez optimiser votre espace sans faire de compromis sur le style. Son design moderne aux lignes épurées et sa plinthe créent une atmosphère apaisante, tandis que le placage chêne en basalte profond apporte de la chaleur. Derrière les portes, vous rangez facilement vos affaires, tandis que les niches ouvertes offrent une belle place à vos objets préférés. Les finitions soignées et le système soft-close assurent un confort d’utilisation au quotidien. Créez un véritable point focal en l’associant au meuble TV avec surmeuble Gijon.</p>
