{"id":885012,"date":"2026-02-07T17:26:30","date_gmt":"2026-02-07T16:26:30","guid":{"rendered":"https:\/\/www.moensmeubelen.be\/product\/revor101-fr_be\/"},"modified":"2026-08-30T09:10:30","modified_gmt":"2026-08-30T07:10:30","slug":"revor101-fr_be","status":"publish","type":"product","link":"https:\/\/www.moensmeubelen.be\/fr\/produit\/revor101-fr_be\/","title":{"rendered":"Surmatelas Comfort Visco"},"content":{"rendered":"<p>Le Surmatelas Comfort est notre surmatelas le plus abordable, con\u00e7u pour vous offrir un excellent soutien. Le surmatelas dispose d&#8217;un noyau en mousse visco\u00e9lastique de haute qualit\u00e9 et d&#8217;une housse amovible en double tricot qui peut \u00eatre facilement lav\u00e9e \u00e0 40\u00b0C. Pour un confort et une hygi\u00e8ne suppl\u00e9mentaires, la housse est dot\u00e9e d&#8217;une bande de ventilation 3D et finition avec des passepoils \u00e9l\u00e9gants. Am\u00e9liorez votre exp\u00e9rience de sommeil avec le Surmatelas Comfort.<\/p>\n","protected":false},"excerpt":{"rendered":"<p>Le Surmatelas Comfort est notre surmatelas le plus abordable, con\u00e7u pour vous offrir un excellent soutien. Le surmatelas dispose d&#8217;un noyau en mousse visco\u00e9lastique de haute qualit\u00e9 et d&#8217;une housse amovible en double tricot qui peut \u00eatre facilement lav\u00e9e \u00e0 40\u00b0C. Pour un confort et une hygi\u00e8ne suppl\u00e9mentaires, la housse est dot\u00e9e d&#8217;une bande de ventilation 3D et finition avec des passepoils \u00e9l\u00e9gants. Am\u00e9liorez votre exp\u00e9rience de sommeil avec le Surmatelas Comfort.<\/p>\n","protected":false},"featured_media":885015,"comment_status":"open","ping_status":"closed","template":"","meta":{"_relevanssi_hide_post":"","_relevanssi_hide_content":"","_relevanssi_pin_for_all":"","_relevanssi_pin_keywords":"","_relevanssi_unpin_keywords":"","_relevanssi_related_keywords":"","_relevanssi_related_include_ids":"","_relevanssi_related_exclude_ids":"","_relevanssi_related_no_append":"","_relevanssi_related_not_related":"","_relevanssi_related_posts":"","_relevanssi_noindex_reason":""},"product_brand":[],"product_cat":[24410],"product_tag":[],"class_list":["post-885012","product","type-product","status-publish","has-post-thumbnail","product_cat-toppers_fr_be-matrassen_fr_BE","first","onbackorder","taxable","shipping-taxable","purchasable","product-type-simple"],"_links":{"self":[{"href":"https:\/\/www.moensmeubelen.be\/fr\/wp-json\/wp\/v2\/product\/885012","targetHints":{"allow":["GET"]}}],"collection":[{"href":"https:\/\/www.moensmeubelen.be\/fr\/wp-json\/wp\/v2\/product"}],"about":[{"href":"https:\/\/www.moensmeubelen.be\/fr\/wp-json\/wp\/v2\/types\/product"}],"replies":[{"embeddable":true,"href":"https:\/\/www.moensmeubelen.be\/fr\/wp-json\/wp\/v2\/comments?post=885012"}],"wp:featuredmedia":[{"embeddable":true,"href":"https:\/\/www.moensmeubelen.be\/fr\/wp-json\/wp\/v2\/media\/885015"}],"wp:attachment":[{"href":"https:\/\/www.moensmeubelen.be\/fr\/wp-json\/wp\/v2\/media?parent=885012"}],"wp:term":[{"taxonomy":"product_brand","embeddable":true,"href":"https:\/\/www.moensmeubelen.be\/fr\/wp-json\/wp\/v2\/product_brand?post=885012"},{"taxonomy":"product_cat","embeddable":true,"href":"https:\/\/www.moensmeubelen.be\/fr\/wp-json\/wp\/v2\/product_cat?post=885012"},{"taxonomy":"product_tag","embeddable":true,"href":"https:\/\/www.moensmeubelen.be\/fr\/wp-json\/wp\/v2\/product_tag?post=885012"}],"curies":[{"name":"wp","href":"https:\/\/api.w.org\/{rel}","templated":true}]}}

<p>Le Surmatelas Comfort est notre surmatelas le plus abordable, conçu pour vous offrir un excellent soutien. Le surmatelas dispose d&#8217;un noyau en mousse viscoélastique de haute qualité et d&#8217;une housse amovible en double tricot qui peut être facilement lavée à 40°C. Pour un confort et une hygiène supplémentaires, la housse est dotée d&#8217;une bande de ventilation 3D et finition avec des passepoils élégants. Améliorez votre expérience de sommeil avec le Surmatelas Comfort.</p>
