{"id":885022,"date":"2026-02-07T17:26:39","date_gmt":"2026-02-07T16:26:39","guid":{"rendered":"https:\/\/www.moensmeubelen.be\/product\/revor103-fr_be\/"},"modified":"2026-08-30T09:10:25","modified_gmt":"2026-08-30T07:10:25","slug":"revor103-fr_be","status":"publish","type":"product","link":"https:\/\/www.moensmeubelen.be\/fr\/produit\/revor103-fr_be\/","title":{"rendered":"Surmatelas Relax Hybride"},"content":{"rendered":"<p>D\u00e9couvrez un confort in\u00e9gal\u00e9 et un excellent soutien avec le Surmatelas Relax. Ce surmatelas de luxe dispose d&#8217;un noyau en mat\u00e9riaux de haute qualit\u00e9 et d&#8217;une housse amovible en double tricot facilement lavable \u00e0 40\u00b0C. La housse est dot\u00e9e d&#8217;une bande de ventilation 3D et finition avec d&#8217;\u00e9l\u00e9gants doubles passepoils, assurant respirabilit\u00e9 et une touche de raffinement. Am\u00e9liorez votre qualit\u00e9 de sommeil avec le Surmatelas Relax, o\u00f9 confort et soutien se rejoignent.<\/p>\n","protected":false},"excerpt":{"rendered":"<p>D\u00e9couvrez un confort in\u00e9gal\u00e9 et un excellent soutien avec le Surmatelas Relax. Ce surmatelas de luxe dispose d&#8217;un noyau en mat\u00e9riaux de haute qualit\u00e9 et d&#8217;une housse amovible en double tricot facilement lavable \u00e0 40\u00b0C. La housse est dot\u00e9e d&#8217;une bande de ventilation 3D et finition avec d&#8217;\u00e9l\u00e9gants doubles passepoils, assurant respirabilit\u00e9 et une touche de raffinement. Am\u00e9liorez votre qualit\u00e9 de sommeil avec le Surmatelas Relax, o\u00f9 confort et soutien se rejoignent.<\/p>\n","protected":false},"featured_media":885024,"comment_status":"open","ping_status":"closed","template":"","meta":{"_relevanssi_hide_post":"","_relevanssi_hide_content":"","_relevanssi_pin_for_all":"","_relevanssi_pin_keywords":"","_relevanssi_unpin_keywords":"","_relevanssi_related_keywords":"","_relevanssi_related_include_ids":"","_relevanssi_related_exclude_ids":"","_relevanssi_related_no_append":"","_relevanssi_related_not_related":"","_relevanssi_related_posts":"","_relevanssi_noindex_reason":""},"product_brand":[],"product_cat":[24410],"product_tag":[],"class_list":["post-885022","product","type-product","status-publish","has-post-thumbnail","product_cat-toppers_fr_be-matrassen_fr_BE","first","onbackorder","taxable","shipping-taxable","purchasable","product-type-simple"],"_links":{"self":[{"href":"https:\/\/www.moensmeubelen.be\/fr\/wp-json\/wp\/v2\/product\/885022","targetHints":{"allow":["GET"]}}],"collection":[{"href":"https:\/\/www.moensmeubelen.be\/fr\/wp-json\/wp\/v2\/product"}],"about":[{"href":"https:\/\/www.moensmeubelen.be\/fr\/wp-json\/wp\/v2\/types\/product"}],"replies":[{"embeddable":true,"href":"https:\/\/www.moensmeubelen.be\/fr\/wp-json\/wp\/v2\/comments?post=885022"}],"wp:featuredmedia":[{"embeddable":true,"href":"https:\/\/www.moensmeubelen.be\/fr\/wp-json\/wp\/v2\/media\/885024"}],"wp:attachment":[{"href":"https:\/\/www.moensmeubelen.be\/fr\/wp-json\/wp\/v2\/media?parent=885022"}],"wp:term":[{"taxonomy":"product_brand","embeddable":true,"href":"https:\/\/www.moensmeubelen.be\/fr\/wp-json\/wp\/v2\/product_brand?post=885022"},{"taxonomy":"product_cat","embeddable":true,"href":"https:\/\/www.moensmeubelen.be\/fr\/wp-json\/wp\/v2\/product_cat?post=885022"},{"taxonomy":"product_tag","embeddable":true,"href":"https:\/\/www.moensmeubelen.be\/fr\/wp-json\/wp\/v2\/product_tag?post=885022"}],"curies":[{"name":"wp","href":"https:\/\/api.w.org\/{rel}","templated":true}]}}

<p>Découvrez un confort inégalé et un excellent soutien avec le Surmatelas Relax. Ce surmatelas de luxe dispose d&#8217;un noyau en matériaux de haute qualité et d&#8217;une housse amovible en double tricot facilement lavable à 40°C. La housse est dotée d&#8217;une bande de ventilation 3D et finition avec d&#8217;élégants doubles passepoils, assurant respirabilité et une touche de raffinement. Améliorez votre qualité de sommeil avec le Surmatelas Relax, où confort et soutien se rejoignent.</p>
