{"id":885094,"date":"2026-02-07T17:32:50","date_gmt":"2026-02-07T16:32:50","guid":{"rendered":"https:\/\/www.moensmeubelen.be\/product\/revor12-fr_be\/"},"modified":"2026-02-07T17:32:51","modified_gmt":"2026-02-07T16:32:51","slug":"revor12-fr_be","status":"publish","type":"product","link":"https:\/\/www.moensmeubelen.be\/fr\/produit\/revor12-fr_be\/","title":{"rendered":"Circular Latex Matelas"},"content":{"rendered":"<p>Circulaire signifie que tous les mat\u00e9riaux que nous utilisons pour nos matelas peuvent \u00eatre <b>r\u00e9utilis\u00e9s \u00e0 l&#8217;infini<\/b> sans perte de valeur. Lorsque votre matelas est recycl\u00e9 apr\u00e8s quelques ann\u00e9es, nous pouvons utiliser tous les composants pour un nouveau matelas de qualit\u00e9 \u00e9quivalente.<\/p>\n<p>Fermet\u00e9s possibles : Medium<\/p>\n","protected":false},"excerpt":{"rendered":"<p>Circulaire signifie que tous les mat\u00e9riaux que nous utilisons pour nos matelas peuvent \u00eatre <b>r\u00e9utilis\u00e9s \u00e0 l&#8217;infini<\/b> sans perte de valeur. Lorsque votre matelas est recycl\u00e9 apr\u00e8s quelques ann\u00e9es, nous pouvons utiliser tous les composants pour un nouveau matelas de qualit\u00e9 \u00e9quivalente.<\/p>\n<p>Fermet\u00e9s possibles : Medium<\/p>\n","protected":false},"featured_media":885096,"comment_status":"open","ping_status":"closed","template":"","meta":{"_relevanssi_hide_post":"","_relevanssi_hide_content":"","_relevanssi_pin_for_all":"","_relevanssi_pin_keywords":"","_relevanssi_unpin_keywords":"","_relevanssi_related_keywords":"","_relevanssi_related_include_ids":"","_relevanssi_related_exclude_ids":"","_relevanssi_related_no_append":"","_relevanssi_related_not_related":"","_relevanssi_related_posts":"","_relevanssi_noindex_reason":""},"product_brand":[],"product_cat":[1387],"product_tag":[],"class_list":["post-885094","product","type-product","status-publish","has-post-thumbnail","product_cat-matrassen_fr_BE","first","onbackorder","taxable","shipping-taxable","purchasable","product-type-simple"],"_links":{"self":[{"href":"https:\/\/www.moensmeubelen.be\/fr\/wp-json\/wp\/v2\/product\/885094","targetHints":{"allow":["GET"]}}],"collection":[{"href":"https:\/\/www.moensmeubelen.be\/fr\/wp-json\/wp\/v2\/product"}],"about":[{"href":"https:\/\/www.moensmeubelen.be\/fr\/wp-json\/wp\/v2\/types\/product"}],"replies":[{"embeddable":true,"href":"https:\/\/www.moensmeubelen.be\/fr\/wp-json\/wp\/v2\/comments?post=885094"}],"wp:featuredmedia":[{"embeddable":true,"href":"https:\/\/www.moensmeubelen.be\/fr\/wp-json\/wp\/v2\/media\/885096"}],"wp:attachment":[{"href":"https:\/\/www.moensmeubelen.be\/fr\/wp-json\/wp\/v2\/media?parent=885094"}],"wp:term":[{"taxonomy":"product_brand","embeddable":true,"href":"https:\/\/www.moensmeubelen.be\/fr\/wp-json\/wp\/v2\/product_brand?post=885094"},{"taxonomy":"product_cat","embeddable":true,"href":"https:\/\/www.moensmeubelen.be\/fr\/wp-json\/wp\/v2\/product_cat?post=885094"},{"taxonomy":"product_tag","embeddable":true,"href":"https:\/\/www.moensmeubelen.be\/fr\/wp-json\/wp\/v2\/product_tag?post=885094"}],"curies":[{"name":"wp","href":"https:\/\/api.w.org\/{rel}","templated":true}]}}

<p>Circulaire signifie que tous les matériaux que nous utilisons pour nos matelas peuvent être <b>réutilisés à l&#8217;infini</b> sans perte de valeur. Lorsque votre matelas est recyclé après quelques années, nous pouvons utiliser tous les composants pour un nouveau matelas de qualité équivalente.</p>
<p>Fermetés possibles : Medium</p>
