{"id":885762,"date":"2026-02-07T18:22:49","date_gmt":"2026-02-07T17:22:49","guid":{"rendered":"https:\/\/www.moensmeubelen.be\/product\/revor252-fr_be\/"},"modified":"2026-02-07T18:22:49","modified_gmt":"2026-02-07T17:22:49","slug":"revor252-fr_be","status":"publish","type":"product","link":"https:\/\/www.moensmeubelen.be\/fr\/produit\/revor252-fr_be\/","title":{"rendered":"Senze Sommier \u00e0 plots"},"content":{"rendered":"<p>Le sommier \u00e0 plots Senze dispose de plots de soutien qui pivotent et bougent ind\u00e9pendamment les uns des autres. De cette mani\u00e8re, le sommier s&#8217;adapte enti\u00e8rement \u00e0 votre morphologie et offre un soutien optimal. Le Senze est le sommier par excellence pour les personnes souffrant de maux de dos, ou souhaitant les pr\u00e9venir.<\/p>\n","protected":false},"excerpt":{"rendered":"<p>Le sommier \u00e0 plots Senze dispose de plots de soutien qui pivotent et bougent ind\u00e9pendamment les uns des autres. De cette mani\u00e8re, le sommier s&#8217;adapte enti\u00e8rement \u00e0 votre morphologie et offre un soutien optimal. Le Senze est le sommier par excellence pour les personnes souffrant de maux de dos, ou souhaitant les pr\u00e9venir.<\/p>\n","protected":false},"featured_media":885765,"comment_status":"open","ping_status":"closed","template":"","meta":{"_relevanssi_hide_post":"","_relevanssi_hide_content":"","_relevanssi_pin_for_all":"","_relevanssi_pin_keywords":"","_relevanssi_unpin_keywords":"","_relevanssi_related_keywords":"","_relevanssi_related_include_ids":"","_relevanssi_related_exclude_ids":"","_relevanssi_related_no_append":"","_relevanssi_related_not_related":"","_relevanssi_related_posts":"","_relevanssi_noindex_reason":""},"product_brand":[],"product_cat":[1386],"product_tag":[],"class_list":["post-885762","product","type-product","status-publish","has-post-thumbnail","product_cat-bedbodems_fr_BE","first","onbackorder","taxable","shipping-taxable","purchasable","product-type-simple"],"_links":{"self":[{"href":"https:\/\/www.moensmeubelen.be\/fr\/wp-json\/wp\/v2\/product\/885762","targetHints":{"allow":["GET"]}}],"collection":[{"href":"https:\/\/www.moensmeubelen.be\/fr\/wp-json\/wp\/v2\/product"}],"about":[{"href":"https:\/\/www.moensmeubelen.be\/fr\/wp-json\/wp\/v2\/types\/product"}],"replies":[{"embeddable":true,"href":"https:\/\/www.moensmeubelen.be\/fr\/wp-json\/wp\/v2\/comments?post=885762"}],"wp:featuredmedia":[{"embeddable":true,"href":"https:\/\/www.moensmeubelen.be\/fr\/wp-json\/wp\/v2\/media\/885765"}],"wp:attachment":[{"href":"https:\/\/www.moensmeubelen.be\/fr\/wp-json\/wp\/v2\/media?parent=885762"}],"wp:term":[{"taxonomy":"product_brand","embeddable":true,"href":"https:\/\/www.moensmeubelen.be\/fr\/wp-json\/wp\/v2\/product_brand?post=885762"},{"taxonomy":"product_cat","embeddable":true,"href":"https:\/\/www.moensmeubelen.be\/fr\/wp-json\/wp\/v2\/product_cat?post=885762"},{"taxonomy":"product_tag","embeddable":true,"href":"https:\/\/www.moensmeubelen.be\/fr\/wp-json\/wp\/v2\/product_tag?post=885762"}],"curies":[{"name":"wp","href":"https:\/\/api.w.org\/{rel}","templated":true}]}}

Senze Sommier à plots

<p>Le sommier à plots Senze dispose de plots de soutien qui pivotent et bougent indépendamment les uns des autres. De cette manière, le sommier s&#8217;adapte entièrement à votre morphologie et offre un soutien optimal. Le Senze est le sommier par excellence pour les personnes souffrant de maux de dos, ou souhaitant les prévenir.</p>
