{"id":886452,"date":"2026-02-07T19:19:02","date_gmt":"2026-02-07T18:19:02","guid":{"rendered":"https:\/\/www.moensmeubelen.be\/product\/revor403-fr_be\/"},"modified":"2026-02-07T19:19:02","modified_gmt":"2026-02-07T18:19:02","slug":"revor403-fr_be","status":"publish","type":"product","link":"https:\/\/www.moensmeubelen.be\/fr\/produit\/revor403-fr_be\/","title":{"rendered":"Innergetic Classic Matelas"},"content":{"rendered":"<p>Avec Innergetic, vous optez pour un <b>confort de sommeil ininterrompu pendant des ann\u00e9es<\/b>, gr\u00e2ce \u00e0 sa longue dur\u00e9e de vie. Mieux encore, gr\u00e2ce \u00e0 Innergetic, vous vous r\u00e9veillez comme neuf et commencez chaque journ\u00e9e plein d&#8217;\u00e9nergie. L&#8217;\u00e9lasticit\u00e9 parfaitement \u00e9quilibr\u00e9e d&#8217;Innergetic est le r\u00e9sultat d&#8217;une mousse de latex unique. <\/p>\n<p>Innergetic vous aide \u00e0 bouger dans votre sommeil, ce qui vous fait <b>perdre moins d&#8217;\u00e9nergie et vous r\u00e9veiller plus \u00e9nergique<\/b>. Le noyau Innergetic est enti\u00e8rement perfor\u00e9, ce qui lui conf\u00e8re \u00e9galement d&#8217;<b>excellentes performances en termes de ventilation et d&#8217;\u00e9vacuation de l&#8217;humidit\u00e9<\/b>. Le matelas est naturellement antibact\u00e9rien et antifongique.<\/p>\n<p>Fermet\u00e9s possibles : medium &amp; firm<\/p>\n","protected":false},"excerpt":{"rendered":"<p>Avec Innergetic, vous optez pour un <b>confort de sommeil ininterrompu pendant des ann\u00e9es<\/b>, gr\u00e2ce \u00e0 sa longue dur\u00e9e de vie. Mieux encore, gr\u00e2ce \u00e0 Innergetic, vous vous r\u00e9veillez comme neuf et commencez chaque journ\u00e9e plein d&#8217;\u00e9nergie. L&#8217;\u00e9lasticit\u00e9 parfaitement \u00e9quilibr\u00e9e d&#8217;Innergetic est le r\u00e9sultat d&#8217;une mousse de latex unique. <\/p>\n<p>Innergetic vous aide \u00e0 bouger dans votre sommeil, ce qui vous fait <b>perdre moins d&#8217;\u00e9nergie et vous r\u00e9veiller plus \u00e9nergique<\/b>. Le noyau Innergetic est enti\u00e8rement perfor\u00e9, ce qui lui conf\u00e8re \u00e9galement d&#8217;<b>excellentes performances en termes de ventilation et d&#8217;\u00e9vacuation de l&#8217;humidit\u00e9<\/b>. Le matelas est naturellement antibact\u00e9rien et antifongique.<\/p>\n<p>Fermet\u00e9s possibles : medium &amp; firm<\/p>\n","protected":false},"featured_media":886454,"comment_status":"open","ping_status":"closed","template":"","meta":{"_relevanssi_hide_post":"","_relevanssi_hide_content":"","_relevanssi_pin_for_all":"","_relevanssi_pin_keywords":"","_relevanssi_unpin_keywords":"","_relevanssi_related_keywords":"","_relevanssi_related_include_ids":"","_relevanssi_related_exclude_ids":"","_relevanssi_related_no_append":"","_relevanssi_related_not_related":"","_relevanssi_related_posts":"","_relevanssi_noindex_reason":""},"product_brand":[],"product_cat":[1387],"product_tag":[],"class_list":["post-886452","product","type-product","status-publish","has-post-thumbnail","product_cat-matrassen_fr_BE","first","onbackorder","taxable","shipping-taxable","purchasable","product-type-simple"],"_links":{"self":[{"href":"https:\/\/www.moensmeubelen.be\/fr\/wp-json\/wp\/v2\/product\/886452","targetHints":{"allow":["GET"]}}],"collection":[{"href":"https:\/\/www.moensmeubelen.be\/fr\/wp-json\/wp\/v2\/product"}],"about":[{"href":"https:\/\/www.moensmeubelen.be\/fr\/wp-json\/wp\/v2\/types\/product"}],"replies":[{"embeddable":true,"href":"https:\/\/www.moensmeubelen.be\/fr\/wp-json\/wp\/v2\/comments?post=886452"}],"wp:featuredmedia":[{"embeddable":true,"href":"https:\/\/www.moensmeubelen.be\/fr\/wp-json\/wp\/v2\/media\/886454"}],"wp:attachment":[{"href":"https:\/\/www.moensmeubelen.be\/fr\/wp-json\/wp\/v2\/media?parent=886452"}],"wp:term":[{"taxonomy":"product_brand","embeddable":true,"href":"https:\/\/www.moensmeubelen.be\/fr\/wp-json\/wp\/v2\/product_brand?post=886452"},{"taxonomy":"product_cat","embeddable":true,"href":"https:\/\/www.moensmeubelen.be\/fr\/wp-json\/wp\/v2\/product_cat?post=886452"},{"taxonomy":"product_tag","embeddable":true,"href":"https:\/\/www.moensmeubelen.be\/fr\/wp-json\/wp\/v2\/product_tag?post=886452"}],"curies":[{"name":"wp","href":"https:\/\/api.w.org\/{rel}","templated":true}]}}

<p>Avec Innergetic, vous optez pour un <b>confort de sommeil ininterrompu pendant des années</b>, grâce à sa longue durée de vie. Mieux encore, grâce à Innergetic, vous vous réveillez comme neuf et commencez chaque journée plein d&#8217;énergie. L&#8217;élasticité parfaitement équilibrée d&#8217;Innergetic est le résultat d&#8217;une mousse de latex unique. </p>
<p>Innergetic vous aide à bouger dans votre sommeil, ce qui vous fait <b>perdre moins d&#8217;énergie et vous réveiller plus énergique</b>. Le noyau Innergetic est entièrement perforé, ce qui lui confère également d&#8217;<b>excellentes performances en termes de ventilation et d&#8217;évacuation de l&#8217;humidité</b>. Le matelas est naturellement antibactérien et antifongique.</p>
<p>Fermetés possibles : medium &amp; firm</p>
