{"id":886516,"date":"2026-02-07T19:22:24","date_gmt":"2026-02-07T18:22:24","guid":{"rendered":"https:\/\/www.moensmeubelen.be\/product\/revor418-fr_be\/"},"modified":"2026-02-07T19:36:06","modified_gmt":"2026-02-07T18:36:06","slug":"revor418-fr_be","status":"publish","type":"product","link":"https:\/\/www.moensmeubelen.be\/fr\/produit\/revor418-fr_be\/","title":{"rendered":"Latex Natural Anatomic 22 Matelas"},"content":{"rendered":"<p>Avec le matelas Anatomic natural latex, vous obtenez <b>le matelas en latex le plus ergonomique<\/b> du march\u00e9. Le matelas est en outre compos\u00e9 de <b>mat\u00e9riaux 100% naturels et durables<\/b>. Gr\u00e2ce \u00e0 la <b>r\u00e9partition anatomique en zones<\/b>, votre corps re\u00e7oit \u00e0 chaque instant de votre nuit le soutien ergonomique parfait. La forme de la r\u00e9partition en zones suit la forme de votre corps. <\/p>\n<p>Gr\u00e2ce aux nombreuses perforations et canaux d&#8217;air, ce matelas obtient \u00e9galement d&#8217;excellents r\u00e9sultats en termes de <b>ventilation et de r\u00e9gulation de l&#8217;humidit\u00e9<\/b>. C&#8217;est le matelas id\u00e9al pour les sportifs. <b>C&#8217;est l&#8217;un des matelas des coureurs Alpecin-Deceuninck<\/b>, ce matelas est notamment utilis\u00e9 par Mathieu van der Poel.<\/p>\n<p>Fermet\u00e9s possibles : soft, medium &amp; firm<\/p>\n","protected":false},"excerpt":{"rendered":"<p>Avec le matelas Anatomic natural latex, vous obtenez <b>le matelas en latex le plus ergonomique<\/b> du march\u00e9. Le matelas est en outre compos\u00e9 de <b>mat\u00e9riaux 100% naturels et durables<\/b>. Gr\u00e2ce \u00e0 la <b>r\u00e9partition anatomique en zones<\/b>, votre corps re\u00e7oit \u00e0 chaque instant de votre nuit le soutien ergonomique parfait. La forme de la r\u00e9partition en zones suit la forme de votre corps. <\/p>\n<p>Gr\u00e2ce aux nombreuses perforations et canaux d&#8217;air, ce matelas obtient \u00e9galement d&#8217;excellents r\u00e9sultats en termes de <b>ventilation et de r\u00e9gulation de l&#8217;humidit\u00e9<\/b>. C&#8217;est le matelas id\u00e9al pour les sportifs. <b>C&#8217;est l&#8217;un des matelas des coureurs Alpecin-Deceuninck<\/b>, ce matelas est notamment utilis\u00e9 par Mathieu van der Poel.<\/p>\n<p>Fermet\u00e9s possibles : soft, medium &amp; firm<\/p>\n","protected":false},"featured_media":886518,"comment_status":"open","ping_status":"closed","template":"","meta":{"_relevanssi_hide_post":"","_relevanssi_hide_content":"","_relevanssi_pin_for_all":"","_relevanssi_pin_keywords":"","_relevanssi_unpin_keywords":"","_relevanssi_related_keywords":"","_relevanssi_related_include_ids":"","_relevanssi_related_exclude_ids":"","_relevanssi_related_no_append":"","_relevanssi_related_not_related":"","_relevanssi_related_posts":"","_relevanssi_noindex_reason":""},"product_brand":[],"product_cat":[1387],"product_tag":[],"class_list":["post-886516","product","type-product","status-publish","has-post-thumbnail","product_cat-matrassen_fr_BE","first","onbackorder","taxable","shipping-taxable","purchasable","product-type-simple"],"_links":{"self":[{"href":"https:\/\/www.moensmeubelen.be\/fr\/wp-json\/wp\/v2\/product\/886516","targetHints":{"allow":["GET"]}}],"collection":[{"href":"https:\/\/www.moensmeubelen.be\/fr\/wp-json\/wp\/v2\/product"}],"about":[{"href":"https:\/\/www.moensmeubelen.be\/fr\/wp-json\/wp\/v2\/types\/product"}],"replies":[{"embeddable":true,"href":"https:\/\/www.moensmeubelen.be\/fr\/wp-json\/wp\/v2\/comments?post=886516"}],"wp:featuredmedia":[{"embeddable":true,"href":"https:\/\/www.moensmeubelen.be\/fr\/wp-json\/wp\/v2\/media\/886518"}],"wp:attachment":[{"href":"https:\/\/www.moensmeubelen.be\/fr\/wp-json\/wp\/v2\/media?parent=886516"}],"wp:term":[{"taxonomy":"product_brand","embeddable":true,"href":"https:\/\/www.moensmeubelen.be\/fr\/wp-json\/wp\/v2\/product_brand?post=886516"},{"taxonomy":"product_cat","embeddable":true,"href":"https:\/\/www.moensmeubelen.be\/fr\/wp-json\/wp\/v2\/product_cat?post=886516"},{"taxonomy":"product_tag","embeddable":true,"href":"https:\/\/www.moensmeubelen.be\/fr\/wp-json\/wp\/v2\/product_tag?post=886516"}],"curies":[{"name":"wp","href":"https:\/\/api.w.org\/{rel}","templated":true}]}}

<p>Avec le matelas Anatomic natural latex, vous obtenez <b>le matelas en latex le plus ergonomique</b> du marché. Le matelas est en outre composé de <b>matériaux 100% naturels et durables</b>. Grâce à la <b>répartition anatomique en zones</b>, votre corps reçoit à chaque instant de votre nuit le soutien ergonomique parfait. La forme de la répartition en zones suit la forme de votre corps. </p>
<p>Grâce aux nombreuses perforations et canaux d&#8217;air, ce matelas obtient également d&#8217;excellents résultats en termes de <b>ventilation et de régulation de l&#8217;humidité</b>. C&#8217;est le matelas idéal pour les sportifs. <b>C&#8217;est l&#8217;un des matelas des coureurs Alpecin-Deceuninck</b>, ce matelas est notamment utilisé par Mathieu van der Poel.</p>
<p>Fermetés possibles : soft, medium &amp; firm</p>
