{"id":886528,"date":"2026-02-07T19:22:38","date_gmt":"2026-02-07T18:22:38","guid":{"rendered":"https:\/\/www.moensmeubelen.be\/product\/revor420-fr_be\/"},"modified":"2026-02-07T19:22:38","modified_gmt":"2026-02-07T18:22:38","slug":"revor420-fr_be","status":"publish","type":"product","link":"https:\/\/www.moensmeubelen.be\/fr\/produit\/revor420-fr_be\/","title":{"rendered":"Chill Matelas"},"content":{"rendered":"<p>D\u00e9couvrez le summum du <b>confort et du soutien<\/b> avec notre matelas \u00e0 ressorts ensach\u00e9s. Avec <b>300 ressorts par m\u00e8tre carr\u00e9<\/b> et <b>7 zones ergonomiques<\/b>, ce matelas offre une <b>nuit de sommeil merveilleuse<\/b>. Les <b>couches de confort de 3 cm en mousse hybrid<\/b> s&#8217;adaptent parfaitement \u00e0 votre corps, tandis que la <b>housse amovible<\/b> assure un entretien facile. D\u00e9couvrez l&#8217;\u00e9quilibre parfait entre luxe, ergonomie et facilit\u00e9 avec notre matelas premium.<\/p>\n<p>Fermet\u00e9s possibles : <b>Medium &amp; firm<\/b><\/p>\n","protected":false},"excerpt":{"rendered":"<p>D\u00e9couvrez le summum du <b>confort et du soutien<\/b> avec notre matelas \u00e0 ressorts ensach\u00e9s. Avec <b>300 ressorts par m\u00e8tre carr\u00e9<\/b> et <b>7 zones ergonomiques<\/b>, ce matelas offre une <b>nuit de sommeil merveilleuse<\/b>. Les <b>couches de confort de 3 cm en mousse hybrid<\/b> s&#8217;adaptent parfaitement \u00e0 votre corps, tandis que la <b>housse amovible<\/b> assure un entretien facile. D\u00e9couvrez l&#8217;\u00e9quilibre parfait entre luxe, ergonomie et facilit\u00e9 avec notre matelas premium.<\/p>\n<p>Fermet\u00e9s possibles : <b>Medium &amp; firm<\/b><\/p>\n","protected":false},"featured_media":886530,"comment_status":"open","ping_status":"closed","template":"","meta":{"_relevanssi_hide_post":"","_relevanssi_hide_content":"","_relevanssi_pin_for_all":"","_relevanssi_pin_keywords":"","_relevanssi_unpin_keywords":"","_relevanssi_related_keywords":"","_relevanssi_related_include_ids":"","_relevanssi_related_exclude_ids":"","_relevanssi_related_no_append":"","_relevanssi_related_not_related":"","_relevanssi_related_posts":"","_relevanssi_noindex_reason":""},"product_brand":[],"product_cat":[1387],"product_tag":[],"class_list":["post-886528","product","type-product","status-publish","has-post-thumbnail","product_cat-matrassen_fr_BE","first","onbackorder","taxable","shipping-taxable","purchasable","product-type-simple"],"_links":{"self":[{"href":"https:\/\/www.moensmeubelen.be\/fr\/wp-json\/wp\/v2\/product\/886528","targetHints":{"allow":["GET"]}}],"collection":[{"href":"https:\/\/www.moensmeubelen.be\/fr\/wp-json\/wp\/v2\/product"}],"about":[{"href":"https:\/\/www.moensmeubelen.be\/fr\/wp-json\/wp\/v2\/types\/product"}],"replies":[{"embeddable":true,"href":"https:\/\/www.moensmeubelen.be\/fr\/wp-json\/wp\/v2\/comments?post=886528"}],"wp:featuredmedia":[{"embeddable":true,"href":"https:\/\/www.moensmeubelen.be\/fr\/wp-json\/wp\/v2\/media\/886530"}],"wp:attachment":[{"href":"https:\/\/www.moensmeubelen.be\/fr\/wp-json\/wp\/v2\/media?parent=886528"}],"wp:term":[{"taxonomy":"product_brand","embeddable":true,"href":"https:\/\/www.moensmeubelen.be\/fr\/wp-json\/wp\/v2\/product_brand?post=886528"},{"taxonomy":"product_cat","embeddable":true,"href":"https:\/\/www.moensmeubelen.be\/fr\/wp-json\/wp\/v2\/product_cat?post=886528"},{"taxonomy":"product_tag","embeddable":true,"href":"https:\/\/www.moensmeubelen.be\/fr\/wp-json\/wp\/v2\/product_tag?post=886528"}],"curies":[{"name":"wp","href":"https:\/\/api.w.org\/{rel}","templated":true}]}}

<p>Découvrez le summum du <b>confort et du soutien</b> avec notre matelas à ressorts ensachés. Avec <b>300 ressorts par mètre carré</b> et <b>7 zones ergonomiques</b>, ce matelas offre une <b>nuit de sommeil merveilleuse</b>. Les <b>couches de confort de 3 cm en mousse hybrid</b> s&#8217;adaptent parfaitement à votre corps, tandis que la <b>housse amovible</b> assure un entretien facile. Découvrez l&#8217;équilibre parfait entre luxe, ergonomie et facilité avec notre matelas premium.</p>
<p>Fermetés possibles : <b>Medium &amp; firm</b></p>
