{"id":886564,"date":"2026-02-07T19:25:46","date_gmt":"2026-02-07T18:25:46","guid":{"rendered":"https:\/\/www.moensmeubelen.be\/product\/revor429-fr_be\/"},"modified":"2026-02-07T19:36:05","modified_gmt":"2026-02-07T18:36:05","slug":"revor429-fr_be","status":"publish","type":"product","link":"https:\/\/www.moensmeubelen.be\/fr\/produit\/revor429-fr_be\/","title":{"rendered":"Signatur 16 Matelas"},"content":{"rendered":"<p>Signatur 16 est un <b>matelas en latex naturel Anatomic \u00e0 7 zones<\/b>, dot\u00e9 d&#8217;une zone lombaire et centrale renforc\u00e9e et de <b>canaux de ventilation suppl\u00e9mentaires<\/b> pour le climat de lit parfait. Le matelas est fini avec une <b>housse luxueuse amovible et lavable en double tissu coton<\/b> avec fermeture \u00e9clair.<\/p>\n<p>Fermet\u00e9s possibles : soft, medium &amp; firm <\/p>\n","protected":false},"excerpt":{"rendered":"<p>Signatur 16 est un <b>matelas en latex naturel Anatomic \u00e0 7 zones<\/b>, dot\u00e9 d&#8217;une zone lombaire et centrale renforc\u00e9e et de <b>canaux de ventilation suppl\u00e9mentaires<\/b> pour le climat de lit parfait. Le matelas est fini avec une <b>housse luxueuse amovible et lavable en double tissu coton<\/b> avec fermeture \u00e9clair.<\/p>\n<p>Fermet\u00e9s possibles : soft, medium &amp; firm <\/p>\n","protected":false},"featured_media":886566,"comment_status":"open","ping_status":"closed","template":"","meta":{"_relevanssi_hide_post":"","_relevanssi_hide_content":"","_relevanssi_pin_for_all":"","_relevanssi_pin_keywords":"","_relevanssi_unpin_keywords":"","_relevanssi_related_keywords":"","_relevanssi_related_include_ids":"","_relevanssi_related_exclude_ids":"","_relevanssi_related_no_append":"","_relevanssi_related_not_related":"","_relevanssi_related_posts":"","_relevanssi_noindex_reason":""},"product_brand":[],"product_cat":[1387],"product_tag":[],"class_list":["post-886564","product","type-product","status-publish","has-post-thumbnail","product_cat-matrassen_fr_BE","first","onbackorder","taxable","shipping-taxable","purchasable","product-type-simple"],"_links":{"self":[{"href":"https:\/\/www.moensmeubelen.be\/fr\/wp-json\/wp\/v2\/product\/886564","targetHints":{"allow":["GET"]}}],"collection":[{"href":"https:\/\/www.moensmeubelen.be\/fr\/wp-json\/wp\/v2\/product"}],"about":[{"href":"https:\/\/www.moensmeubelen.be\/fr\/wp-json\/wp\/v2\/types\/product"}],"replies":[{"embeddable":true,"href":"https:\/\/www.moensmeubelen.be\/fr\/wp-json\/wp\/v2\/comments?post=886564"}],"wp:featuredmedia":[{"embeddable":true,"href":"https:\/\/www.moensmeubelen.be\/fr\/wp-json\/wp\/v2\/media\/886566"}],"wp:attachment":[{"href":"https:\/\/www.moensmeubelen.be\/fr\/wp-json\/wp\/v2\/media?parent=886564"}],"wp:term":[{"taxonomy":"product_brand","embeddable":true,"href":"https:\/\/www.moensmeubelen.be\/fr\/wp-json\/wp\/v2\/product_brand?post=886564"},{"taxonomy":"product_cat","embeddable":true,"href":"https:\/\/www.moensmeubelen.be\/fr\/wp-json\/wp\/v2\/product_cat?post=886564"},{"taxonomy":"product_tag","embeddable":true,"href":"https:\/\/www.moensmeubelen.be\/fr\/wp-json\/wp\/v2\/product_tag?post=886564"}],"curies":[{"name":"wp","href":"https:\/\/api.w.org\/{rel}","templated":true}]}}

<p>Signatur 16 est un <b>matelas en latex naturel Anatomic à 7 zones</b>, doté d&#8217;une zone lombaire et centrale renforcée et de <b>canaux de ventilation supplémentaires</b> pour le climat de lit parfait. Le matelas est fini avec une <b>housse luxueuse amovible et lavable en double tissu coton</b> avec fermeture éclair.</p>
<p>Fermetés possibles : soft, medium &amp; firm </p>
