{"id":886656,"date":"2026-02-07T19:34:51","date_gmt":"2026-02-07T18:34:51","guid":{"rendered":"https:\/\/www.moensmeubelen.be\/product\/revor45-fr_be\/"},"modified":"2026-08-30T07:44:47","modified_gmt":"2026-08-30T05:44:47","slug":"revor45-fr_be","status":"publish","type":"product","link":"https:\/\/www.moensmeubelen.be\/fr\/produit\/revor45-fr_be\/","title":{"rendered":"Exclusive Couette 4 Saisons"},"content":{"rendered":"<p>Le luxe naturel rencontre la technologie innovante dans notre couette Exclusive. Fabriqu\u00e9e en 100% coton percale, elle offre une surface de sommeil douce et hypoallerg\u00e9nique, id\u00e9ale pour les personnes allergiques. Le garnissage en Microgel shortfiber assure une sensation moelleuse et confortable, tandis que la housse luxueuse ajoute de l&#8217;\u00e9l\u00e9gance \u00e0 votre chambre. Hypoallerg\u00e9nique, antibact\u00e9rienne et respirante, cette couette offre une nuit saine et confortable, encore et encore. D\u00e9couvrez l&#8217;alliance parfaite du confort et de la qualit\u00e9 avec notre couette Exclusive. Convient pour les 4 saisons.<\/p>\n","protected":false},"excerpt":{"rendered":"<p>Le luxe naturel rencontre la technologie innovante dans notre couette Exclusive. Fabriqu\u00e9e en 100% coton percale, elle offre une surface de sommeil douce et hypoallerg\u00e9nique, id\u00e9ale pour les personnes allergiques. Le garnissage en Microgel shortfiber assure une sensation moelleuse et confortable, tandis que la housse luxueuse ajoute de l&#8217;\u00e9l\u00e9gance \u00e0 votre chambre. Hypoallerg\u00e9nique, antibact\u00e9rienne et respirante, cette couette offre une nuit saine et confortable, encore et encore. D\u00e9couvrez l&#8217;alliance parfaite du confort et de la qualit\u00e9 avec notre couette Exclusive. Convient pour les 4 saisons.<\/p>\n","protected":false},"featured_media":886658,"comment_status":"open","ping_status":"closed","template":"","meta":{"_relevanssi_hide_post":"","_relevanssi_hide_content":"","_relevanssi_pin_for_all":"","_relevanssi_pin_keywords":"","_relevanssi_unpin_keywords":"","_relevanssi_related_keywords":"","_relevanssi_related_include_ids":"","_relevanssi_related_exclude_ids":"","_relevanssi_related_no_append":"","_relevanssi_related_not_related":"","_relevanssi_related_posts":"","_relevanssi_noindex_reason":""},"product_brand":[],"product_cat":[1388],"product_tag":[],"class_list":["post-886656","product","type-product","status-publish","has-post-thumbnail","product_cat-bedtextiel_fr_BE","first","onbackorder","taxable","shipping-taxable","purchasable","product-type-simple"],"_links":{"self":[{"href":"https:\/\/www.moensmeubelen.be\/fr\/wp-json\/wp\/v2\/product\/886656","targetHints":{"allow":["GET"]}}],"collection":[{"href":"https:\/\/www.moensmeubelen.be\/fr\/wp-json\/wp\/v2\/product"}],"about":[{"href":"https:\/\/www.moensmeubelen.be\/fr\/wp-json\/wp\/v2\/types\/product"}],"replies":[{"embeddable":true,"href":"https:\/\/www.moensmeubelen.be\/fr\/wp-json\/wp\/v2\/comments?post=886656"}],"wp:featuredmedia":[{"embeddable":true,"href":"https:\/\/www.moensmeubelen.be\/fr\/wp-json\/wp\/v2\/media\/886658"}],"wp:attachment":[{"href":"https:\/\/www.moensmeubelen.be\/fr\/wp-json\/wp\/v2\/media?parent=886656"}],"wp:term":[{"taxonomy":"product_brand","embeddable":true,"href":"https:\/\/www.moensmeubelen.be\/fr\/wp-json\/wp\/v2\/product_brand?post=886656"},{"taxonomy":"product_cat","embeddable":true,"href":"https:\/\/www.moensmeubelen.be\/fr\/wp-json\/wp\/v2\/product_cat?post=886656"},{"taxonomy":"product_tag","embeddable":true,"href":"https:\/\/www.moensmeubelen.be\/fr\/wp-json\/wp\/v2\/product_tag?post=886656"}],"curies":[{"name":"wp","href":"https:\/\/api.w.org\/{rel}","templated":true}]}}

<p>Le luxe naturel rencontre la technologie innovante dans notre couette Exclusive. Fabriquée en 100% coton percale, elle offre une surface de sommeil douce et hypoallergénique, idéale pour les personnes allergiques. Le garnissage en Microgel shortfiber assure une sensation moelleuse et confortable, tandis que la housse luxueuse ajoute de l&#8217;élégance à votre chambre. Hypoallergénique, antibactérienne et respirante, cette couette offre une nuit saine et confortable, encore et encore. Découvrez l&#8217;alliance parfaite du confort et de la qualité avec notre couette Exclusive. Convient pour les 4 saisons.</p>
