{"id":886716,"date":"2026-02-07T19:38:23","date_gmt":"2026-02-07T18:38:23","guid":{"rendered":"https:\/\/www.moensmeubelen.be\/product\/revor463-fr_be\/"},"modified":"2026-02-07T19:38:24","modified_gmt":"2026-02-07T18:38:24","slug":"revor463-fr_be","status":"publish","type":"product","link":"https:\/\/www.moensmeubelen.be\/fr\/produit\/revor463-fr_be\/","title":{"rendered":"Comfort 750 Visco Matelas"},"content":{"rendered":"<p>Le Comfort 750 Visco est un matelas qui vous offre un <b>soutien et un confort suppl\u00e9mentaires<\/b>. Le noyau avec <b>750 ressorts ensach\u00e9s individuellement<\/b> fait en sorte que les mouvements sur une surface de couchage sont moins perceptibles sur l&#8217;autre. La version Visco poss\u00e8de en outre des <b>propri\u00e9t\u00e9s renforc\u00e9es en termes de r\u00e9partition de la pression et de distribution uniforme du poids corporel.<\/b> La housse amovible en double tissu est matelass\u00e9e avec des ouates thermoallergiques et dispose d&#8217;une bande de ventilation 3D pour favoriser la circulation de l&#8217;air.<\/p>\n<p>Fermet\u00e9s possibles : Medium, firm &amp; extra firm<\/p>\n","protected":false},"excerpt":{"rendered":"<p>Le Comfort 750 Visco est un matelas qui vous offre un <b>soutien et un confort suppl\u00e9mentaires<\/b>. Le noyau avec <b>750 ressorts ensach\u00e9s individuellement<\/b> fait en sorte que les mouvements sur une surface de couchage sont moins perceptibles sur l&#8217;autre. La version Visco poss\u00e8de en outre des <b>propri\u00e9t\u00e9s renforc\u00e9es en termes de r\u00e9partition de la pression et de distribution uniforme du poids corporel.<\/b> La housse amovible en double tissu est matelass\u00e9e avec des ouates thermoallergiques et dispose d&#8217;une bande de ventilation 3D pour favoriser la circulation de l&#8217;air.<\/p>\n<p>Fermet\u00e9s possibles : Medium, firm &amp; extra firm<\/p>\n","protected":false},"featured_media":886718,"comment_status":"open","ping_status":"closed","template":"","meta":{"_relevanssi_hide_post":"","_relevanssi_hide_content":"","_relevanssi_pin_for_all":"","_relevanssi_pin_keywords":"","_relevanssi_unpin_keywords":"","_relevanssi_related_keywords":"","_relevanssi_related_include_ids":"","_relevanssi_related_exclude_ids":"","_relevanssi_related_no_append":"","_relevanssi_related_not_related":"","_relevanssi_related_posts":"","_relevanssi_noindex_reason":""},"product_brand":[],"product_cat":[1387],"product_tag":[],"class_list":["post-886716","product","type-product","status-publish","has-post-thumbnail","product_cat-matrassen_fr_BE","first","onbackorder","taxable","shipping-taxable","purchasable","product-type-simple"],"_links":{"self":[{"href":"https:\/\/www.moensmeubelen.be\/fr\/wp-json\/wp\/v2\/product\/886716","targetHints":{"allow":["GET"]}}],"collection":[{"href":"https:\/\/www.moensmeubelen.be\/fr\/wp-json\/wp\/v2\/product"}],"about":[{"href":"https:\/\/www.moensmeubelen.be\/fr\/wp-json\/wp\/v2\/types\/product"}],"replies":[{"embeddable":true,"href":"https:\/\/www.moensmeubelen.be\/fr\/wp-json\/wp\/v2\/comments?post=886716"}],"wp:featuredmedia":[{"embeddable":true,"href":"https:\/\/www.moensmeubelen.be\/fr\/wp-json\/wp\/v2\/media\/886718"}],"wp:attachment":[{"href":"https:\/\/www.moensmeubelen.be\/fr\/wp-json\/wp\/v2\/media?parent=886716"}],"wp:term":[{"taxonomy":"product_brand","embeddable":true,"href":"https:\/\/www.moensmeubelen.be\/fr\/wp-json\/wp\/v2\/product_brand?post=886716"},{"taxonomy":"product_cat","embeddable":true,"href":"https:\/\/www.moensmeubelen.be\/fr\/wp-json\/wp\/v2\/product_cat?post=886716"},{"taxonomy":"product_tag","embeddable":true,"href":"https:\/\/www.moensmeubelen.be\/fr\/wp-json\/wp\/v2\/product_tag?post=886716"}],"curies":[{"name":"wp","href":"https:\/\/api.w.org\/{rel}","templated":true}]}}

<p>Le Comfort 750 Visco est un matelas qui vous offre un <b>soutien et un confort supplémentaires</b>. Le noyau avec <b>750 ressorts ensachés individuellement</b> fait en sorte que les mouvements sur une surface de couchage sont moins perceptibles sur l&#8217;autre. La version Visco possède en outre des <b>propriétés renforcées en termes de répartition de la pression et de distribution uniforme du poids corporel.</b> La housse amovible en double tissu est matelassée avec des ouates thermoallergiques et dispose d&#8217;une bande de ventilation 3D pour favoriser la circulation de l&#8217;air.</p>
<p>Fermetés possibles : Medium, firm &amp; extra firm</p>
