{"id":887066,"date":"2026-02-07T20:00:47","date_gmt":"2026-02-07T19:00:47","guid":{"rendered":"https:\/\/www.moensmeubelen.be\/product\/revor56-fr_be\/"},"modified":"2026-08-30T07:44:20","modified_gmt":"2026-08-30T05:44:20","slug":"revor56-fr_be","status":"publish","type":"product","link":"https:\/\/www.moensmeubelen.be\/fr\/produit\/revor56-fr_be\/","title":{"rendered":"Protect Aegis Couette 4 Saisons"},"content":{"rendered":"<p>D\u00e9couvrez le confort ultime avec notre couette Protect Aegis. Fabriqu\u00e9e en microfibre au toucher soyeux, cette couette offre une exp\u00e9rience de sommeil luxueuse. Avec le traitement Aegis\/Intense, la couette offre une protection contre les acariens et est hypoallerg\u00e9nique, ce qui la rend id\u00e9ale pour les personnes allergiques. Le garnissage en fibres de polyester assure une sensation moelleuse tout en offrant des propri\u00e9t\u00e9s anti-stress pour un sommeil apaisant. D\u00e9couvrez une oasis de confort et de repos avec notre couette Protect Aegis. Convient \u00e0 toutes les saisons.<\/p>\n","protected":false},"excerpt":{"rendered":"<p>D\u00e9couvrez le confort ultime avec notre couette Protect Aegis. Fabriqu\u00e9e en microfibre au toucher soyeux, cette couette offre une exp\u00e9rience de sommeil luxueuse. Avec le traitement Aegis\/Intense, la couette offre une protection contre les acariens et est hypoallerg\u00e9nique, ce qui la rend id\u00e9ale pour les personnes allergiques. Le garnissage en fibres de polyester assure une sensation moelleuse tout en offrant des propri\u00e9t\u00e9s anti-stress pour un sommeil apaisant. D\u00e9couvrez une oasis de confort et de repos avec notre couette Protect Aegis. Convient \u00e0 toutes les saisons.<\/p>\n","protected":false},"featured_media":887068,"comment_status":"open","ping_status":"closed","template":"","meta":{"_relevanssi_hide_post":"","_relevanssi_hide_content":"","_relevanssi_pin_for_all":"","_relevanssi_pin_keywords":"","_relevanssi_unpin_keywords":"","_relevanssi_related_keywords":"","_relevanssi_related_include_ids":"","_relevanssi_related_exclude_ids":"","_relevanssi_related_no_append":"","_relevanssi_related_not_related":"","_relevanssi_related_posts":"","_relevanssi_noindex_reason":""},"product_brand":[],"product_cat":[1388],"product_tag":[],"class_list":["post-887066","product","type-product","status-publish","has-post-thumbnail","product_cat-bedtextiel_fr_BE","first","onbackorder","taxable","shipping-taxable","purchasable","product-type-simple"],"_links":{"self":[{"href":"https:\/\/www.moensmeubelen.be\/fr\/wp-json\/wp\/v2\/product\/887066","targetHints":{"allow":["GET"]}}],"collection":[{"href":"https:\/\/www.moensmeubelen.be\/fr\/wp-json\/wp\/v2\/product"}],"about":[{"href":"https:\/\/www.moensmeubelen.be\/fr\/wp-json\/wp\/v2\/types\/product"}],"replies":[{"embeddable":true,"href":"https:\/\/www.moensmeubelen.be\/fr\/wp-json\/wp\/v2\/comments?post=887066"}],"wp:featuredmedia":[{"embeddable":true,"href":"https:\/\/www.moensmeubelen.be\/fr\/wp-json\/wp\/v2\/media\/887068"}],"wp:attachment":[{"href":"https:\/\/www.moensmeubelen.be\/fr\/wp-json\/wp\/v2\/media?parent=887066"}],"wp:term":[{"taxonomy":"product_brand","embeddable":true,"href":"https:\/\/www.moensmeubelen.be\/fr\/wp-json\/wp\/v2\/product_brand?post=887066"},{"taxonomy":"product_cat","embeddable":true,"href":"https:\/\/www.moensmeubelen.be\/fr\/wp-json\/wp\/v2\/product_cat?post=887066"},{"taxonomy":"product_tag","embeddable":true,"href":"https:\/\/www.moensmeubelen.be\/fr\/wp-json\/wp\/v2\/product_tag?post=887066"}],"curies":[{"name":"wp","href":"https:\/\/api.w.org\/{rel}","templated":true}]}}

<p>Découvrez le confort ultime avec notre couette Protect Aegis. Fabriquée en microfibre au toucher soyeux, cette couette offre une expérience de sommeil luxueuse. Avec le traitement Aegis/Intense, la couette offre une protection contre les acariens et est hypoallergénique, ce qui la rend idéale pour les personnes allergiques. Le garnissage en fibres de polyester assure une sensation moelleuse tout en offrant des propriétés anti-stress pour un sommeil apaisant. Découvrez une oasis de confort et de repos avec notre couette Protect Aegis. Convient à toutes les saisons.</p>
