{"id":887090,"date":"2026-02-07T20:03:41","date_gmt":"2026-02-07T19:03:41","guid":{"rendered":"https:\/\/www.moensmeubelen.be\/product\/revor61-fr_be\/"},"modified":"2026-08-30T08:58:01","modified_gmt":"2026-08-30T06:58:01","slug":"revor61-fr_be","status":"publish","type":"product","link":"https:\/\/www.moensmeubelen.be\/fr\/produit\/revor61-fr_be\/","title":{"rendered":"Thermo Coolmax Couette 4 Saisons"},"content":{"rendered":"<p>D\u00e9couvrez le luxe et le confort avec notre couette Thermo Coolmax. Fabriqu\u00e9e en microfibre 100% Coolmax, elle offre un toucher soyeux. Le garnissage en fibres de polyester creuses et respirantes assure une r\u00e9gulation de l&#8217;humidit\u00e9 et des propri\u00e9t\u00e9s anti-transpiration, tout en \u00e9tant hypoallerg\u00e9nique. Avec son allure prestigieuse, notre couette Thermo Coolmax ajoute une touche d&#8217;\u00e9l\u00e9gance \u00e0 chaque chambre. Convient \u00e0 toutes les saisons.<\/p>\n","protected":false},"excerpt":{"rendered":"<p>D\u00e9couvrez le luxe et le confort avec notre couette Thermo Coolmax. Fabriqu\u00e9e en microfibre 100% Coolmax, elle offre un toucher soyeux. Le garnissage en fibres de polyester creuses et respirantes assure une r\u00e9gulation de l&#8217;humidit\u00e9 et des propri\u00e9t\u00e9s anti-transpiration, tout en \u00e9tant hypoallerg\u00e9nique. Avec son allure prestigieuse, notre couette Thermo Coolmax ajoute une touche d&#8217;\u00e9l\u00e9gance \u00e0 chaque chambre. Convient \u00e0 toutes les saisons.<\/p>\n","protected":false},"featured_media":887092,"comment_status":"open","ping_status":"closed","template":"","meta":{"_relevanssi_hide_post":"","_relevanssi_hide_content":"","_relevanssi_pin_for_all":"","_relevanssi_pin_keywords":"","_relevanssi_unpin_keywords":"","_relevanssi_related_keywords":"","_relevanssi_related_include_ids":"","_relevanssi_related_exclude_ids":"","_relevanssi_related_no_append":"","_relevanssi_related_not_related":"","_relevanssi_related_posts":"","_relevanssi_noindex_reason":""},"product_brand":[],"product_cat":[1388],"product_tag":[],"class_list":["post-887090","product","type-product","status-publish","has-post-thumbnail","product_cat-bedtextiel_fr_BE","first","onbackorder","taxable","shipping-taxable","purchasable","product-type-simple"],"_links":{"self":[{"href":"https:\/\/www.moensmeubelen.be\/fr\/wp-json\/wp\/v2\/product\/887090","targetHints":{"allow":["GET"]}}],"collection":[{"href":"https:\/\/www.moensmeubelen.be\/fr\/wp-json\/wp\/v2\/product"}],"about":[{"href":"https:\/\/www.moensmeubelen.be\/fr\/wp-json\/wp\/v2\/types\/product"}],"replies":[{"embeddable":true,"href":"https:\/\/www.moensmeubelen.be\/fr\/wp-json\/wp\/v2\/comments?post=887090"}],"wp:featuredmedia":[{"embeddable":true,"href":"https:\/\/www.moensmeubelen.be\/fr\/wp-json\/wp\/v2\/media\/887092"}],"wp:attachment":[{"href":"https:\/\/www.moensmeubelen.be\/fr\/wp-json\/wp\/v2\/media?parent=887090"}],"wp:term":[{"taxonomy":"product_brand","embeddable":true,"href":"https:\/\/www.moensmeubelen.be\/fr\/wp-json\/wp\/v2\/product_brand?post=887090"},{"taxonomy":"product_cat","embeddable":true,"href":"https:\/\/www.moensmeubelen.be\/fr\/wp-json\/wp\/v2\/product_cat?post=887090"},{"taxonomy":"product_tag","embeddable":true,"href":"https:\/\/www.moensmeubelen.be\/fr\/wp-json\/wp\/v2\/product_tag?post=887090"}],"curies":[{"name":"wp","href":"https:\/\/api.w.org\/{rel}","templated":true}]}}

<p>Découvrez le luxe et le confort avec notre couette Thermo Coolmax. Fabriquée en microfibre 100% Coolmax, elle offre un toucher soyeux. Le garnissage en fibres de polyester creuses et respirantes assure une régulation de l&#8217;humidité et des propriétés anti-transpiration, tout en étant hypoallergénique. Avec son allure prestigieuse, notre couette Thermo Coolmax ajoute une touche d&#8217;élégance à chaque chambre. Convient à toutes les saisons.</p>
