{"id":887687,"date":"2026-06-28T00:00:00","date_gmt":"2026-06-28T00:00:00","guid":{"rendered":"https:\/\/www.moensmeubelen.be\/product\/50586kie-fr_be\/"},"modified":"2026-06-28T21:47:58","modified_gmt":"2026-06-28T19:47:58","slug":"50586KIE-fr_BE","status":"publish","type":"product","link":"https:\/\/www.moensmeubelen.be\/fr\/produit\/50586KIE-fr_BE\/","title":{"rendered":"Brooks, Pouf &#8211; Tissu Vito &#8211; Caillou"},"content":{"rendered":"<p>Ce pouf\/repose-pieds \u00e9l\u00e9gant de la collection BROOKS apporte une touche suppl\u00e9mentaire de confort et de style \u00e0 ton int\u00e9rieur. Gr\u00e2ce \u00e0 son design doux d\u2019inspiration scandinave, il est id\u00e9al comme assise d\u2019appoint ou comme repose-pieds confortable. Le pouf est habill\u00e9 du tissu VITO pebble, une teinte neutre et intemporelle facile \u00e0 associer. Avec une hauteur de pieds de 17 cm, son design para\u00eet \u00e0 la fois l\u00e9ger et compact. Comment vas-tu utiliser ce pouf ?<\/p>\n","protected":false},"excerpt":{"rendered":"<p>Brooks, Pouf &#8211; Tissu Vito &#8211; Caillou<\/p>\n","protected":false},"featured_media":1004442,"comment_status":"open","ping_status":"open","template":"","meta":{"_relevanssi_hide_post":"","_relevanssi_hide_content":"","_relevanssi_pin_for_all":"","_relevanssi_pin_keywords":"","_relevanssi_unpin_keywords":"","_relevanssi_related_keywords":"","_relevanssi_related_include_ids":"","_relevanssi_related_exclude_ids":"","_relevanssi_related_no_append":"","_relevanssi_related_not_related":"","_relevanssi_related_posts":"","_relevanssi_noindex_reason":""},"product_brand":[],"product_cat":[1329],"product_tag":[],"class_list":["post-887687","product","type-product","status-publish","has-post-thumbnail","product_cat-poefs_fr_BE","first","onbackorder","taxable","shipping-taxable","purchasable","product-type-simple"],"_links":{"self":[{"href":"https:\/\/www.moensmeubelen.be\/fr\/wp-json\/wp\/v2\/product\/887687","targetHints":{"allow":["GET"]}}],"collection":[{"href":"https:\/\/www.moensmeubelen.be\/fr\/wp-json\/wp\/v2\/product"}],"about":[{"href":"https:\/\/www.moensmeubelen.be\/fr\/wp-json\/wp\/v2\/types\/product"}],"replies":[{"embeddable":true,"href":"https:\/\/www.moensmeubelen.be\/fr\/wp-json\/wp\/v2\/comments?post=887687"}],"wp:featuredmedia":[{"embeddable":true,"href":"https:\/\/www.moensmeubelen.be\/fr\/wp-json\/wp\/v2\/media\/1004442"}],"wp:attachment":[{"href":"https:\/\/www.moensmeubelen.be\/fr\/wp-json\/wp\/v2\/media?parent=887687"}],"wp:term":[{"taxonomy":"product_brand","embeddable":true,"href":"https:\/\/www.moensmeubelen.be\/fr\/wp-json\/wp\/v2\/product_brand?post=887687"},{"taxonomy":"product_cat","embeddable":true,"href":"https:\/\/www.moensmeubelen.be\/fr\/wp-json\/wp\/v2\/product_cat?post=887687"},{"taxonomy":"product_tag","embeddable":true,"href":"https:\/\/www.moensmeubelen.be\/fr\/wp-json\/wp\/v2\/product_tag?post=887687"}],"curies":[{"name":"wp","href":"https:\/\/api.w.org\/{rel}","templated":true}]}}

<p>Ce pouf/repose-pieds élégant de la collection BROOKS apporte une touche supplémentaire de confort et de style à ton intérieur. Grâce à son design doux d’inspiration scandinave, il est idéal comme assise d’appoint ou comme repose-pieds confortable. Le pouf est habillé du tissu VITO pebble, une teinte neutre et intemporelle facile à associer. Avec une hauteur de pieds de 17 cm, son design paraît à la fois léger et compact. Comment vas-tu utiliser ce pouf ?</p>
