{"id":887705,"date":"2026-06-28T00:00:00","date_gmt":"2026-06-28T00:00:00","guid":{"rendered":"https:\/\/www.moensmeubelen.be\/product\/50588kie-fr_be\/"},"modified":"2026-06-28T21:48:13","modified_gmt":"2026-06-28T19:48:13","slug":"50588KIE-fr_BE","status":"publish","type":"product","link":"https:\/\/www.moensmeubelen.be\/fr\/produit\/50588KIE-fr_BE\/","title":{"rendered":"Brooks, Canap\u00e9 2,5 places &#8211; Tissu Vito &#8211; Caillou"},"content":{"rendered":"<p>Cette combinaison en stock du canap\u00e9 design BROOKS 2,5 places associe une allure \u00e9l\u00e9gante \u00e0 des lignes douces et organiques. Les formes arrondies, le dossier bas et les coussins tendus sans capitonnage conf\u00e8rent au canap\u00e9 un look calme et contemporain. La finition en tissu VITO pebble, combin\u00e9e aux ressorts ensach\u00e9s et aux pieds de 17 cm, garantit un confort d\u2019assise agr\u00e9able et un caract\u00e8re l\u00e9ger et raffin\u00e9.<\/p>\n","protected":false},"excerpt":{"rendered":"<p>Brooks, Canap\u00e9 2,5 places &#8211; Tissu Vito &#8211; Caillou &#8211; Confort d\\&#8217;assise avec ressorts ensach\u00e9s, Canap\u00e9 organique aux formes rondes<\/p>\n","protected":false},"featured_media":1004450,"comment_status":"open","ping_status":"open","template":"","meta":{"_relevanssi_hide_post":"","_relevanssi_hide_content":"","_relevanssi_pin_for_all":"","_relevanssi_pin_keywords":"","_relevanssi_unpin_keywords":"","_relevanssi_related_keywords":"","_relevanssi_related_include_ids":"","_relevanssi_related_exclude_ids":"","_relevanssi_related_no_append":"","_relevanssi_related_not_related":"","_relevanssi_related_posts":"","_relevanssi_noindex_reason":""},"product_brand":[],"product_cat":[5647],"product_tag":[],"class_list":["post-887705","product","type-product","status-publish","has-post-thumbnail","product_cat-zetels_l2_fr_BE","first","onbackorder","taxable","shipping-taxable","purchasable","product-type-simple"],"_links":{"self":[{"href":"https:\/\/www.moensmeubelen.be\/fr\/wp-json\/wp\/v2\/product\/887705","targetHints":{"allow":["GET"]}}],"collection":[{"href":"https:\/\/www.moensmeubelen.be\/fr\/wp-json\/wp\/v2\/product"}],"about":[{"href":"https:\/\/www.moensmeubelen.be\/fr\/wp-json\/wp\/v2\/types\/product"}],"replies":[{"embeddable":true,"href":"https:\/\/www.moensmeubelen.be\/fr\/wp-json\/wp\/v2\/comments?post=887705"}],"wp:featuredmedia":[{"embeddable":true,"href":"https:\/\/www.moensmeubelen.be\/fr\/wp-json\/wp\/v2\/media\/1004450"}],"wp:attachment":[{"href":"https:\/\/www.moensmeubelen.be\/fr\/wp-json\/wp\/v2\/media?parent=887705"}],"wp:term":[{"taxonomy":"product_brand","embeddable":true,"href":"https:\/\/www.moensmeubelen.be\/fr\/wp-json\/wp\/v2\/product_brand?post=887705"},{"taxonomy":"product_cat","embeddable":true,"href":"https:\/\/www.moensmeubelen.be\/fr\/wp-json\/wp\/v2\/product_cat?post=887705"},{"taxonomy":"product_tag","embeddable":true,"href":"https:\/\/www.moensmeubelen.be\/fr\/wp-json\/wp\/v2\/product_tag?post=887705"}],"curies":[{"name":"wp","href":"https:\/\/api.w.org\/{rel}","templated":true}]}}

Brooks, Canapé 2,5 places &#8211; Tissu Vito &#8211; Caillou

<p>Cette combinaison en stock du canapé design BROOKS 2,5 places associe une allure élégante à des lignes douces et organiques. Les formes arrondies, le dossier bas et les coussins tendus sans capitonnage confèrent au canapé un look calme et contemporain. La finition en tissu VITO pebble, combinée aux ressorts ensachés et aux pieds de 17 cm, garantit un confort d’assise agréable et un caractère léger et raffiné.</p>

<p>Brooks, Canapé 2,5 places &#8211; Tissu Vito &#8211; Caillou &#8211; Confort d\&#8217;assise avec ressorts ensachés, Canapé organique aux formes rondes</p>
