{"id":900757,"date":"2026-06-28T00:00:00","date_gmt":"2026-06-28T00:00:00","guid":{"rendered":"https:\/\/www.moensmeubelen.be\/product\/56855stb-fr_be\/"},"modified":"2026-06-29T00:40:51","modified_gmt":"2026-06-28T22:40:51","slug":"56855STB-fr_BE","status":"publish","type":"product","link":"https:\/\/www.moensmeubelen.be\/fr\/produit\/56855STB-fr_BE\/","title":{"rendered":"Arvada, Table \u00e0 manger 160 x 100 cm, ovale, 4 pieds &#8211; Steel Brown"},"content":{"rendered":"<p>Avec son plateau ovale de 160 x 100 cm, la table ARVADA est un choix pratique pour les espaces plus restreints. Le plateau en ch\u00eane massif laqu\u00e9 coloris natural repose sur un pi\u00e9tement m\u00e9tallique 4 pieds tendance en coloris steelbrown, \u00e9galement disponible dans les coloris off-black, graphite et cr\u00e8me.<\/p>\n","protected":false},"excerpt":{"rendered":"<p>Arvada, Table \u00e0 manger 160 x 100 cm, ovale, 4 pieds &#8211; Steel Brown<\/p>\n","protected":false},"featured_media":1012838,"comment_status":"open","ping_status":"open","template":"","meta":{"_relevanssi_hide_post":"","_relevanssi_hide_content":"","_relevanssi_pin_for_all":"","_relevanssi_pin_keywords":"","_relevanssi_unpin_keywords":"","_relevanssi_related_keywords":"","_relevanssi_related_include_ids":"","_relevanssi_related_exclude_ids":"","_relevanssi_related_no_append":"","_relevanssi_related_not_related":"","_relevanssi_related_posts":"","_relevanssi_noindex_reason":""},"product_brand":[],"product_cat":[1315],"product_tag":[],"class_list":["post-900757","product","type-product","status-publish","has-post-thumbnail","product_cat-eettafels_fr_BE","first","onbackorder","sale","taxable","shipping-taxable","purchasable","product-type-simple"],"_links":{"self":[{"href":"https:\/\/www.moensmeubelen.be\/fr\/wp-json\/wp\/v2\/product\/900757","targetHints":{"allow":["GET"]}}],"collection":[{"href":"https:\/\/www.moensmeubelen.be\/fr\/wp-json\/wp\/v2\/product"}],"about":[{"href":"https:\/\/www.moensmeubelen.be\/fr\/wp-json\/wp\/v2\/types\/product"}],"replies":[{"embeddable":true,"href":"https:\/\/www.moensmeubelen.be\/fr\/wp-json\/wp\/v2\/comments?post=900757"}],"wp:featuredmedia":[{"embeddable":true,"href":"https:\/\/www.moensmeubelen.be\/fr\/wp-json\/wp\/v2\/media\/1012838"}],"wp:attachment":[{"href":"https:\/\/www.moensmeubelen.be\/fr\/wp-json\/wp\/v2\/media?parent=900757"}],"wp:term":[{"taxonomy":"product_brand","embeddable":true,"href":"https:\/\/www.moensmeubelen.be\/fr\/wp-json\/wp\/v2\/product_brand?post=900757"},{"taxonomy":"product_cat","embeddable":true,"href":"https:\/\/www.moensmeubelen.be\/fr\/wp-json\/wp\/v2\/product_cat?post=900757"},{"taxonomy":"product_tag","embeddable":true,"href":"https:\/\/www.moensmeubelen.be\/fr\/wp-json\/wp\/v2\/product_tag?post=900757"}],"curies":[{"name":"wp","href":"https:\/\/api.w.org\/{rel}","templated":true}]}}

Arvada, Table à manger 160 x 100 cm, ovale, 4 pieds &#8211; Steel Brown

<p>Avec son plateau ovale de 160 x 100 cm, la table ARVADA est un choix pratique pour les espaces plus restreints. Le plateau en chêne massif laqué coloris natural repose sur un piétement métallique 4 pieds tendance en coloris steelbrown, également disponible dans les coloris off-black, graphite et crème.</p>

<p>Arvada, Table à manger 160 x 100 cm, ovale, 4 pieds &#8211; Steel Brown</p>
